

{"id":2220,"date":"2021-04-23T11:30:20","date_gmt":"2021-03-09T14:56:21","guid":{"rendered":"http:\/\/mrplwpw.cluster030.hosting.ovh.net\/?post_type=product&#038;p=2220"},"modified":"2023-02-07T18:14:38","modified_gmt":"2023-02-07T17:14:38","slug":"andre-barelier-the-great-workshop-copie","status":"publish","type":"product","link":"https:\/\/www.gabrielle-laroche.com\/en\/product\/andre-barelier-the-great-workshop-copie\/","title":{"rendered":"R\u00dcHLE R\u00dcTJER &#8211; Los Canteras"},"content":{"rendered":"<div class=\"wpb-content-wrapper\"><p>[vc_row][vc_column width=&#8221;1\/2&#8243;][vc_column_text]<\/p>\n<p class=\"p1\" style=\"text-align: justify;\"><strong>R\u00dcHLE R\u00dcTJER<\/strong><\/p>\n<p>Abstract expressionist painter, mannerist tendency<\/p>\n<p>His Andalusian experience taught him to break with the traditional techniques and materials of painting. He then used his fingers to spread the color or used various matrices: doors, shutters, fragments of wood, more recently marble slabs and tree trunks cut in width.<\/p>\n<p>The material of his works is scratched, brewed in a whirlwind of color, punctuated by contrary movements from which are born in large formats, landscapes or at least a feeling of nature.<\/p>\n<p>Extract from B\u00e9n\u00e9zit, dictionary of painters, sculptors, designers and engravers, Gr\u00fcnd, 1999<\/p>\n<p>The Center Georges Pompidou Museum of Modern Art has on deposit a work purchased by friends of the museum in 1983: painting n\u00b066, 1983, 202 x 259 cm.<\/p>\n<p class=\"p1\" style=\"text-align: justify;\"><span class=\"s1\">\u00a0<\/span><\/p>\n<p class=\"p1\" style=\"text-align: justify;\"><strong><span class=\"s2\">Biography<\/span><\/strong><\/p>\n<p>Born in 1939 in Danzig, Poland. Naturalized French since 1987.<\/p>\n<p>From 1995 to 1963, he was a pupil of Christian Klaiber, himself a pupil of Matisse and L\u00e9ger in Paris. At the same time, he studied history, philosophy and art history at the University of Erlangen \u2013 Nuremberg.<\/p>\n<p>Between 1959 and 196 he made copies at the Nuremberg Museum of works by Konrad Witz, Rembrandt and D\u00fcrer.<\/p>\n<p>Travels in Italy, Scandinavia, Greece, England, Austria, Switzerland, Spain, Holland and France.<\/p>\n<p>From 1963 to 1966 he studied at the Academy of Fine Arts in West Berlin.<\/p>\n<p>From 1966 to 1969, he lived in the bay of Alpujarra in Andalusia.<\/p>\n<p>He paints landscapes whose inspiration comes to him from erosion, volcanoes, deserts&#8230;<\/p>\n<p>In his work, he plays with various materials: earth, sand, straw&#8230;<\/p>\n<p>Since 1975, he has lived, worked and painted in Paris.<\/p>\n<p>In 1978, he traveled to Argentina.<\/p>\n<p>In 1975, he acquired a second workshop in Alpujarra in Andalusia.<\/p>\n<p>In 1984, he married Amina Nabil, a native of Morocco from Meknes.<\/p>\n<p>He makes frequent visits to this country.<\/p>\n<p>In 1992, birth of his son Najm-Nathan.<\/p>\n<p>Since 1997, he has been working on books painted in relation to the poetry of Paul Celan and researching the resonances between poetry and painting.<\/p>\n<p>&nbsp;<\/p>\n<p><strong>Personal exhibitions<\/strong><\/p>\n<p>\u2022 Kunstmuseum Liechtenstein, Vaduz<\/p>\n<p>\u2022 Krings-Ernst Gallery, K\u00f6ln<\/p>\n<p>\u2022 Kicken-Pausebach Gallery, K\u00f6ln\u2022 AK Gallery, Frankfurt (Text Friedmann Malsch, Kunstforum)<\/p>\n<p>\u2022 Stadler Gallery, Paris, regular exhibitions (Text Marcelin Pleynet, Text France Huser, Nouvel Observateur )<span class=\"Apple-converted-space\">\u00a0<\/span><\/p>\n<p>\u2022 Cluny Gallery, Cluny<\/p>\n<p>\u2022 Galerie M\u00e9diane, Paris\u2022 St\u00e4dische Galerie Erlangen Kulturverein<\/p>\n<p>\u2022 Franco-American Institute, Rennes (Preface Jean-Louis Pradel)<\/p>\n<p>\u2022 Besan\u00e7on Cultural Center<\/p>\n<p>\u2022 French Institute &amp; Heinrich Heine House, D\u00fcsseldorf \u201cResonanz\u201d (Paul Celan)<span class=\"Apple-converted-space\">\u00a0<\/span><\/p>\n<p>\u2022 Ermita San Anton, Spain<span class=\"Apple-converted-space\">\u00a0<\/span><\/p>\n<p>\u2022 INSEAD, Fontainebleau (Text Henry Sylvestre) \u2022 Galerie L, Saint-Etienne<\/p>\n<p>&nbsp;<\/p>\n<p><strong>Collective Exhibitions<\/strong><\/p>\n<p>\u2022 &#8220;Arte e Storia in Francia&#8221;, Palazzo Reale, G\u00eanes<\/p>\n<p>\u2022 &#8220;Vingt ans de peinture en France&#8221;, Mainz, T\u00fcbingen, Berlin, Luxemburg<\/p>\n<p>\u2022 &#8220;Peinture, l&#8217;autre nouvelle g\u00e9neration&#8221;, Grand Palais, Paris<\/p>\n<p>\u2022 &#8220;Franck Konst en Ny G\u00e9n\u00e9ration&#8221; Stockholm<\/p>\n<p>\u2022 &#8220;Le style et le Chaos&#8221;, Mus\u00e9e du Luxemburg, Paris<\/p>\n<p>\u2022 &#8220;Geschichte als Widerstand&#8221;, Bremen, Karlsruhe, D\u00fcsseldorf<\/p>\n<p>\u2022 &#8220;FIAC&#8221;, Stand Galerie Stadler, Paris<\/p>\n<p>\u2022 &#8220;Nouvelles acquisitions&#8221;, Mus\u00e9e d&#8217;Art Moderne Centre Georges Pompidou, Paris<\/p>\n<p>\u2022 &#8220;Am\u00e9rique, Allemagne, France&#8221;, Galerie Krings-Ernst, K\u00f6ln<\/p>\n<p>\u2022 &#8220;L&#8217;art dans l&#8217;Usine&#8221;, Collection Peter Stuyvesant, Institut N\u00e9erlandais, Paris<\/p>\n<p>\u2022 &#8220;Peinture Fran\u00e7aise&#8221;, Collection Ludwig, Koblenz, B\u00fcren, Hannover, Budapest<\/p>\n<p>\u2022 Institut Fran\u00e7ais, K\u00f6ln<\/p>\n<p>\u2022 Foire de K\u00f6ln, Galerie AK<\/p>\n<p>\u2022 Foire de B\u00e2le, Galerie Kicken-Pausebach<\/p>\n<p>\u2022 &#8220;21 artistes allemands&#8221;, Mus\u00e9e du Luxemburg, Paris<\/p>\n<p>\u2022 &#8220;Une collection pour la Grande Arche&#8221;, Paris La D\u00e9fense<\/p>\n<p>\u2022 &#8220;Art Frankfurt, Galerie AK<\/p>\n<p>\u2022 &#8220;Die Farbe (rot) hat mich&#8221;,Karl-Ernst-Osthaus-Museum, Hagen<\/p>\n<p>\u2022 \u00abVeronika and Peter Monauni Collection\u00bb Kunstmuseum Liechtenstein<\/p>\n<p>\u2022 &#8220;Nice to See You! 160 Works from the Collection&#8221;, Kunstmuseum Liechtenstein, Vaduz \u2022 Mezzanin-Stiftung, Kunstmuseum Liechtenstein, Vaduz<\/p>\n<p>\u2022 Mezzanin\u00ae-Stiftung, Art Bodensee 2015<\/p>\n<p>\u2022 \u00abWunde n\u00bb, Kunstmuseum Appenzell, 2016 &#8211; 2017<\/p>\n<p>\u2022 Die Frick Collektion, Palais Liechtenstein, 2017[\/vc_column_text][\/vc_column][vc_column width=&#8221;1\/2&#8243;][\/vc_column][\/vc_row]<\/p>\n<\/div>","protected":false},"excerpt":{"rendered":"<h4>R\u00dcHLE R\u00dcTJER<\/h4>\n<h4><em>Los Canteras<\/em><\/h4>\n<p>&nbsp;<\/p>\n<p class=\"p1\"><span class=\"s1\">1989-1990<\/span><\/p>\n<p class=\"p1\"><span class=\"s1\">Oil on canvas, sand and earth<\/span><\/p>\n<p class=\"p1\"><span class=\"s1\">Annotated back \u00ab\u00a0Los Canteras\u00a0\u00bb 1989, Vincennes 1990 &#8211;\u00a0N\u00a0: 90\/7<\/span><\/p>\n<p>&nbsp;<\/p>\n<p class=\"p1\"><span class=\"s1\">Height\u00a0: 200 cm<\/span><\/p>\n<p class=\"p1\"><span class=\"s1\">Widht\u00a0: 328 cm<\/span><\/p>\n<p class=\"p1\"><span class=\"s1\">Depth\u00a0: 5 cm<\/span><\/p>\n<p>&nbsp;<\/p>\n<p class=\"p1\"><span class=\"s1\">This work is number 7. Begun in Spain in 1989 it was\u00a0completed in the workshop at Vincennes in 1990.\u00a0<\/span><\/p>\n<p class=\"p1\"><span class=\"s1\">Despite\u00a0its number, it\u2019s not a series. Each painting is unique. This\u00a0is related to the cosmic theme of the alternation of day and\u00a0night (Cf. catalog<em> Tag und Nacht<\/em>, Erlangen 1991).<\/span><\/p>\n<p class=\"p1\"><span class=\"s1\">This painting is marked, according R\u00fchle ,of the southern light.<\/span><\/p>\n<p class=\"p1\"><span class=\"s1\">\u00a0<\/span><\/p>\n<p class=\"p1\"><span class=\"s1\">\u00a0<\/span><\/p>\n<h4 class=\"p1\"><span style=\"font-weight: normal;\">[dt_button size=\"small\" style=\"default\" animation=\"none\" color_mode=\"default\" icon=\"\" icon_align=\"left\" color=\"\" link=\"mailto:gabrielle-laroche@wanadoo.fr?subject=79_R\u00dcHLE R\u00dcTJER - Los Canteras\" target_blank=\"true\"]REQUEST FOR INFORMATION[\/dt_button]<\/span><\/h4>\n<p>&nbsp;<\/p>\n<p><a href=\"\/en\/contemporains\/\">Back to contemporary<\/a><\/p>\n","protected":false},"featured_media":2222,"template":"","meta":[],"product_brand":[],"product_cat":[46],"product_tag":[],"class_list":{"0":"post-2220","1":"product","2":"type-product","3":"status-publish","4":"has-post-thumbnail","6":"product_cat-contemporary","7":"description-off","9":"first","10":"instock","11":"shipping-taxable","12":"product-type-simple"},"aioseo_notices":[],"_links":{"self":[{"href":"https:\/\/www.gabrielle-laroche.com\/en\/wp-json\/wp\/v2\/product\/2220","targetHints":{"allow":["GET"]}}],"collection":[{"href":"https:\/\/www.gabrielle-laroche.com\/en\/wp-json\/wp\/v2\/product"}],"about":[{"href":"https:\/\/www.gabrielle-laroche.com\/en\/wp-json\/wp\/v2\/types\/product"}],"wp:featuredmedia":[{"embeddable":true,"href":"https:\/\/www.gabrielle-laroche.com\/en\/wp-json\/wp\/v2\/media\/2222"}],"wp:attachment":[{"href":"https:\/\/www.gabrielle-laroche.com\/en\/wp-json\/wp\/v2\/media?parent=2220"}],"wp:term":[{"taxonomy":"product_brand","embeddable":true,"href":"https:\/\/www.gabrielle-laroche.com\/en\/wp-json\/wp\/v2\/product_brand?post=2220"},{"taxonomy":"product_cat","embeddable":true,"href":"https:\/\/www.gabrielle-laroche.com\/en\/wp-json\/wp\/v2\/product_cat?post=2220"},{"taxonomy":"product_tag","embeddable":true,"href":"https:\/\/www.gabrielle-laroche.com\/en\/wp-json\/wp\/v2\/product_tag?post=2220"}],"curies":[{"name":"wp","href":"https:\/\/api.w.org\/{rel}","templated":true}]}}

RÜHLE RÜTJER &#8211; Los Canteras

<div class="wpb-content-wrapper"><p>[vc_row][vc_column width=&#8221;1/2&#8243;][vc_column_text]</p>
<p class="p1" style="text-align: justify;"><strong>RÜHLE RÜTJER</strong></p>
<p>Abstract expressionist painter, mannerist tendency</p>
<p>His Andalusian experience taught him to break with the traditional techniques and materials of painting. He then used his fingers to spread the color or used various matrices: doors, shutters, fragments of wood, more recently marble slabs and tree trunks cut in width.</p>
<p>The material of his works is scratched, brewed in a whirlwind of color, punctuated by contrary movements from which are born in large formats, landscapes or at least a feeling of nature.</p>
<p>Extract from Bénézit, dictionary of painters, sculptors, designers and engravers, Gründ, 1999</p>
<p>The Center Georges Pompidou Museum of Modern Art has on deposit a work purchased by friends of the museum in 1983: painting n°66, 1983, 202 x 259 cm.</p>
<p class="p1" style="text-align: justify;"><span class="s1"> </span></p>
<p class="p1" style="text-align: justify;"><strong><span class="s2">Biography</span></strong></p>
<p>Born in 1939 in Danzig, Poland. Naturalized French since 1987.</p>
<p>From 1995 to 1963, he was a pupil of Christian Klaiber, himself a pupil of Matisse and Léger in Paris. At the same time, he studied history, philosophy and art history at the University of Erlangen – Nuremberg.</p>
<p>Between 1959 and 196 he made copies at the Nuremberg Museum of works by Konrad Witz, Rembrandt and Dürer.</p>
<p>Travels in Italy, Scandinavia, Greece, England, Austria, Switzerland, Spain, Holland and France.</p>
<p>From 1963 to 1966 he studied at the Academy of Fine Arts in West Berlin.</p>
<p>From 1966 to 1969, he lived in the bay of Alpujarra in Andalusia.</p>
<p>He paints landscapes whose inspiration comes to him from erosion, volcanoes, deserts&#8230;</p>
<p>In his work, he plays with various materials: earth, sand, straw&#8230;</p>
<p>Since 1975, he has lived, worked and painted in Paris.</p>
<p>In 1978, he traveled to Argentina.</p>
<p>In 1975, he acquired a second workshop in Alpujarra in Andalusia.</p>
<p>In 1984, he married Amina Nabil, a native of Morocco from Meknes.</p>
<p>He makes frequent visits to this country.</p>
<p>In 1992, birth of his son Najm-Nathan.</p>
<p>Since 1997, he has been working on books painted in relation to the poetry of Paul Celan and researching the resonances between poetry and painting.</p>
<p>&nbsp;</p>
<p><strong>Personal exhibitions</strong></p>
<p>• Kunstmuseum Liechtenstein, Vaduz</p>
<p>• Krings-Ernst Gallery, Köln</p>
<p>• Kicken-Pausebach Gallery, Köln• AK Gallery, Frankfurt (Text Friedmann Malsch, Kunstforum)</p>
<p>• Stadler Gallery, Paris, regular exhibitions (Text Marcelin Pleynet, Text France Huser, Nouvel Observateur )<span class="Apple-converted-space"> </span></p>
<p>• Cluny Gallery, Cluny</p>
<p>• Galerie Médiane, Paris• Städische Galerie Erlangen Kulturverein</p>
<p>• Franco-American Institute, Rennes (Preface Jean-Louis Pradel)</p>
<p>• Besançon Cultural Center</p>
<p>• French Institute &amp; Heinrich Heine House, Düsseldorf “Resonanz” (Paul Celan)<span class="Apple-converted-space"> </span></p>
<p>• Ermita San Anton, Spain<span class="Apple-converted-space"> </span></p>
<p>• INSEAD, Fontainebleau (Text Henry Sylvestre) • Galerie L, Saint-Etienne</p>
<p>&nbsp;</p>
<p><strong>Collective Exhibitions</strong></p>
<p>• &#8220;Arte e Storia in Francia&#8221;, Palazzo Reale, Gênes</p>
<p>• &#8220;Vingt ans de peinture en France&#8221;, Mainz, Tübingen, Berlin, Luxemburg</p>
<p>• &#8220;Peinture, l&#8217;autre nouvelle géneration&#8221;, Grand Palais, Paris</p>
<p>• &#8220;Franck Konst en Ny Génération&#8221; Stockholm</p>
<p>• &#8220;Le style et le Chaos&#8221;, Musée du Luxemburg, Paris</p>
<p>• &#8220;Geschichte als Widerstand&#8221;, Bremen, Karlsruhe, Düsseldorf</p>
<p>• &#8220;FIAC&#8221;, Stand Galerie Stadler, Paris</p>
<p>• &#8220;Nouvelles acquisitions&#8221;, Musée d&#8217;Art Moderne Centre Georges Pompidou, Paris</p>
<p>• &#8220;Amérique, Allemagne, France&#8221;, Galerie Krings-Ernst, Köln</p>
<p>• &#8220;L&#8217;art dans l&#8217;Usine&#8221;, Collection Peter Stuyvesant, Institut Néerlandais, Paris</p>
<p>• &#8220;Peinture Française&#8221;, Collection Ludwig, Koblenz, Büren, Hannover, Budapest</p>
<p>• Institut Français, Köln</p>
<p>• Foire de Köln, Galerie AK</p>
<p>• Foire de Bâle, Galerie Kicken-Pausebach</p>
<p>• &#8220;21 artistes allemands&#8221;, Musée du Luxemburg, Paris</p>
<p>• &#8220;Une collection pour la Grande Arche&#8221;, Paris La Défense</p>
<p>• &#8220;Art Frankfurt, Galerie AK</p>
<p>• &#8220;Die Farbe (rot) hat mich&#8221;,Karl-Ernst-Osthaus-Museum, Hagen</p>
<p>• «Veronika and Peter Monauni Collection» Kunstmuseum Liechtenstein</p>
<p>• &#8220;Nice to See You! 160 Works from the Collection&#8221;, Kunstmuseum Liechtenstein, Vaduz • Mezzanin-Stiftung, Kunstmuseum Liechtenstein, Vaduz</p>
<p>• Mezzanin®-Stiftung, Art Bodensee 2015</p>
<p>• «Wunde n», Kunstmuseum Appenzell, 2016 &#8211; 2017</p>
<p>• Die Frick Collektion, Palais Liechtenstein, 2017[/vc_column_text][/vc_column][vc_column width=&#8221;1/2&#8243;][/vc_column][/vc_row]</p>
</div>

<h4>RÜHLE RÜTJER</h4>
<h4><em>Los Canteras</em></h4>
<p>&nbsp;</p>
<p class="p1"><span class="s1">1989-1990</span></p>
<p class="p1"><span class="s1">Oil on canvas, sand and earth</span></p>
<p class="p1"><span class="s1">Annotated back « Los Canteras » 1989, Vincennes 1990 &#8211; N : 90/7</span></p>
<p>&nbsp;</p>
<p class="p1"><span class="s1">Height : 200 cm</span></p>
<p class="p1"><span class="s1">Widht : 328 cm</span></p>
<p class="p1"><span class="s1">Depth : 5 cm</span></p>
<p>&nbsp;</p>
<p class="p1"><span class="s1">This work is number 7. Begun in Spain in 1989 it was completed in the workshop at Vincennes in 1990. </span></p>
<p class="p1"><span class="s1">Despite its number, it’s not a series. Each painting is unique. This is related to the cosmic theme of the alternation of day and night (Cf. catalog<em> Tag und Nacht</em>, Erlangen 1991).</span></p>
<p class="p1"><span class="s1">This painting is marked, according Rühle ,of the southern light.</span></p>
<p class="p1"><span class="s1"> </span></p>
<p class="p1"><span class="s1"> </span></p>
<h4 class="p1"><span style="font-weight: normal;">[dt_button size="small" style="default" animation="none" color_mode="default" icon="" icon_align="left" color="" link="mailto:gabrielle-laroche@wanadoo.fr?subject=79_RÜHLE RÜTJER - Los Canteras" target_blank="true"]REQUEST FOR INFORMATION[/dt_button]</span></h4>
<p>&nbsp;</p>
<p><a href="/en/contemporains/">Back to contemporary</a></p>
