

{"id":3303,"date":"2021-04-23T10:00:46","date_gmt":"2021-03-19T12:38:47","guid":{"rendered":"http:\/\/mrplwpw.cluster030.hosting.ovh.net\/?post_type=product&#038;p=3303"},"modified":"2025-04-01T18:20:53","modified_gmt":"2025-04-01T16:20:53","slug":"dariusz-zielisk-memory-keepers-copie","status":"publish","type":"product","link":"https:\/\/www.gabrielle-laroche.com\/en\/product\/dariusz-zielisk-memory-keepers-copie\/","title":{"rendered":"FRANCE SIPTROTT &#8211; We will not grow old together"},"content":{"rendered":"<div class=\"wpb-content-wrapper\"><p>[vc_row][vc_column width=&#8221;1\/2&#8243;][vc_column_text]<\/p>\n<p class=\"p1\"><span class=\"s1\"><b>Exhibitions<\/b><\/span><\/p>\n<p class=\"p1\"><span class=\"s1\">Art Basel<\/span><\/p>\n<p class=\"p1\"><span class=\"s1\">\u00a0FIAC Paris<\/span><\/p>\n<p class=\"p1\"><span class=\"s1\">Lineart Gand<\/span><\/p>\n<p class=\"p1\"><span class=\"s1\">I.G.I. New York<\/span><\/p>\n<p class=\"p1\"><span class=\"s1\">\u00a0<\/span><\/p>\n<p class=\"p1\"><span class=\"s1\"><b>Artworks from public places<\/b><\/span><\/p>\n<p class=\"p1\"><span class=\"s1\"><b>&#8220;Fontaine de Scylla&#8221;,\u00a0<\/b>palais des Congr\u00e8s, Strasbourg<\/span><\/p>\n<p class=\"p1\"><span class=\"s1\"><b>&#8220;Les Hommes de la Cit\u00e9\u00a0\u00bb,\u00a0<\/b>\u0153uvre \u00e0 l&#8217;Esplanade de la D\u00e9fense, Paris<\/span><\/p>\n<p class=\"p1\"><span class=\"s1\"><b>&#8220;Saint Corbinien\u00a0\u00bb,\u00a0<\/b>Saint tut\u00e9laire de la<b>\u00a0<\/b>\u00a0cath\u00e9drale d&#8217;Evry<\/span><\/p>\n<p class=\"p1\"><span class=\"s1\"><b>&#8220;Les trois gr\u00e2ces\u00a0\u00bb,<\/b>\u00a0Ambassade de France \u00e0 Konakry<\/span><\/p>\n<p class=\"p1\"><span class=\"s1\"><b>&#8220;Mignonne allons voir\u00a0\u00bb,<\/b>\u00a0Aire d&#8217;autoroute A4<\/span><\/p>\n<p class=\"p1\"><span class=\"s1\"><b>&#8220;Les g\u00e9nies du m\u00e9tropolitain<\/b>&#8220;, Station R.A.T.P. Esplanade de la D\u00e9fense<\/span><\/p>\n<p>&nbsp;<\/p>\n<p class=\"p1\"><span class=\"s1\"><b>Bibliography<\/b><\/span><\/p>\n<p class=\"p1\"><span class=\"s1\">France et Hugues Siptrott,\u00a0<em>Sarajevo mon amour<\/em>, 1995-96, SIPTROTT&#8217;S\u00a0<\/span><\/p>\n<p class=\"p1\"><span class=\"s1\"><em>Peintures-sculptures-Installations<\/em>, Production de l&#8217;association Vinci\u00a0\u00a0\u00a0\u00a0\u00a0\u00a0\u00a0\u00a0\u00a0\u00a0\u00a0\u00a0<\/span><\/p>\n<p>[\/vc_column_text][\/vc_column][vc_column width=&#8221;1\/2&#8243;][\/vc_column][\/vc_row]<\/p>\n<\/div>","protected":false},"excerpt":{"rendered":"<h4 class=\"p1\"><span class=\"s1\">FRANCE SIPTROTT<\/span><\/h4>\n<p class=\"p1\"><span class=\"s1\"> (Born in 1950)<\/span><\/p>\n<p>&nbsp;<\/p>\n<h4 class=\"p1\"><em><span class=\"s1\">Unique Piece of the series \u00ab\u00a0we will not grow old together\u00a0\u00bb<\/span><\/em><\/h4>\n<p>&nbsp;<\/p>\n<p class=\"p1\"><span class=\"s1\">1981-1982<\/span><\/p>\n<p class=\"p1\"><span class=\"s1\">Ceramic<\/span><\/p>\n<p>&nbsp;<\/p>\n<p class=\"p1\"><span class=\"s1\">Height\u00a0: 77 cm<\/span><\/p>\n<p class=\"p1\"><span class=\"s1\">Width : 49 cm<\/span><\/p>\n<p class=\"p1\"><span class=\"s1\">Depth\u00a0: 60 cm<\/span><\/p>\n<p>&nbsp;<\/p>\n<p>&nbsp;<\/p>\n<h4 class=\"p1\"><span style=\"font-weight: normal;\">[dt_button size=\"small\" style=\"default\" animation=\"none\" color_mode=\"default\" icon=\"\" icon_align=\"left\" color=\"\" link=\"mailto:gabrielle-laroche@wanadoo.fr?subject=232_FRANCE SIPTROTT\" target_blank=\"true\"]REQUEST FOR INFORMATION[\/dt_button]<\/span><\/h4>\n<p>&nbsp;<\/p>\n<p><a href=\"\/en\/contemporains\/\">Back to contemporary<\/a><\/p>\n","protected":false},"featured_media":3305,"template":"","meta":[],"product_brand":[],"product_cat":[46],"product_tag":[],"class_list":{"0":"post-3303","1":"product","2":"type-product","3":"status-publish","4":"has-post-thumbnail","6":"product_cat-contemporary","7":"description-off","9":"first","10":"instock","11":"shipping-taxable","12":"product-type-simple"},"aioseo_notices":[],"_links":{"self":[{"href":"https:\/\/www.gabrielle-laroche.com\/en\/wp-json\/wp\/v2\/product\/3303","targetHints":{"allow":["GET"]}}],"collection":[{"href":"https:\/\/www.gabrielle-laroche.com\/en\/wp-json\/wp\/v2\/product"}],"about":[{"href":"https:\/\/www.gabrielle-laroche.com\/en\/wp-json\/wp\/v2\/types\/product"}],"wp:featuredmedia":[{"embeddable":true,"href":"https:\/\/www.gabrielle-laroche.com\/en\/wp-json\/wp\/v2\/media\/3305"}],"wp:attachment":[{"href":"https:\/\/www.gabrielle-laroche.com\/en\/wp-json\/wp\/v2\/media?parent=3303"}],"wp:term":[{"taxonomy":"product_brand","embeddable":true,"href":"https:\/\/www.gabrielle-laroche.com\/en\/wp-json\/wp\/v2\/product_brand?post=3303"},{"taxonomy":"product_cat","embeddable":true,"href":"https:\/\/www.gabrielle-laroche.com\/en\/wp-json\/wp\/v2\/product_cat?post=3303"},{"taxonomy":"product_tag","embeddable":true,"href":"https:\/\/www.gabrielle-laroche.com\/en\/wp-json\/wp\/v2\/product_tag?post=3303"}],"curies":[{"name":"wp","href":"https:\/\/api.w.org\/{rel}","templated":true}]}}

<div class="wpb-content-wrapper"><p>[vc_row][vc_column width=&#8221;1/2&#8243;][vc_column_text]</p>
<p class="p1"><span class="s1"><b>Exhibitions</b></span></p>
<p class="p1"><span class="s1">Art Basel</span></p>
<p class="p1"><span class="s1"> FIAC Paris</span></p>
<p class="p1"><span class="s1">Lineart Gand</span></p>
<p class="p1"><span class="s1">I.G.I. New York</span></p>
<p class="p1"><span class="s1"> </span></p>
<p class="p1"><span class="s1"><b>Artworks from public places</b></span></p>
<p class="p1"><span class="s1"><b>&#8220;Fontaine de Scylla&#8221;, </b>palais des Congrès, Strasbourg</span></p>
<p class="p1"><span class="s1"><b>&#8220;Les Hommes de la Cité », </b>œuvre à l&#8217;Esplanade de la Défense, Paris</span></p>
<p class="p1"><span class="s1"><b>&#8220;Saint Corbinien », </b>Saint tutélaire de la<b> </b> cathédrale d&#8217;Evry</span></p>
<p class="p1"><span class="s1"><b>&#8220;Les trois grâces »,</b> Ambassade de France à Konakry</span></p>
<p class="p1"><span class="s1"><b>&#8220;Mignonne allons voir »,</b> Aire d&#8217;autoroute A4</span></p>
<p class="p1"><span class="s1"><b>&#8220;Les génies du métropolitain</b>&#8220;, Station R.A.T.P. Esplanade de la Défense</span></p>
<p>&nbsp;</p>
<p class="p1"><span class="s1"><b>Bibliography</b></span></p>
<p class="p1"><span class="s1">France et Hugues Siptrott, <em>Sarajevo mon amour</em>, 1995-96, SIPTROTT&#8217;S </span></p>
<p class="p1"><span class="s1"><em>Peintures-sculptures-Installations</em>, Production de l&#8217;association Vinci            </span></p>
<p>[/vc_column_text][/vc_column][vc_column width=&#8221;1/2&#8243;][/vc_column][/vc_row]</p>
</div>
