

{"id":8846,"date":"2000-01-20T12:00:21","date_gmt":"2000-01-20T11:00:21","guid":{"rendered":"https:\/\/www.gabrielle-laroche.com\/product\/mircea-milcovitch-opus-931\/"},"modified":"2023-02-20T12:50:34","modified_gmt":"2023-02-20T11:50:34","slug":"mircea-milcovitch-opus-931","status":"publish","type":"product","link":"https:\/\/www.gabrielle-laroche.com\/en\/product\/mircea-milcovitch-opus-931\/","title":{"rendered":"MIRCEA MILCOVITCH &#8211; Opus 931"},"content":{"rendered":"<div class=\"wpb-content-wrapper\"><p>[vc_row][vc_column width=&#8221;1\/2&#8243;][vc_column_text]<\/p>\n<p style=\"text-align: justify;\"><strong>Biography :<span class=\"Apple-converted-space\">\u00a0<\/span><\/strong><\/p>\n<p style=\"text-align: justify;\">Born in Bessarabia, one of Russia\u2019s provinces, then student in an art program in Bucharest, Mirca Milcovitch joins his group of friends, also painters, with whom he often stays in a village in the Carpates. This group is quickly considered out of the realistic and social art.<span class=\"Apple-converted-space\">\u00a0<\/span><\/p>\n<p style=\"text-align: justify;\">Following May 1968, he\u2019s invited to join the \u201csix jeunes peintres roumains\u201d exhibition in Paris. That is when he decides to move there. He chose exile and had to wait two years before his wife Marga, also a painter, could join him.<span class=\"Apple-converted-space\">\u00a0<\/span><\/p>\n<p style=\"text-align: justify;\">He is quickly given the French nationality. He got a workshop at \u201cla Cit\u00e9 des Arts\u201d, then from \u201cLa Ville de Paris\u201d. That\u2019s when he started to work on prints for over ten years. A few of them are reworked with a silver mine, pencil, or later with charcoal. Some of them are preserved at \u201cLa Biblioth\u00e8que Nationale\u201d.<span class=\"Apple-converted-space\">\u00a0<\/span><\/p>\n<p style=\"text-align: justify;\">Mircea Milcovitch is really interested by the universal symbolic which led him to publish \u201cDes symboles universels \u00e0 la spiritualit\u00e9 chr\u00e9tienne\u201d in 1991 (Editions Retz).<\/p>\n<p style=\"text-align: justify;\">Very much inspired by nature and those telluric forms, Milcovitch practices in the trade of pruning in the shale of Savoie. Once he got installed in his workshop in Nogent-sur-Marne allowing to prune more easily, he started to work with white stones such as Carrare\u2019s marble.<span class=\"Apple-converted-space\">\u00a0<\/span><\/p>\n<p style=\"text-align: justify;\">Milcovitch participates to a lot of group exhibitions in Europe such as La jeune Sculpture, Comparaisons, Grands et Jeunes d\u2019Aujourd\u2019hui, Salons d\u2019Automne. He got several orders, such as monumental marble sculptures.<span class=\"Apple-converted-space\">\u00a0<\/span><\/p>\n<p style=\"text-align: justify;\">Mirca Milcovitch relentlessly carves hard stones, driven by the search for the elementary form, as he likes to call \u201cla forme de la forme\u201d. Looking for a cosmos somewhere between the curves, located at the crossroads of organicity and purity.<\/p>\n<p>[\/vc_column_text][\/vc_column][vc_column width=&#8221;1\/2&#8243;][\/vc_column][\/vc_row]<\/p>\n<\/div>","protected":false},"excerpt":{"rendered":"<p><b>MIRCEA MILCOVITCH<\/b><\/p>\n<p>1941 &#8211;<span class=\"Apple-converted-space\">\u00a0<\/span><\/p>\n<p><b>\u00a0<\/b><\/p>\n<p><b>Title \u00a0 : <i>\u00a0 \u00a0 \u00a0 \u00a0 \u00a0 \u00a0 Opus 931<\/i><\/b><\/p>\n<p>&nbsp;<\/p>\n<p><strong>Technique :<\/strong> \u00a0 \u00a0 Ardoise d\u2019Angers<\/p>\n<p>Sign\u00e9 sur la base \u00e0 droite <i>Milcovitch<\/i><\/p>\n<p>Titr\u00e9 sur la base gauche<\/p>\n<p>&nbsp;<\/p>\n<p><strong>Dimensions :<\/strong><\/p>\n<p>Height: 72,5 cm<\/p>\n<p>Width: 31,5 cm<\/p>\n<p>Depth : 23,5 cm<\/p>\n<p style=\"font-weight: 400;\"><strong>\u00a0<\/strong><\/p>\n<p style=\"font-weight: 400;\"><strong>\u00a0<\/strong><\/p>\n[dt_button size=\"small\" style=\"default\" animation=\"none\" color_mode=\"default\" icon=\"\" icon_align=\"left\" color=\"\" link=\"mailto:gabrielle-laroche@wanadoo.fr?subject=13_MIRCEA_MILCOVITCH_ Opus_-931\" target_blank=\"true\"]DEMANDE D&#8217;INFORMATIONS[\/dt_button]\n<p>&nbsp;<\/p>\n<p><a href=\"\/fr\/contemporains\/\">Retour aux contemporains<\/a><\/p>\n","protected":false},"featured_media":8843,"template":"","meta":[],"product_brand":[],"product_cat":[46],"product_tag":[],"class_list":{"0":"post-8846","1":"product","2":"type-product","3":"status-publish","4":"has-post-thumbnail","6":"product_cat-contemporary","7":"description-off","9":"first","10":"instock","11":"shipping-taxable","12":"product-type-simple"},"aioseo_notices":[],"_links":{"self":[{"href":"https:\/\/www.gabrielle-laroche.com\/en\/wp-json\/wp\/v2\/product\/8846","targetHints":{"allow":["GET"]}}],"collection":[{"href":"https:\/\/www.gabrielle-laroche.com\/en\/wp-json\/wp\/v2\/product"}],"about":[{"href":"https:\/\/www.gabrielle-laroche.com\/en\/wp-json\/wp\/v2\/types\/product"}],"wp:featuredmedia":[{"embeddable":true,"href":"https:\/\/www.gabrielle-laroche.com\/en\/wp-json\/wp\/v2\/media\/8843"}],"wp:attachment":[{"href":"https:\/\/www.gabrielle-laroche.com\/en\/wp-json\/wp\/v2\/media?parent=8846"}],"wp:term":[{"taxonomy":"product_brand","embeddable":true,"href":"https:\/\/www.gabrielle-laroche.com\/en\/wp-json\/wp\/v2\/product_brand?post=8846"},{"taxonomy":"product_cat","embeddable":true,"href":"https:\/\/www.gabrielle-laroche.com\/en\/wp-json\/wp\/v2\/product_cat?post=8846"},{"taxonomy":"product_tag","embeddable":true,"href":"https:\/\/www.gabrielle-laroche.com\/en\/wp-json\/wp\/v2\/product_tag?post=8846"}],"curies":[{"name":"wp","href":"https:\/\/api.w.org\/{rel}","templated":true}]}}

<div class="wpb-content-wrapper"><p>[vc_row][vc_column width=&#8221;1/2&#8243;][vc_column_text]</p>
<p style="text-align: justify;"><strong>Biography :<span class="Apple-converted-space"> </span></strong></p>
<p style="text-align: justify;">Born in Bessarabia, one of Russia’s provinces, then student in an art program in Bucharest, Mirca Milcovitch joins his group of friends, also painters, with whom he often stays in a village in the Carpates. This group is quickly considered out of the realistic and social art.<span class="Apple-converted-space"> </span></p>
<p style="text-align: justify;">Following May 1968, he’s invited to join the “six jeunes peintres roumains” exhibition in Paris. That is when he decides to move there. He chose exile and had to wait two years before his wife Marga, also a painter, could join him.<span class="Apple-converted-space"> </span></p>
<p style="text-align: justify;">He is quickly given the French nationality. He got a workshop at “la Cité des Arts”, then from “La Ville de Paris”. That’s when he started to work on prints for over ten years. A few of them are reworked with a silver mine, pencil, or later with charcoal. Some of them are preserved at “La Bibliothèque Nationale”.<span class="Apple-converted-space"> </span></p>
<p style="text-align: justify;">Mircea Milcovitch is really interested by the universal symbolic which led him to publish “Des symboles universels à la spiritualité chrétienne” in 1991 (Editions Retz).</p>
<p style="text-align: justify;">Very much inspired by nature and those telluric forms, Milcovitch practices in the trade of pruning in the shale of Savoie. Once he got installed in his workshop in Nogent-sur-Marne allowing to prune more easily, he started to work with white stones such as Carrare’s marble.<span class="Apple-converted-space"> </span></p>
<p style="text-align: justify;">Milcovitch participates to a lot of group exhibitions in Europe such as La jeune Sculpture, Comparaisons, Grands et Jeunes d’Aujourd’hui, Salons d’Automne. He got several orders, such as monumental marble sculptures.<span class="Apple-converted-space"> </span></p>
<p style="text-align: justify;">Mirca Milcovitch relentlessly carves hard stones, driven by the search for the elementary form, as he likes to call “la forme de la forme”. Looking for a cosmos somewhere between the curves, located at the crossroads of organicity and purity.</p>
<p>[/vc_column_text][/vc_column][vc_column width=&#8221;1/2&#8243;][/vc_column][/vc_row]</p>
</div>

<p><b>MIRCEA MILCOVITCH</b></p>
<p>1941 &#8211;<span class="Apple-converted-space"> </span></p>
<p><b> </b></p>
<p><b>Title   : <i>            Opus 931</i></b></p>
<p>&nbsp;</p>
<p><strong>Technique :</strong>     Ardoise d’Angers</p>
<p>Signé sur la base à droite <i>Milcovitch</i></p>
<p>Titré sur la base gauche</p>
<p>&nbsp;</p>
<p><strong>Dimensions :</strong></p>
<p>Height: 72,5 cm</p>
<p>Width: 31,5 cm</p>
<p>Depth : 23,5 cm</p>
<p style="font-weight: 400;"><strong> </strong></p>
<p style="font-weight: 400;"><strong> </strong></p>
[dt_button size="small" style="default" animation="none" color_mode="default" icon="" icon_align="left" color="" link="mailto:gabrielle-laroche@wanadoo.fr?subject=13_MIRCEA_MILCOVITCH_ Opus_-931" target_blank="true"]DEMANDE D&#8217;INFORMATIONS[/dt_button]
<p>&nbsp;</p>
<p><a href="/fr/contemporains/">Retour aux contemporains</a></p>
