

{"id":9891,"date":"2023-11-06T17:19:22","date_gmt":"2023-11-06T16:19:22","guid":{"rendered":"https:\/\/www.gabrielle-laroche.com\/product\/edmond-moirignot-le-nuage\/"},"modified":"2026-02-02T17:45:19","modified_gmt":"2026-02-02T16:45:19","slug":"edmond-moirignot-le-nuage","status":"publish","type":"product","link":"https:\/\/www.gabrielle-laroche.com\/en\/product\/edmond-moirignot-le-nuage\/","title":{"rendered":"EDMOND MOIRIGNOT &#8211; The Cloud"},"content":{"rendered":"<div class=\"wpb-content-wrapper\"><p>[vc_row][vc_column width=&#8221;1\/2&#8243;][vc_column_text]<\/p>\n<p class=\"p1\"><span class=\"s1\"><b>Exhibitions : \u00a0 \u00a0 \u00a0 \u00a0\u00a0<\/b><\/span><\/p>\n<p class=\"p1\"><span class=\"s1\">Exposition du pl\u00e2tre Galerie Montmorency, paris, d\u00e9cembre 1965<\/span><\/p>\n<p class=\"p1\"><span class=\"s1\">Exposition du bronze, Galerie Pacitti, avril \u2013 mai 1968<\/span><\/p>\n<p class=\"p1\"><span class=\"s1\">Exposition Galerie Pacitti, avril 1970<\/span><\/p>\n<p class=\"p1\"><span class=\"s1\">Exposition Maison Jansen, rue Royale, Paris, Printemps 1987<\/span><\/p>\n<p class=\"p1\"><span class=\"s1\">Exposition Mus\u00e9e d\u2019Issy-les-Moulineaux, avril 1989<\/span><\/p>\n<p class=\"p1\"><span class=\"s1\">Exposition, Hommage \u00e0 Moirignot, Salon des Ind\u00e9pendants, Paris, avril 2006<\/span><\/p>\n<p class=\"p1\"><span class=\"s1\">R\u00e9trospective, Moirignot, Orangerie du S\u00e9nat, Paris, ao\u00fbt \u2013 septembre 2006<\/span><\/p>\n<p class=\"p1\"><span class=\"s1\">Mus\u00e9e Rimbaud, Charleville-M\u00e9zi\u00e8res, octobre 2006<\/span><\/p>\n<p>Salon du vieux colombier, mairie du VI\u00e8me arrondissement de Paris, du 12 au 27 janvier 2011 : exposition\u00a0<i>Hommage \u00e0 Moirignot.<\/i><\/p>\n<p>Exposition Galerie Lee, novembre 2018<\/p>\n<p>Exposition Galerie La Plaine, Novembre 2019ExxpositionExposition, Mairie du VI\u00e8me, Paris, f\u00e9vrier 2020<\/p>\n<p>Exposition, &#8220;Le Couple chez Moirignot&#8221;, Paris, octobre 2022<\/p>\n<p class=\"p1\"><span class=\"s1\"><b>\u00a0<\/b><\/span><\/p>\n<p class=\"p1\"><span class=\"s1\"><b>Bibliography :<\/b><\/span><\/p>\n<p class=\"p1\"><span class=\"s1\">E. Cheneaux de Leyritz et Raymond Charmet, Edmond Moirignot,<\/span><\/p>\n<p class=\"p1\"><span class=\"s1\">Les Cahiers des Arts n\u00b0220, Editions Pierre Cailler, Gen\u00e8ve, 1965<\/span><\/p>\n<p class=\"p1\"><span class=\"s1\">Claude Jeancolas,<em> Moirignot<\/em>, Editions du Saint Gothard, 1984<\/span><\/p>\n<p class=\"p1\"><span class=\"s1\">C. Jeancolas, <em>Moirignot, aimer, cr\u00e9er, r\u00eaver<\/em>, Editions FVW, Paris, 2006<\/span><\/p>\n<p class=\"p1\"><span class=\"s1\"><b>Claude Jeancolas, <em>Moirignot Catalogue raisonn\u00e9<\/em>, 2010, n\u00b0127<\/b><\/span><\/p>\n<p>[\/vc_column_text][\/vc_column][vc_column width=&#8221;1\/2&#8243;][\/vc_column][\/vc_row]<\/p>\n<\/div>","protected":false},"excerpt":{"rendered":"<h4><span class=\"s1\">EDMOND MOIRIGNOT<\/span><span class=\"s1\">\u00a0(<\/span><span class=\"s1\">1913<\/span><span class=\"s1\"> &#8211; 2002)<\/span><\/h4>\n<p><em>The Cloud<\/em> , around 1965<\/p>\n<p>&nbsp;<\/p>\n<p>Bronze sculpture with night blue patina<span class=\"Apple-converted-space\">\u00a0<\/span><\/p>\n<p>Cast : 6\/6<\/p>\n<p>Lost wax casting.<\/p>\n<p>Signature of the artist.<\/p>\n<p>Stamp of the founder \u201cValsuani\u201d, Paris and proof of print run 6\/6<\/p>\n<p>&nbsp;<\/p>\n<p>Height : 25 cm<\/p>\n<p>Width : \u00a0100 cm<\/p>\n<p>Depth:\u00a0 26,5 cm<\/p>\n<p>&nbsp;<\/p>\n<p>This sculpture appears in :<\/p>\n<p>Bibliography : Claude Jeancolas, <em>Moirignot Catalogue raisonn\u00e9,<\/em> 2010, n\u00b0 127<\/p>\n<p class=\"p1\"><span class=\"s1\">\u00a0<\/span><\/p>\n[dt_button size=\"small\" style=\"default\" animation=\"none\" color_mode=\"default\" icon=\"\" icon_align=\"left\" color=\"\" link=\"mailto:gabrielle-laroche@wanadoo.fr?subject=92_EDMOND MOIRIGNOT - The Cloud\" target_blank=\"true\"]DEMANDE D&#8217;INFORMATIONS[\/dt_button]\n<p>&nbsp;<\/p>\n<p><a href=\"https:\/\/www.gabrielle-laroche.com\/en\/contemporains\/\">Retour aux contemporains<\/a><\/p>\n","protected":false},"featured_media":9870,"template":"","meta":[],"product_brand":[],"product_cat":[46,65],"product_tag":[],"class_list":{"0":"post-9891","1":"product","2":"type-product","3":"status-publish","4":"has-post-thumbnail","6":"product_cat-contemporary","7":"product_cat-moirignot-sculptures","8":"description-off","10":"first","11":"instock","12":"shipping-taxable","13":"product-type-simple"},"aioseo_notices":[],"_links":{"self":[{"href":"https:\/\/www.gabrielle-laroche.com\/en\/wp-json\/wp\/v2\/product\/9891","targetHints":{"allow":["GET"]}}],"collection":[{"href":"https:\/\/www.gabrielle-laroche.com\/en\/wp-json\/wp\/v2\/product"}],"about":[{"href":"https:\/\/www.gabrielle-laroche.com\/en\/wp-json\/wp\/v2\/types\/product"}],"wp:featuredmedia":[{"embeddable":true,"href":"https:\/\/www.gabrielle-laroche.com\/en\/wp-json\/wp\/v2\/media\/9870"}],"wp:attachment":[{"href":"https:\/\/www.gabrielle-laroche.com\/en\/wp-json\/wp\/v2\/media?parent=9891"}],"wp:term":[{"taxonomy":"product_brand","embeddable":true,"href":"https:\/\/www.gabrielle-laroche.com\/en\/wp-json\/wp\/v2\/product_brand?post=9891"},{"taxonomy":"product_cat","embeddable":true,"href":"https:\/\/www.gabrielle-laroche.com\/en\/wp-json\/wp\/v2\/product_cat?post=9891"},{"taxonomy":"product_tag","embeddable":true,"href":"https:\/\/www.gabrielle-laroche.com\/en\/wp-json\/wp\/v2\/product_tag?post=9891"}],"curies":[{"name":"wp","href":"https:\/\/api.w.org\/{rel}","templated":true}]}}

<div class="wpb-content-wrapper"><p>[vc_row][vc_column width=&#8221;1/2&#8243;][vc_column_text]</p>
<p class="p1"><span class="s1"><b>Exhibitions :         </b></span></p>
<p class="p1"><span class="s1">Exposition du plâtre Galerie Montmorency, paris, décembre 1965</span></p>
<p class="p1"><span class="s1">Exposition du bronze, Galerie Pacitti, avril – mai 1968</span></p>
<p class="p1"><span class="s1">Exposition Galerie Pacitti, avril 1970</span></p>
<p class="p1"><span class="s1">Exposition Maison Jansen, rue Royale, Paris, Printemps 1987</span></p>
<p class="p1"><span class="s1">Exposition Musée d’Issy-les-Moulineaux, avril 1989</span></p>
<p class="p1"><span class="s1">Exposition, Hommage à Moirignot, Salon des Indépendants, Paris, avril 2006</span></p>
<p class="p1"><span class="s1">Rétrospective, Moirignot, Orangerie du Sénat, Paris, août – septembre 2006</span></p>
<p class="p1"><span class="s1">Musée Rimbaud, Charleville-Mézières, octobre 2006</span></p>
<p>Salon du vieux colombier, mairie du VIème arrondissement de Paris, du 12 au 27 janvier 2011 : exposition <i>Hommage à Moirignot.</i></p>
<p>Exposition Galerie Lee, novembre 2018</p>
<p>Exposition Galerie La Plaine, Novembre 2019ExxpositionExposition, Mairie du VIème, Paris, février 2020</p>
<p>Exposition, &#8220;Le Couple chez Moirignot&#8221;, Paris, octobre 2022</p>
<p class="p1"><span class="s1"><b> </b></span></p>
<p class="p1"><span class="s1"><b>Bibliography :</b></span></p>
<p class="p1"><span class="s1">E. Cheneaux de Leyritz et Raymond Charmet, Edmond Moirignot,</span></p>
<p class="p1"><span class="s1">Les Cahiers des Arts n°220, Editions Pierre Cailler, Genève, 1965</span></p>
<p class="p1"><span class="s1">Claude Jeancolas,<em> Moirignot</em>, Editions du Saint Gothard, 1984</span></p>
<p class="p1"><span class="s1">C. Jeancolas, <em>Moirignot, aimer, créer, rêver</em>, Editions FVW, Paris, 2006</span></p>
<p class="p1"><span class="s1"><b>Claude Jeancolas, <em>Moirignot Catalogue raisonné</em>, 2010, n°127</b></span></p>
<p>[/vc_column_text][/vc_column][vc_column width=&#8221;1/2&#8243;][/vc_column][/vc_row]</p>
</div>

<h4><span class="s1">EDMOND MOIRIGNOT</span><span class="s1"> (</span><span class="s1">1913</span><span class="s1"> &#8211; 2002)</span></h4>
<p><em>The Cloud</em> , around 1965</p>
<p>&nbsp;</p>
<p>Bronze sculpture with night blue patina<span class="Apple-converted-space"> </span></p>
<p>Cast : 6/6</p>
<p>Lost wax casting.</p>
<p>Signature of the artist.</p>
<p>Stamp of the founder “Valsuani”, Paris and proof of print run 6/6</p>
<p>&nbsp;</p>
<p>Height : 25 cm</p>
<p>Width :  100 cm</p>
<p>Depth:  26,5 cm</p>
<p>&nbsp;</p>
<p>This sculpture appears in :</p>
<p>Bibliography : Claude Jeancolas, <em>Moirignot Catalogue raisonné,</em> 2010, n° 127</p>
<p class="p1"><span class="s1"> </span></p>
[dt_button size="small" style="default" animation="none" color_mode="default" icon="" icon_align="left" color="" link="mailto:gabrielle-laroche@wanadoo.fr?subject=92_EDMOND MOIRIGNOT - The Cloud" target_blank="true"]DEMANDE D&#8217;INFORMATIONS[/dt_button]
<p>&nbsp;</p>
<p><a href="https://www.gabrielle-laroche.com/en/contemporains/">Retour aux contemporains</a></p>
