

{"id":10258,"date":"2024-02-09T14:01:33","date_gmt":"2024-02-09T13:01:33","guid":{"rendered":"https:\/\/www.gabrielle-laroche.com\/?post_type=product&#038;p=10258"},"modified":"2024-04-24T13:19:54","modified_gmt":"2024-04-24T11:19:54","slug":"le-christ-juge","status":"publish","type":"product","link":"https:\/\/www.gabrielle-laroche.com\/fr\/product\/le-christ-juge\/","title":{"rendered":"LE CHRIST JUGE"},"content":{"rendered":"<div class=\"wpb-content-wrapper\"><p>[vc_row][vc_column width=\u00a0\u00bb1\/2&Prime;][vc_column_text]<\/p>\n<p style=\"text-align: justify;\">Ce Christ est d\u2019un type iconographique tr\u00e8s rare. Celui o\u00f9 J\u00e9sus, assis, se pr\u00e9sente frontalement, couronn\u00e9 d\u2019\u00e9pines, et arborant les blessures de sa Passion, qu\u2019il s\u2019agisse des traces de clous de la Crucifixion visibles sur les paumes de ses mains ou du coup de lance dans la poitrine, largement d\u00e9couverte sous le manteau qui enveloppe le reste de son corps.<\/p>\n<p style=\"text-align: justify;\">De belle facture, cette oeuvre renvoie une image saisissante du Christ d\u2019apr\u00e8s la passion, insistant moins sur la souffrance du calvaire que sur la posture de juge du Christ ressuscit\u00e9, conforme au symbole des ap\u00f4tres\u00a0: \u00ab\u00a0\u2026il est assis \u00e0 la droite de Dieu le P\u00e8re tout-puissant, d\u2019o\u00f9 il viendra juger les vivants et les morts.\u00a0\u00bb<\/p>\n<p style=\"text-align: justify;\">Le Christ est ici repr\u00e9sent\u00e9 assis sur un banc doublement arqu\u00e9, pos\u00e9 sur un buisson. Ses pieds nus reposent sur le Monde, symbole de la toute puissance divine. Ceint d\u2019une couronne d\u2019\u00e9pines encore verte, ses cheveux et sa barbe sont sculpt\u00e9s parall\u00e8lement. De carnation claire, les traits de son visage finement sculpt\u00e9s sont n\u00e9anmoins<span class=\"Apple-converted-space\">\u00a0<\/span>tr\u00e8s expressifs. Un manteau orange couvre son \u00e9paule, habille son dos et retombe an plis nou\u00e9s \u00e0 la taille, sur ses genoux. Cela offre au regard sa taille marqu\u00e9e et bien model\u00e9e. La sculpture travaill\u00e9e en ronde-bosse garde en grande partie sa polychromie d\u2019origine.<\/p>\n<p style=\"text-align: justify;\">Le Christ avait originellement les deux avant bras lev\u00e9s en signe de b\u00e9n\u00e9diction. Aujourd\u2019hui, reste le droite.<span class=\"Apple-converted-space\">\u00a0<\/span><\/p>\n<p style=\"text-align: justify;\">Etude Comparative\u00a0:<\/p>\n<p style=\"text-align: justify;\">Notre Christ Juge peut \u00eatre rapproch\u00e9 par son sujet, sa posture et sa physionomie de celui se situant \u00e0 l\u2019Eglise Saint Sauveur \u00e0 Monnai dans l\u2019Orne \u2013 Normandie. ( Class\u00e9 Monument historique le 28 octobre 1992\u00a0)<\/p>\n<p>[\/vc_column_text][vc_empty_space][\/vc_column][vc_column width=\u00a0\u00bb1\/2&Prime;][vc_empty_space][\/vc_column][\/vc_row][vc_row][vc_column width=\u00a0\u00bb1\/2&Prime;][vc_single_image image=\u00a0\u00bb10274&Prime; img_size=\u00a0\u00bbmedium\u00a0\u00bb alignment=\u00a0\u00bbcenter\u00a0\u00bb][\/vc_column][vc_column width=\u00a0\u00bb1\/2&Prime;][vc_empty_space][\/vc_column][\/vc_row][vc_row][vc_column width=\u00a0\u00bb1\/2&Prime;][vc_empty_space][vc_column_text]Un Christ Allemand d\u2019origine Souabe, 14\u00e8me si\u00e8cle,\u00a0 pr\u00e9sente le m\u00eame banc en arc profil\u00e9 que celui que nous pr\u00e9sentons\u00a0:<\/p>\n<p>&nbsp;<\/p>\n<p>[\/vc_column_text][vc_empty_space][\/vc_column][vc_column width=\u00a0\u00bb1\/2&Prime;][vc_empty_space][\/vc_column][\/vc_row][vc_row][vc_column width=\u00a0\u00bb1\/2&Prime;][vc_single_image image=\u00a0\u00bb10276&Prime; img_size=\u00a0\u00bbmedium\u00a0\u00bb alignment=\u00a0\u00bbcenter\u00a0\u00bb][\/vc_column][vc_column width=\u00a0\u00bb1\/2&Prime;][vc_empty_space][\/vc_column][\/vc_row][vc_row][vc_column width=\u00a0\u00bb1\/2&Prime;][vc_empty_space][vc_column_text]<\/p>\n<p>Un autre Christ, seconde moiti\u00e9 du 14\u00e8me si\u00e8cle, rh\u00e9nan pr\u00e9sente la m\u00eame posture avec un drap\u00e9 du manteau \u00e0 la facture similaire.<\/p>\n<p>&nbsp;<\/p>\n<p>Bibliographie\u00a0:<\/p>\n<p>Arminjon Catherine et Berthelot Sandrine,<em> Chefs-d\u2019\u0153uvre du Gothique en Normandie, Sculpture et orf\u00e8vrerie du XIII\u00e8me au XV\u00e8me si\u00e8cle,<\/em> ed. 5 continents, 2008.<\/p>\n<p>Manfred Fath. <em>\u00ab\u00a0Der Weltenrichter der Mainzer Westlettne-Deesis und seine Nachfolge<\/em>\u201d in Mainzer Zeitschrift.<\/p>\n<p>Mittelrheinisches J<em>ahrbuch fur Archaologie.<\/em> pp. 97-100.<\/p>\n<p>Legner Anton, <em>Rheinische kunst und deas kolner Schnuttgenmuseum<\/em>, Cologne, 1991, pp. 221, 225, 256.<\/p>\n<p>Vgl. Heribert Meurer, <em>Wurttembergisches Landesmuseum Sttutgart. Die mittelalterlichen Skulpturen, I, Stein und Holzskulpturen 800 \u2013 1400<\/em>, Stuttgart 1989, S. 148-150.<\/p>\n<p>[\/vc_column_text][vc_empty_space][\/vc_column][vc_column width=\u00a0\u00bb1\/2&Prime;][vc_empty_space][\/vc_column][\/vc_row]<\/p>\n<\/div>","protected":false},"excerpt":{"rendered":"<h4 class=\"p1\">LE CHRIST JUGE<\/h4>\n<p>&nbsp;<\/p>\n<p><strong>ORIGINE :<\/strong> ALLEMAGNE<\/p>\n<p><strong>\u00c9POQUE :<\/strong> SECONDE MOITI\u00c9 DU XIV\u00e8me SI\u00c8CLE<\/p>\n<p>&nbsp;<\/p>\n<p>Hauteur : 48 cm<\/p>\n<p>Largeur : 28 cm<\/p>\n<p>Profondeur :11 cm<\/p>\n<p>&nbsp;<\/p>\n<p>Bois de noyer polychrom\u00e9<\/p>\n<p>&nbsp;<\/p>\n<p>&nbsp;<\/p>\n<p>&nbsp;<\/p>\n[dt_button size=\"small\" style=\"default\" animation=\"none\" color_mode=\"default\" icon=\"\" icon_align=\"left\" color=\"\" link=\"mailto:gabrielle-laroche@wanadoo.fr?subject=286_LE_CHRIST_JUGE\" target_blank=\"true\"]DEMANDE D&rsquo;INFORMATIONS[\/dt_button]\n<p>&nbsp;<\/p>\n<p><a href=\"\/fr\/antiquites\/sculpture\/\">Retour aux sculptures<\/a><\/p>\n<p>&nbsp;<\/p>\n<p>&nbsp;<\/p>\n","protected":false},"featured_media":10259,"template":"","meta":[],"product_brand":[],"product_cat":[32],"product_tag":[],"class_list":{"0":"post-10258","1":"product","2":"type-product","3":"status-publish","4":"has-post-thumbnail","6":"product_cat-sculptures","7":"description-off","9":"first","10":"instock","11":"shipping-taxable","12":"product-type-simple"},"aioseo_notices":[],"_links":{"self":[{"href":"https:\/\/www.gabrielle-laroche.com\/fr\/wp-json\/wp\/v2\/product\/10258","targetHints":{"allow":["GET"]}}],"collection":[{"href":"https:\/\/www.gabrielle-laroche.com\/fr\/wp-json\/wp\/v2\/product"}],"about":[{"href":"https:\/\/www.gabrielle-laroche.com\/fr\/wp-json\/wp\/v2\/types\/product"}],"wp:featuredmedia":[{"embeddable":true,"href":"https:\/\/www.gabrielle-laroche.com\/fr\/wp-json\/wp\/v2\/media\/10259"}],"wp:attachment":[{"href":"https:\/\/www.gabrielle-laroche.com\/fr\/wp-json\/wp\/v2\/media?parent=10258"}],"wp:term":[{"taxonomy":"product_brand","embeddable":true,"href":"https:\/\/www.gabrielle-laroche.com\/fr\/wp-json\/wp\/v2\/product_brand?post=10258"},{"taxonomy":"product_cat","embeddable":true,"href":"https:\/\/www.gabrielle-laroche.com\/fr\/wp-json\/wp\/v2\/product_cat?post=10258"},{"taxonomy":"product_tag","embeddable":true,"href":"https:\/\/www.gabrielle-laroche.com\/fr\/wp-json\/wp\/v2\/product_tag?post=10258"}],"curies":[{"name":"wp","href":"https:\/\/api.w.org\/{rel}","templated":true}]}}

<div class="wpb-content-wrapper"><p>[vc_row][vc_column width= »1/2&Prime;][vc_column_text]</p>
<p style="text-align: justify;">Ce Christ est d’un type iconographique très rare. Celui où Jésus, assis, se présente frontalement, couronné d’épines, et arborant les blessures de sa Passion, qu’il s’agisse des traces de clous de la Crucifixion visibles sur les paumes de ses mains ou du coup de lance dans la poitrine, largement découverte sous le manteau qui enveloppe le reste de son corps.</p>
<p style="text-align: justify;">De belle facture, cette oeuvre renvoie une image saisissante du Christ d’après la passion, insistant moins sur la souffrance du calvaire que sur la posture de juge du Christ ressuscité, conforme au symbole des apôtres : « …il est assis à la droite de Dieu le Père tout-puissant, d’où il viendra juger les vivants et les morts. »</p>
<p style="text-align: justify;">Le Christ est ici représenté assis sur un banc doublement arqué, posé sur un buisson. Ses pieds nus reposent sur le Monde, symbole de la toute puissance divine. Ceint d’une couronne d’épines encore verte, ses cheveux et sa barbe sont sculptés parallèlement. De carnation claire, les traits de son visage finement sculptés sont néanmoins<span class="Apple-converted-space"> </span>très expressifs. Un manteau orange couvre son épaule, habille son dos et retombe an plis noués à la taille, sur ses genoux. Cela offre au regard sa taille marquée et bien modelée. La sculpture travaillée en ronde-bosse garde en grande partie sa polychromie d’origine.</p>
<p style="text-align: justify;">Le Christ avait originellement les deux avant bras levés en signe de bénédiction. Aujourd’hui, reste le droite.<span class="Apple-converted-space"> </span></p>
<p style="text-align: justify;">Etude Comparative :</p>
<p style="text-align: justify;">Notre Christ Juge peut être rapproché par son sujet, sa posture et sa physionomie de celui se situant à l’Eglise Saint Sauveur à Monnai dans l’Orne – Normandie. ( Classé Monument historique le 28 octobre 1992 )</p>
<p>[/vc_column_text][vc_empty_space][/vc_column][vc_column width= »1/2&Prime;][vc_empty_space][/vc_column][/vc_row][vc_row][vc_column width= »1/2&Prime;][vc_single_image image= »10274&Prime; img_size= »medium » alignment= »center »][/vc_column][vc_column width= »1/2&Prime;][vc_empty_space][/vc_column][/vc_row][vc_row][vc_column width= »1/2&Prime;][vc_empty_space][vc_column_text]Un Christ Allemand d’origine Souabe, 14ème siècle,  présente le même banc en arc profilé que celui que nous présentons :</p>
<p>&nbsp;</p>
<p>[/vc_column_text][vc_empty_space][/vc_column][vc_column width= »1/2&Prime;][vc_empty_space][/vc_column][/vc_row][vc_row][vc_column width= »1/2&Prime;][vc_single_image image= »10276&Prime; img_size= »medium » alignment= »center »][/vc_column][vc_column width= »1/2&Prime;][vc_empty_space][/vc_column][/vc_row][vc_row][vc_column width= »1/2&Prime;][vc_empty_space][vc_column_text]</p>
<p>Un autre Christ, seconde moitié du 14ème siècle, rhénan présente la même posture avec un drapé du manteau à la facture similaire.</p>
<p>&nbsp;</p>
<p>Bibliographie :</p>
<p>Arminjon Catherine et Berthelot Sandrine,<em> Chefs-d’œuvre du Gothique en Normandie, Sculpture et orfèvrerie du XIIIème au XVème siècle,</em> ed. 5 continents, 2008.</p>
<p>Manfred Fath. <em>« Der Weltenrichter der Mainzer Westlettne-Deesis und seine Nachfolge</em>” in Mainzer Zeitschrift.</p>
<p>Mittelrheinisches J<em>ahrbuch fur Archaologie.</em> pp. 97-100.</p>
<p>Legner Anton, <em>Rheinische kunst und deas kolner Schnuttgenmuseum</em>, Cologne, 1991, pp. 221, 225, 256.</p>
<p>Vgl. Heribert Meurer, <em>Wurttembergisches Landesmuseum Sttutgart. Die mittelalterlichen Skulpturen, I, Stein und Holzskulpturen 800 – 1400</em>, Stuttgart 1989, S. 148-150.</p>
<p>[/vc_column_text][vc_empty_space][/vc_column][vc_column width= »1/2&Prime;][vc_empty_space][/vc_column][/vc_row]</p>
</div>

<h4 class="p1">LE CHRIST JUGE</h4>
<p>&nbsp;</p>
<p><strong>ORIGINE :</strong> ALLEMAGNE</p>
<p><strong>ÉPOQUE :</strong> SECONDE MOITIÉ DU XIVème SIÈCLE</p>
<p>&nbsp;</p>
<p>Hauteur : 48 cm</p>
<p>Largeur : 28 cm</p>
<p>Profondeur :11 cm</p>
<p>&nbsp;</p>
<p>Bois de noyer polychromé</p>
<p>&nbsp;</p>
<p>&nbsp;</p>
<p>&nbsp;</p>
[dt_button size="small" style="default" animation="none" color_mode="default" icon="" icon_align="left" color="" link="mailto:gabrielle-laroche@wanadoo.fr?subject=286_LE_CHRIST_JUGE" target_blank="true"]DEMANDE D&rsquo;INFORMATIONS[/dt_button]
<p>&nbsp;</p>
<p><a href="/fr/antiquites/sculpture/">Retour aux sculptures</a></p>
<p>&nbsp;</p>
<p>&nbsp;</p>
