

{"id":10469,"date":"2024-05-24T16:36:30","date_gmt":"2024-05-24T14:36:30","guid":{"rendered":"https:\/\/www.gabrielle-laroche.com\/?post_type=product&#038;p=10469"},"modified":"2024-05-24T17:37:45","modified_gmt":"2024-05-24T15:37:45","slug":"yves-rhaye-figure-feminine","status":"publish","type":"product","link":"https:\/\/www.gabrielle-laroche.com\/fr\/product\/yves-rhaye-figure-feminine\/","title":{"rendered":"YVES RHAYE- Figure F\u00e9minine"},"content":{"rendered":"<div class=\"wpb-content-wrapper\"><p>[vc_row][vc_column width=\u00a0\u00bb1\/2&Prime;][vc_column_text]<\/p>\n<p style=\"text-align: justify;\">Yves Rhaye est un artiste belge n\u00e9 \u00e0 Ostende en 1936, d\u00e9c\u00e9d\u00e9 en 1995. Tendance surr\u00e9aliste.<\/p>\n<p style=\"text-align: justify;\">Ses \u0153uvres sont marqu\u00e9es par le surr\u00e9alisme rappelant Salvador Dali ou Yves Tanguy. On note sa vision d\u2019un monde fantastique faisant appel \u00e0 la physiologie sensorielle de la germination et de la f\u00e9condit\u00e9.<\/p>\n<p style=\"text-align: justify;\">Ses \u0153uvres sont conserv\u00e9es au Mus\u00e9e de B\u00e2le, Bruxelles, Dusseldorf, Milan, Pr\u00e9toria\u2026<\/p>\n<p>&nbsp;<\/p>\n<p>BIBLIOGRAPHIE\u00a0:\u00a0\u00a0\u00a0\u00a0\u00a0\u00a0<span class=\"Apple-converted-space\">\u00a0<\/span><\/p>\n<p><em>B\u00e9n\u00e9zit,<\/em>\u00a0 Tome VIII, page 719<\/p>\n<p>J. Verbrugghen, <em>Terre de nuit ou l\u2019approche d\u2019Yves Rhay\u00e9,<\/em> Gen\u00a0, 1969<\/p>\n<p><em>Dictionnaire biographique illustr\u00e9 des artistes en Belgique depuis 1830,<\/em> Arto, Bruxelles 1987<\/p>\n<p>[\/vc_column_text][\/vc_column][vc_column width=\u00a0\u00bb1\/2&Prime;][\/vc_column][\/vc_row]<\/p>\n<\/div>","protected":false},"excerpt":{"rendered":"<p><strong>RHAYE Yves<\/strong><\/p>\n<p>( OSTENDE 1936-1995 )<\/p>\n<p>&nbsp;<\/p>\n<p><strong>Figure F\u00e9minine<\/strong><\/p>\n<p>&nbsp;<\/p>\n<p>C\u00e9ramique verniss\u00e9e argent\u00e9e<\/p>\n<p>Sign\u00e9e au dos<\/p>\n<p>&nbsp;<\/p>\n<p>Hauteur : 54 cm<\/p>\n<p>Largeur\u00a0: \u00a040 cm<\/p>\n<p>&nbsp;<\/p>\n<p>&nbsp;<\/p>\n[dt_button size=\"small\" style=\"default\" animation=\"none\" color_mode=\"default\" icon=\"\" icon_align=\"left\" color=\"\" link=\"mailto:gabrielle-laroche@wanadoo.fr?subject=37c_Yves_Rhaye_Figure-Feminine\" target_blank=\"true\"]DEMANDE D&rsquo;INFORMATIONS[\/dt_button]\n<p>&nbsp;<\/p>\n<p><a href=\"\/fr\/contemporains\/\">Retour aux contemporains<\/a><\/p>\n","protected":false},"featured_media":10470,"template":"","meta":[],"product_brand":[],"product_cat":[39],"product_tag":[],"class_list":{"0":"post-10469","1":"product","2":"type-product","3":"status-publish","4":"has-post-thumbnail","6":"product_cat-contemporain","7":"description-off","9":"first","10":"instock","11":"shipping-taxable","12":"product-type-simple"},"aioseo_notices":[],"_links":{"self":[{"href":"https:\/\/www.gabrielle-laroche.com\/fr\/wp-json\/wp\/v2\/product\/10469","targetHints":{"allow":["GET"]}}],"collection":[{"href":"https:\/\/www.gabrielle-laroche.com\/fr\/wp-json\/wp\/v2\/product"}],"about":[{"href":"https:\/\/www.gabrielle-laroche.com\/fr\/wp-json\/wp\/v2\/types\/product"}],"wp:featuredmedia":[{"embeddable":true,"href":"https:\/\/www.gabrielle-laroche.com\/fr\/wp-json\/wp\/v2\/media\/10470"}],"wp:attachment":[{"href":"https:\/\/www.gabrielle-laroche.com\/fr\/wp-json\/wp\/v2\/media?parent=10469"}],"wp:term":[{"taxonomy":"product_brand","embeddable":true,"href":"https:\/\/www.gabrielle-laroche.com\/fr\/wp-json\/wp\/v2\/product_brand?post=10469"},{"taxonomy":"product_cat","embeddable":true,"href":"https:\/\/www.gabrielle-laroche.com\/fr\/wp-json\/wp\/v2\/product_cat?post=10469"},{"taxonomy":"product_tag","embeddable":true,"href":"https:\/\/www.gabrielle-laroche.com\/fr\/wp-json\/wp\/v2\/product_tag?post=10469"}],"curies":[{"name":"wp","href":"https:\/\/api.w.org\/{rel}","templated":true}]}}

YVES RHAYE- Figure Féminine

<div class="wpb-content-wrapper"><p>[vc_row][vc_column width= »1/2&Prime;][vc_column_text]</p>
<p style="text-align: justify;">Yves Rhaye est un artiste belge né à Ostende en 1936, décédé en 1995. Tendance surréaliste.</p>
<p style="text-align: justify;">Ses œuvres sont marquées par le surréalisme rappelant Salvador Dali ou Yves Tanguy. On note sa vision d’un monde fantastique faisant appel à la physiologie sensorielle de la germination et de la fécondité.</p>
<p style="text-align: justify;">Ses œuvres sont conservées au Musée de Bâle, Bruxelles, Dusseldorf, Milan, Prétoria…</p>
<p>&nbsp;</p>
<p>BIBLIOGRAPHIE :      <span class="Apple-converted-space"> </span></p>
<p><em>Bénézit,</em>  Tome VIII, page 719</p>
<p>J. Verbrugghen, <em>Terre de nuit ou l’approche d’Yves Rhayé,</em> Gen , 1969</p>
<p><em>Dictionnaire biographique illustré des artistes en Belgique depuis 1830,</em> Arto, Bruxelles 1987</p>
<p>[/vc_column_text][/vc_column][vc_column width= »1/2&Prime;][/vc_column][/vc_row]</p>
</div>

<p><strong>RHAYE Yves</strong></p>
<p>( OSTENDE 1936-1995 )</p>
<p>&nbsp;</p>
<p><strong>Figure Féminine</strong></p>
<p>&nbsp;</p>
<p>Céramique vernissée argentée</p>
<p>Signée au dos</p>
<p>&nbsp;</p>
<p>Hauteur : 54 cm</p>
<p>Largeur :  40 cm</p>
<p>&nbsp;</p>
<p>&nbsp;</p>
[dt_button size="small" style="default" animation="none" color_mode="default" icon="" icon_align="left" color="" link="mailto:gabrielle-laroche@wanadoo.fr?subject=37c_Yves_Rhaye_Figure-Feminine" target_blank="true"]DEMANDE D&rsquo;INFORMATIONS[/dt_button]
<p>&nbsp;</p>
<p><a href="/fr/contemporains/">Retour aux contemporains</a></p>
