

{"id":10514,"date":"2024-06-14T15:27:14","date_gmt":"2024-06-14T13:27:14","guid":{"rendered":"https:\/\/www.gabrielle-laroche.com\/?post_type=product&#038;p=10514"},"modified":"2024-06-14T15:38:24","modified_gmt":"2024-06-14T13:38:24","slug":"nicolas-thevenin-trois-mats","status":"publish","type":"product","link":"https:\/\/www.gabrielle-laroche.com\/fr\/product\/nicolas-thevenin-trois-mats\/","title":{"rendered":"NICOLAS THEVENIN &#8211; Trois M\u00e2ts"},"content":{"rendered":"<div class=\"wpb-content-wrapper\"><p>[vc_row][vc_column width=\u00a0\u00bb1\/2&Prime;][vc_column_text]<\/p>\n<p style=\"text-align: justify;\">Artiste plasticien originaire de Nice, Nicolas Th\u00e9venin est le fils de Sido (1934-1986) et Fran\u00e7ois (1931-2016) Th\u00e9venin, deux artistes consid\u00e9r\u00e9s parmi les plus importants designeurs de la fin du XXe si\u00e8cle. Leur travail oscille entre architecture, sculpture, design et po\u00e9sie dans des pi\u00e8ces de mobilier de formes sinueuses et organiques en m\u00e9tal forg\u00e9, pli\u00e9 ou sculpt\u00e9, r\u00e9alis\u00e9es pour les \u00ab\u00a0maisons paysage\u00a0\u00bb de l\u2019architecte Jacques Cou\u00eblle.<\/p>\n<p style=\"text-align: justify;\">Durant son adolescence il baigne dans un contexte familiale artistique et apprend les techniques de la ferronnerie, la chaudronnerie et la dinanderie avec ses parents, techniques qu\u2019il reprend aujourd\u2019hui dans ses \u0153uvres.<\/p>\n<p style=\"text-align: justify;\">Nicolas Th\u00e9venin commence sa carri\u00e8re d\u2019artiste sculpteur en 1991. A l\u2019instar de ses parents, il prend son inspiration du monde v\u00e9g\u00e9tal en reprenant des lignes organiques et sinueuses. Il r\u00e9alise des pi\u00e8ces en fer forg\u00e9, inox grav\u00e9 \u00e0 l\u2019eau forte et bois.<\/p>\n<p style=\"text-align: justify;\">Il ex\u00e9cute en 2008 une porte monumentale (2m80) pour l\u2019h\u00f4tel Cala di Volpe sur la Costa Smeralda en Sardaigne en inox martel\u00e9 et clout\u00e9, patin\u00e9 au feu et cuivre rouge.<\/p>\n<p style=\"text-align: justify;\">En 2017, le mus\u00e9e d\u2019Histoire et de C\u00e9ramique de Biot expose une s\u00e9rie de ses \u0153uvres en bois \u00e0 inclusions de ferronneries lors de l\u2019exposition \u00ab\u00a0Tables sages \u2026 Tables Folles\u00a0!!\u00a0\u00bb.<\/p>\n<p style=\"text-align: justify;\">En d\u00e9cembre 2023, il r\u00e9alise une s\u00e9rie de statuettes en ferronnerie en hommage au travail de ses parents revisitant ses jouets d\u2019enfance.<\/p>\n<p>[\/vc_column_text][\/vc_column][vc_column width=\u00a0\u00bb1\/2&Prime;][\/vc_column][\/vc_row]<\/p>\n<\/div>","protected":false},"excerpt":{"rendered":"<p><strong>THEVENIN Nicolas<\/strong><\/p>\n<p>N\u00e9 en 1966<\/p>\n<p>&nbsp;<\/p>\n<p><strong>Trois \u00a0M\u00e2ts<\/strong><\/p>\n<p>&nbsp;<\/p>\n<p>Fer forg\u00e9 patin\u00e9<\/p>\n<p>\u0152uvre sign\u00e9e et monogramm\u00e9<\/p>\n<p>Situ\u00e9 et dat\u00e9\u00a0: Cannes &#8211; 2009<\/p>\n<p>&nbsp;<\/p>\n<p>Hauteur\u00a0: 156 cm<\/p>\n<p>Longueur : 120 cm<\/p>\n<p>Profondeur\u00a0: 55 cm<\/p>\n<p>&nbsp;<\/p>\n<p>&nbsp;<\/p>\n[dt_button size=\"small\" style=\"default\" animation=\"none\" color_mode=\"default\" icon=\"\" icon_align=\"left\" color=\"\" link=\"mailto:gabrielle-laroche@wanadoo.fr?subject=308_N_THEVENIN_3_MATS\" target_blank=\"true\"]DEMANDE D&rsquo;INFORMATIONS[\/dt_button]\n<p>&nbsp;<\/p>\n<p><a href=\"\/fr\/contemporains\/\">Retour aux contemporains<\/a><\/p>\n","protected":false},"featured_media":10515,"template":"","meta":[],"product_brand":[],"product_cat":[39],"product_tag":[],"class_list":{"0":"post-10514","1":"product","2":"type-product","3":"status-publish","4":"has-post-thumbnail","6":"product_cat-contemporain","7":"description-off","9":"first","10":"instock","11":"shipping-taxable","12":"product-type-simple"},"aioseo_notices":[],"_links":{"self":[{"href":"https:\/\/www.gabrielle-laroche.com\/fr\/wp-json\/wp\/v2\/product\/10514","targetHints":{"allow":["GET"]}}],"collection":[{"href":"https:\/\/www.gabrielle-laroche.com\/fr\/wp-json\/wp\/v2\/product"}],"about":[{"href":"https:\/\/www.gabrielle-laroche.com\/fr\/wp-json\/wp\/v2\/types\/product"}],"wp:featuredmedia":[{"embeddable":true,"href":"https:\/\/www.gabrielle-laroche.com\/fr\/wp-json\/wp\/v2\/media\/10515"}],"wp:attachment":[{"href":"https:\/\/www.gabrielle-laroche.com\/fr\/wp-json\/wp\/v2\/media?parent=10514"}],"wp:term":[{"taxonomy":"product_brand","embeddable":true,"href":"https:\/\/www.gabrielle-laroche.com\/fr\/wp-json\/wp\/v2\/product_brand?post=10514"},{"taxonomy":"product_cat","embeddable":true,"href":"https:\/\/www.gabrielle-laroche.com\/fr\/wp-json\/wp\/v2\/product_cat?post=10514"},{"taxonomy":"product_tag","embeddable":true,"href":"https:\/\/www.gabrielle-laroche.com\/fr\/wp-json\/wp\/v2\/product_tag?post=10514"}],"curies":[{"name":"wp","href":"https:\/\/api.w.org\/{rel}","templated":true}]}}

NICOLAS THEVENIN &#8211; Trois Mâts

<div class="wpb-content-wrapper"><p>[vc_row][vc_column width= »1/2&Prime;][vc_column_text]</p>
<p style="text-align: justify;">Artiste plasticien originaire de Nice, Nicolas Thévenin est le fils de Sido (1934-1986) et François (1931-2016) Thévenin, deux artistes considérés parmi les plus importants designeurs de la fin du XXe siècle. Leur travail oscille entre architecture, sculpture, design et poésie dans des pièces de mobilier de formes sinueuses et organiques en métal forgé, plié ou sculpté, réalisées pour les « maisons paysage » de l’architecte Jacques Couëlle.</p>
<p style="text-align: justify;">Durant son adolescence il baigne dans un contexte familiale artistique et apprend les techniques de la ferronnerie, la chaudronnerie et la dinanderie avec ses parents, techniques qu’il reprend aujourd’hui dans ses œuvres.</p>
<p style="text-align: justify;">Nicolas Thévenin commence sa carrière d’artiste sculpteur en 1991. A l’instar de ses parents, il prend son inspiration du monde végétal en reprenant des lignes organiques et sinueuses. Il réalise des pièces en fer forgé, inox gravé à l’eau forte et bois.</p>
<p style="text-align: justify;">Il exécute en 2008 une porte monumentale (2m80) pour l’hôtel Cala di Volpe sur la Costa Smeralda en Sardaigne en inox martelé et clouté, patiné au feu et cuivre rouge.</p>
<p style="text-align: justify;">En 2017, le musée d’Histoire et de Céramique de Biot expose une série de ses œuvres en bois à inclusions de ferronneries lors de l’exposition « Tables sages … Tables Folles !! ».</p>
<p style="text-align: justify;">En décembre 2023, il réalise une série de statuettes en ferronnerie en hommage au travail de ses parents revisitant ses jouets d’enfance.</p>
<p>[/vc_column_text][/vc_column][vc_column width= »1/2&Prime;][/vc_column][/vc_row]</p>
</div>

<p><strong>THEVENIN Nicolas</strong></p>
<p>Né en 1966</p>
<p>&nbsp;</p>
<p><strong>Trois  Mâts</strong></p>
<p>&nbsp;</p>
<p>Fer forgé patiné</p>
<p>Œuvre signée et monogrammé</p>
<p>Situé et daté : Cannes &#8211; 2009</p>
<p>&nbsp;</p>
<p>Hauteur : 156 cm</p>
<p>Longueur : 120 cm</p>
<p>Profondeur : 55 cm</p>
<p>&nbsp;</p>
<p>&nbsp;</p>
[dt_button size="small" style="default" animation="none" color_mode="default" icon="" icon_align="left" color="" link="mailto:gabrielle-laroche@wanadoo.fr?subject=308_N_THEVENIN_3_MATS" target_blank="true"]DEMANDE D&rsquo;INFORMATIONS[/dt_button]
<p>&nbsp;</p>
<p><a href="/fr/contemporains/">Retour aux contemporains</a></p>
