

{"id":11189,"date":"2025-03-25T17:37:10","date_gmt":"2025-03-25T16:37:10","guid":{"rendered":"https:\/\/www.gabrielle-laroche.com\/?post_type=product&#038;p=11189"},"modified":"2025-03-25T18:02:49","modified_gmt":"2025-03-25T17:02:49","slug":"a-gethsemani-deux-importants-groupes-dun-meme-retable-representant-le-christ-au-mont-des-oliviers","status":"publish","type":"product","link":"https:\/\/www.gabrielle-laroche.com\/fr\/product\/a-gethsemani-deux-importants-groupes-dun-meme-retable-representant-le-christ-au-mont-des-oliviers\/","title":{"rendered":"\u00c0 GETHS\u00c9MANI DEUX IMPORTANTS GROUPES D\u2019UN M\u00caME R\u00c9TABLE REPR\u00c9SENTANT LE CHRIST AU MONT DES OLIVIERS"},"content":{"rendered":"<div class=\"wpb-content-wrapper\"><p>[vc_row][vc_column width=\u00a0\u00bb1\/2&Prime;][vc_column_text]<\/p>\n<p style=\"text-align: justify;\">Deux importants groupes d\u2019un m\u00eame retable en tilleul polychrom\u00e9, repr\u00e9sentent le Christ au Mont des Oliviers. Le dos est \u00e9vid\u00e9.<\/p>\n<p>&nbsp;<\/p>\n<p style=\"text-align: justify;\">Selon l&rsquo;\u00e9vangile de Saint Matthieu 26,36-56 :<\/p>\n<p style=\"text-align: justify;\">J\u00e9sus s&rsquo;en va alors avec eux en un domaine appel\u00e9 Geths\u00e9mani. Prenant avec lui Pierre et les deux fils de Z\u00e9b\u00e9d\u00e9e, il commen\u00e7a \u00e0 ressentir de la tristesse et de l&rsquo;angoisse. Alors il leur dit :<\/p>\n<p style=\"text-align: justify;\">\u00ab\u00a0Mon \u00e2me est triste \u00e0 en mourir. Demeurez ici et veillez avec moi\u00a0\u00bb.<\/p>\n<p style=\"text-align: justify;\">Il fit quelques pas et se jeta face contre terre, priant ainsi :<span class=\"Apple-converted-space\">\u00a0<\/span><\/p>\n<p style=\"text-align: justify;\">\u00ab\u00a0Mon p\u00e8re, si c&rsquo;est possible, que cette coupe passe loin de moi ! Cependant, non comme je veux, moi, mais comme tu veux, toi\u00a0\u00bb.<\/p>\n<p style=\"text-align: justify;\">Puis il revient vers les disciples qu&rsquo;il trouve endormis, et il dit \u00e0 Pierre : \u00ab\u00a0Ainsi vous n&rsquo;avez pas eu la force de veiller une heure avec moi ! Veillez et priez afin de n&rsquo;\u00eatre pas en butte \u00e0 l&rsquo;\u00e9preuve : l&rsquo;esprit, certes, est ardent ; mais le corps a des d\u00e9faillances\u00a0\u00bb.<\/p>\n<p style=\"text-align: justify;\">Il s&rsquo;\u00e9loigna une seconde fois et pria encore ainsi :<\/p>\n<p style=\"text-align: justify;\">\u00ab\u00a0Mon P\u00e8re, si cette (coupe) ne peut passer sans que je la boive, que ta volont\u00e9 soit faite !\u00a0\u00bb<\/p>\n<p style=\"text-align: justify;\">Et revenant, il les trouva encore endormis, &#8211; car ils avaient les yeux lourds. Il les laissa et s&rsquo;en alla encore prier une troisi\u00e8me fois, redisant les m\u00eames paroles. Il revient alors vers les disciples et il leur dit :<\/p>\n<p style=\"text-align: justify;\">\u00ab\u00a0Vous dormez toujours et vous vous reposez ! Maintenant l&rsquo;heure est venue, o\u00f9 le Fils de l&rsquo;homme va \u00eatre livr\u00e9 aux mains des p\u00eacheurs. Levez-vous ! Allons ! Maintenant est arriv\u00e9 celui qui va me livrer\u00a0\u00bb.<\/p>\n<p>&nbsp;<\/p>\n<p style=\"text-align: justify;\">La sc\u00e8ne se situe \u00e0 Geths\u00e9mani. Ce lieu-dit d\u00e9signait un clos, sans doute une olivette, qui se trouvait au pied du Mont des Oliviers, sur la rive orientale du C\u00e9dron.<\/p>\n<p style=\"text-align: justify;\">La plantation du d\u00e9cor est conforme \u00e0 la mise en sc\u00e8ne des Myst\u00e8res.<\/p>\n<p style=\"text-align: justify;\">Dans ce paysage vallonn\u00e9, verdoyant et rocheux trait\u00e9 stylistiquement de mani\u00e8re germanique, se d\u00e9tachent \u00e0 gauche deux personnages endormis, aux visages doux et apais\u00e9s.<span class=\"Apple-converted-space\">\u00a0<\/span><\/p>\n<p style=\"text-align: justify;\">Sur le groupe de droite, un troisi\u00e8me est assoupi. Le Christ au regard fervent et lointain, est agenouill\u00e9 sur un amas de pierres et prie le Seigneur.<span class=\"Apple-converted-space\">\u00a0<\/span><\/p>\n<p style=\"text-align: justify;\">Pierre, Jacques et Jean, les trois disciples pr\u00e9f\u00e9r\u00e9s du Christ sont ici pr\u00e9sents, v\u00eatus de la toge antique, la t\u00eate et les pieds nus.<span class=\"Apple-converted-space\">\u00a0<\/span><\/p>\n<p style=\"text-align: justify;\">Mais fatigu\u00e9s d&rsquo;avoir pr\u00e9par\u00e9 la C\u00e8ne ou appesantis par la nourriture et le vin, ils se sont assoupis pendant que le ma\u00eetre priait. J\u00e9sus est oblig\u00e9 de les r\u00e9veiller jusqu&rsquo;\u00e0 trois fois.<\/p>\n<p style=\"text-align: justify;\">Au premier plan, Saint Pierre endormi, est ais\u00e9ment reconnaissable avec son cr\u00e2ne chauve d&rsquo;o\u00f9 \u00e9merge seulement une touffe de cheveux sur le front et sa chevelure fris\u00e9e formant une tonsure, \u00e0 sa barbe courte et boucl\u00e9e. Sur le groupe de gauche, se trouvent les deux fils de Z\u00e9b\u00e9d\u00e9e endormis : Jean, jeune et imberbe, et son fr\u00e8re Jacques le majeur qui tient un livre \u00e0 la main.<\/p>\n<p style=\"text-align: justify;\">En arri\u00e8re-plan, sous une tonnelle, Judas, une bourse pleine \u00e0 la main discute avec un soldat et dans un mouvement semble d\u00e9signer J\u00e9sus. D\u2019apr\u00e8s l\u2019\u00e9vangile selon Mathieu, Judas qui assurait le r\u00f4le de tr\u00e9sorier, livre J\u00e9sus aux grands pr\u00eatres de J\u00e9rusalem, et obtint pour cela trente pi\u00e8ces d\u2019argent.<\/p>\n<p style=\"text-align: justify;\">Un tr\u00e8s fort sentiment de pl\u00e9nitude se d\u00e9gage de ce bas-relief important, o\u00f9 la qualit\u00e9 est \u00e9quivalente \u00e0 l&rsquo;originalit\u00e9 et \u00e0 la raret\u00e9 du sujet.<\/p>\n<p>&nbsp;<\/p>\n<p style=\"text-align: justify;\">Bibliographie :<\/p>\n<p style=\"text-align: justify;\">Louis REAU,<em> Iconographie de l&rsquo;art chr\u00e9tien,<\/em> Kraus Reprint, Paris, 1988<\/p>\n<p>[\/vc_column_text][vc_empty_space][\/vc_column][vc_column width=\u00a0\u00bb1\/2&Prime;][vc_empty_space][\/vc_column][\/vc_row]<\/p>\n<\/div>","protected":false},"excerpt":{"rendered":"<h4>\u00c0 GETHS\u00c9MANI DEUX IMPORTANTS GROUPES D\u2019UN M\u00caME R\u00c9TABLE REPR\u00c9SENTANT LE CHRIST AU MONT DES OLIVIERS<\/h4>\n<p>&nbsp;<\/p>\n<p>ORIGINE\u00a0: ALLEMAGNE DU SUD<\/p>\n<p>EPOQUE\u00a0: PREMIER TIERS DU XVI\u00e8me SI\u00c8CLE<\/p>\n<p>&nbsp;<\/p>\n<p>DIMENSIONS\u00a0:<\/p>\n<p>Groupe 1\u00a0:\u00a0\u00a0\u00a0\u00a0\u00a0\u00a0\u00a0\u00a0\u00a0\u00a0\u00a0\u00a0\u00a0\u00a0\u00a0\u00a0\u00a0\u00a0\u00a0\u00a0\u00a0 \u00a0\u00a0\u00a0\u00a0\u00a0\u00a0\u00a0\u00a0\u00a0\u00a0\u00a0\u00a0\u00a0\u00a0\u00a0Groupe 2\u00a0:<\/p>\n<p>Hauteur\u00a0: 69 cm\u00a0\u00a0\u00a0\u00a0\u00a0\u00a0\u00a0\u00a0\u00a0\u00a0\u00a0\u00a0\u00a0\u00a0\u00a0\u00a0\u00a0\u00a0\u00a0\u00a0\u00a0\u00a0\u00a0\u00a0\u00a0\u00a0\u00a0 Hauteur\u00a0: 60 cm\u00a0\u00a0\u00a0\u00a0\u00a0\u00a0\u00a0\u00a0\u00a0\u00a0\u00a0\u00a0\u00a0\u00a0\u00a0\u00a0\u00a0\u00a0\u00a0\u00a0\u00a0\u00a0\u00a0<span class=\"Apple-converted-space\">\u00a0<\/span><\/p>\n<p>Longueur : 47cm\u00a0\u00a0\u00a0\u00a0\u00a0\u00a0\u00a0\u00a0\u00a0\u00a0\u00a0\u00a0\u00a0\u00a0\u00a0\u00a0\u00a0\u00a0\u00a0\u00a0\u00a0\u00a0\u00a0\u00a0\u00a0\u00a0 Longueur : 44 cm<\/p>\n<p>Profondeur\u00a0: \u00a021 cm\u00a0\u00a0\u00a0\u00a0\u00a0\u00a0\u00a0\u00a0\u00a0\u00a0\u00a0\u00a0\u00a0\u00a0\u00a0\u00a0\u00a0\u00a0\u00a0\u00a0\u00a0\u00a0 Profondeur\u00a0: 20 cm<\/p>\n<p>&nbsp;<\/p>\n<p>&nbsp;<\/p>\n<p>Bois de Tilleul polychrom\u00e9<\/p>\n<p>Bon \u00e9tat de conservation, quelques accidents et restaurations polychromie d&rsquo;origine bien conserv\u00e9e.<\/p>\n<p>&nbsp;<\/p>\n<p>Provenance\u00a0: Ancienne Collection Claer, Mulhouse.<\/p>\n<p>(\u00c9tiquettes au dos des deux groupes)<\/p>\n<p>&nbsp;<\/p>\n<p>&nbsp;<\/p>\n[dt_button size=\"small\" style=\"default\" animation=\"none\" color_mode=\"default\" icon=\"\" icon_align=\"left\" color=\"\" link=\"mailto:gabrielle-laroche@wanadoo.fr?subject=356_A_GETHS\u00c9MANI\" target_blank=\"true\"]DEMANDE D&rsquo;INFORMATIONS[\/dt_button]\n<p>&nbsp;<\/p>\n<p><a href=\"\/fr\/antiquites\/sculpture\/\">Retour aux sculptures<\/a><\/p>\n<p>&nbsp;<\/p>\n","protected":false},"featured_media":11228,"template":"","meta":[],"product_brand":[],"product_cat":[32],"product_tag":[],"class_list":{"0":"post-11189","1":"product","2":"type-product","3":"status-publish","4":"has-post-thumbnail","6":"product_cat-sculptures","7":"description-off","9":"first","10":"instock","11":"shipping-taxable","12":"product-type-simple"},"aioseo_notices":[],"_links":{"self":[{"href":"https:\/\/www.gabrielle-laroche.com\/fr\/wp-json\/wp\/v2\/product\/11189","targetHints":{"allow":["GET"]}}],"collection":[{"href":"https:\/\/www.gabrielle-laroche.com\/fr\/wp-json\/wp\/v2\/product"}],"about":[{"href":"https:\/\/www.gabrielle-laroche.com\/fr\/wp-json\/wp\/v2\/types\/product"}],"wp:featuredmedia":[{"embeddable":true,"href":"https:\/\/www.gabrielle-laroche.com\/fr\/wp-json\/wp\/v2\/media\/11228"}],"wp:attachment":[{"href":"https:\/\/www.gabrielle-laroche.com\/fr\/wp-json\/wp\/v2\/media?parent=11189"}],"wp:term":[{"taxonomy":"product_brand","embeddable":true,"href":"https:\/\/www.gabrielle-laroche.com\/fr\/wp-json\/wp\/v2\/product_brand?post=11189"},{"taxonomy":"product_cat","embeddable":true,"href":"https:\/\/www.gabrielle-laroche.com\/fr\/wp-json\/wp\/v2\/product_cat?post=11189"},{"taxonomy":"product_tag","embeddable":true,"href":"https:\/\/www.gabrielle-laroche.com\/fr\/wp-json\/wp\/v2\/product_tag?post=11189"}],"curies":[{"name":"wp","href":"https:\/\/api.w.org\/{rel}","templated":true}]}}

À GETHSÉMANI DEUX IMPORTANTS GROUPES D’UN MÊME RÉTABLE REPRÉSENTANT LE CHRIST AU MONT DES OLIVIERS

<div class="wpb-content-wrapper"><p>[vc_row][vc_column width= »1/2&Prime;][vc_column_text]</p>
<p style="text-align: justify;">Deux importants groupes d’un même retable en tilleul polychromé, représentent le Christ au Mont des Oliviers. Le dos est évidé.</p>
<p>&nbsp;</p>
<p style="text-align: justify;">Selon l&rsquo;évangile de Saint Matthieu 26,36-56 :</p>
<p style="text-align: justify;">Jésus s&rsquo;en va alors avec eux en un domaine appelé Gethsémani. Prenant avec lui Pierre et les deux fils de Zébédée, il commença à ressentir de la tristesse et de l&rsquo;angoisse. Alors il leur dit :</p>
<p style="text-align: justify;">« Mon âme est triste à en mourir. Demeurez ici et veillez avec moi ».</p>
<p style="text-align: justify;">Il fit quelques pas et se jeta face contre terre, priant ainsi :<span class="Apple-converted-space"> </span></p>
<p style="text-align: justify;">« Mon père, si c&rsquo;est possible, que cette coupe passe loin de moi ! Cependant, non comme je veux, moi, mais comme tu veux, toi ».</p>
<p style="text-align: justify;">Puis il revient vers les disciples qu&rsquo;il trouve endormis, et il dit à Pierre : « Ainsi vous n&rsquo;avez pas eu la force de veiller une heure avec moi ! Veillez et priez afin de n&rsquo;être pas en butte à l&rsquo;épreuve : l&rsquo;esprit, certes, est ardent ; mais le corps a des défaillances ».</p>
<p style="text-align: justify;">Il s&rsquo;éloigna une seconde fois et pria encore ainsi :</p>
<p style="text-align: justify;">« Mon Père, si cette (coupe) ne peut passer sans que je la boive, que ta volonté soit faite ! »</p>
<p style="text-align: justify;">Et revenant, il les trouva encore endormis, &#8211; car ils avaient les yeux lourds. Il les laissa et s&rsquo;en alla encore prier une troisième fois, redisant les mêmes paroles. Il revient alors vers les disciples et il leur dit :</p>
<p style="text-align: justify;">« Vous dormez toujours et vous vous reposez ! Maintenant l&rsquo;heure est venue, où le Fils de l&rsquo;homme va être livré aux mains des pêcheurs. Levez-vous ! Allons ! Maintenant est arrivé celui qui va me livrer ».</p>
<p>&nbsp;</p>
<p style="text-align: justify;">La scène se situe à Gethsémani. Ce lieu-dit désignait un clos, sans doute une olivette, qui se trouvait au pied du Mont des Oliviers, sur la rive orientale du Cédron.</p>
<p style="text-align: justify;">La plantation du décor est conforme à la mise en scène des Mystères.</p>
<p style="text-align: justify;">Dans ce paysage vallonné, verdoyant et rocheux traité stylistiquement de manière germanique, se détachent à gauche deux personnages endormis, aux visages doux et apaisés.<span class="Apple-converted-space"> </span></p>
<p style="text-align: justify;">Sur le groupe de droite, un troisième est assoupi. Le Christ au regard fervent et lointain, est agenouillé sur un amas de pierres et prie le Seigneur.<span class="Apple-converted-space"> </span></p>
<p style="text-align: justify;">Pierre, Jacques et Jean, les trois disciples préférés du Christ sont ici présents, vêtus de la toge antique, la tête et les pieds nus.<span class="Apple-converted-space"> </span></p>
<p style="text-align: justify;">Mais fatigués d&rsquo;avoir préparé la Cène ou appesantis par la nourriture et le vin, ils se sont assoupis pendant que le maître priait. Jésus est obligé de les réveiller jusqu&rsquo;à trois fois.</p>
<p style="text-align: justify;">Au premier plan, Saint Pierre endormi, est aisément reconnaissable avec son crâne chauve d&rsquo;où émerge seulement une touffe de cheveux sur le front et sa chevelure frisée formant une tonsure, à sa barbe courte et bouclée. Sur le groupe de gauche, se trouvent les deux fils de Zébédée endormis : Jean, jeune et imberbe, et son frère Jacques le majeur qui tient un livre à la main.</p>
<p style="text-align: justify;">En arrière-plan, sous une tonnelle, Judas, une bourse pleine à la main discute avec un soldat et dans un mouvement semble désigner Jésus. D’après l’évangile selon Mathieu, Judas qui assurait le rôle de trésorier, livre Jésus aux grands prêtres de Jérusalem, et obtint pour cela trente pièces d’argent.</p>
<p style="text-align: justify;">Un très fort sentiment de plénitude se dégage de ce bas-relief important, où la qualité est équivalente à l&rsquo;originalité et à la rareté du sujet.</p>
<p>&nbsp;</p>
<p style="text-align: justify;">Bibliographie :</p>
<p style="text-align: justify;">Louis REAU,<em> Iconographie de l&rsquo;art chrétien,</em> Kraus Reprint, Paris, 1988</p>
<p>[/vc_column_text][vc_empty_space][/vc_column][vc_column width= »1/2&Prime;][vc_empty_space][/vc_column][/vc_row]</p>
</div>

<h4>À GETHSÉMANI DEUX IMPORTANTS GROUPES D’UN MÊME RÉTABLE REPRÉSENTANT LE CHRIST AU MONT DES OLIVIERS</h4>
<p>&nbsp;</p>
<p>ORIGINE : ALLEMAGNE DU SUD</p>
<p>EPOQUE : PREMIER TIERS DU XVIème SIÈCLE</p>
<p>&nbsp;</p>
<p>DIMENSIONS :</p>
<p>Groupe 1 :                                     Groupe 2 :</p>
<p>Hauteur : 69 cm                            Hauteur : 60 cm                       <span class="Apple-converted-space"> </span></p>
<p>Longueur : 47cm                           Longueur : 44 cm</p>
<p>Profondeur :  21 cm                       Profondeur : 20 cm</p>
<p>&nbsp;</p>
<p>&nbsp;</p>
<p>Bois de Tilleul polychromé</p>
<p>Bon état de conservation, quelques accidents et restaurations polychromie d&rsquo;origine bien conservée.</p>
<p>&nbsp;</p>
<p>Provenance : Ancienne Collection Claer, Mulhouse.</p>
<p>(Étiquettes au dos des deux groupes)</p>
<p>&nbsp;</p>
<p>&nbsp;</p>
[dt_button size="small" style="default" animation="none" color_mode="default" icon="" icon_align="left" color="" link="mailto:gabrielle-laroche@wanadoo.fr?subject=356_A_GETHSÉMANI" target_blank="true"]DEMANDE D&rsquo;INFORMATIONS[/dt_button]
<p>&nbsp;</p>
<p><a href="/fr/antiquites/sculpture/">Retour aux sculptures</a></p>
<p>&nbsp;</p>
