

{"id":11262,"date":"2025-05-15T13:49:32","date_gmt":"2025-05-15T11:49:32","guid":{"rendered":"https:\/\/www.gabrielle-laroche.com\/?post_type=product&#038;p=11262"},"modified":"2025-05-15T13:55:33","modified_gmt":"2025-05-15T11:55:33","slug":"armoire-de-sumene-presentant-la-creation-du-monde","status":"publish","type":"product","link":"https:\/\/www.gabrielle-laroche.com\/fr\/product\/armoire-de-sumene-presentant-la-creation-du-monde\/","title":{"rendered":"ARMOIRE DE SUM\u00c8NE PR\u00c9SENTANT LA CR\u00c9ATION DU MONDE"},"content":{"rendered":"<div class=\"wpb-content-wrapper\"><p>[vc_row][vc_column][\/vc_column][\/vc_row][vc_row][vc_column width=\u00a0\u00bb1\/2&Prime;][vc_column_text]Cette Armoire de Sum\u00e8ne ouvre \u00e0 deux vantaux.<\/p>\n<p>La Corniche en fronton est sculpt\u00e9e du Sacrifice d\u2019Abraham.<\/p>\n<p>En dessous une frise de bacchanale avec des N\u00e9r\u00e9ides.<\/p>\n<p>Les portes repr\u00e9sentent la Cr\u00e9ation de l\u2019Homme, la Cr\u00e9ation des Animaux, la Chute et Adam et Eve chass\u00e9s du Paradis.<span class=\"Apple-converted-space\">\u00a0<\/span><\/p>\n<p>Entre les panneaux des portes sont repr\u00e9sent\u00e9s l\u2019Entr\u00e9e dans l\u2019Arche de No\u00e9 et le D\u00e9luge.<span class=\"Apple-converted-space\">\u00a0<\/span><\/p>\n<p>Sur l\u2019autre partie, la B\u00e9n\u00e9diction d\u2019Isaac par Abraham.<span class=\"Apple-converted-space\">\u00a0<\/span><\/p>\n<p>Le dormant est orn\u00e9 de chutes de fruits<\/p>\n<p>Les pieds sont en boules aplaties.[\/vc_column_text][vc_empty_space][\/vc_column][vc_column width=\u00a0\u00bb1\/2&Prime;][vc_empty_space][\/vc_column][\/vc_row]<\/p>\n<\/div>","protected":false},"excerpt":{"rendered":"<h4>ARMOIRE DE SUM\u00c8NE PR\u00c9SENTANT LA CR\u00c9ATION DU MONDE<\/h4>\n<p>&nbsp;<\/p>\n<p>ORIGINE\u00a0: FRANCE, REGION DE NIMES<\/p>\n<p>EPOQUE\u00a0: XVI\u00c8ME SI\u00c8CLE<\/p>\n<p>&nbsp;<\/p>\n<p>Hauteur\u00a0: 284 cm<\/p>\n<p>Largeur : 193 cm<\/p>\n<p>Profondeur\u00a0: 69 cm<\/p>\n<p>&nbsp;<\/p>\n<p>Bois de noyer<\/p>\n<p>Bon \u00e9tat de conservation<\/p>\n<p>&nbsp;<\/p>\n<p>&nbsp;<\/p>\n[dt_button size=\"small\" style=\"default\" animation=\"none\" color_mode=\"default\" icon=\"\" icon_align=\"left\" color=\"\" link=\"mailto:gabrielle-laroche@wanadoo.fr?subject=64_ARMOIRE_DE_SUM\u00c8NE_PR\u00c9SENTANT_LA_CR\u00c9ATION_DU_MONDE\" target_blank=\"true\"]DEMANDE D&rsquo;INFORMATIONS[\/dt_button]\n<p>&nbsp;<\/p>\n<p>&nbsp;<\/p>\n<p><a href=\"\/fr\/antiquites\/mobilier\/meubles\/\">Retour aux meubles<\/a><\/p>\n","protected":false},"featured_media":11263,"template":"","meta":[],"product_brand":[],"product_cat":[18],"product_tag":[],"class_list":{"0":"post-11262","1":"product","2":"type-product","3":"status-publish","4":"has-post-thumbnail","6":"product_cat-meubles","7":"description-off","9":"first","10":"instock","11":"shipping-taxable","12":"product-type-simple"},"aioseo_notices":[],"_links":{"self":[{"href":"https:\/\/www.gabrielle-laroche.com\/fr\/wp-json\/wp\/v2\/product\/11262","targetHints":{"allow":["GET"]}}],"collection":[{"href":"https:\/\/www.gabrielle-laroche.com\/fr\/wp-json\/wp\/v2\/product"}],"about":[{"href":"https:\/\/www.gabrielle-laroche.com\/fr\/wp-json\/wp\/v2\/types\/product"}],"wp:featuredmedia":[{"embeddable":true,"href":"https:\/\/www.gabrielle-laroche.com\/fr\/wp-json\/wp\/v2\/media\/11263"}],"wp:attachment":[{"href":"https:\/\/www.gabrielle-laroche.com\/fr\/wp-json\/wp\/v2\/media?parent=11262"}],"wp:term":[{"taxonomy":"product_brand","embeddable":true,"href":"https:\/\/www.gabrielle-laroche.com\/fr\/wp-json\/wp\/v2\/product_brand?post=11262"},{"taxonomy":"product_cat","embeddable":true,"href":"https:\/\/www.gabrielle-laroche.com\/fr\/wp-json\/wp\/v2\/product_cat?post=11262"},{"taxonomy":"product_tag","embeddable":true,"href":"https:\/\/www.gabrielle-laroche.com\/fr\/wp-json\/wp\/v2\/product_tag?post=11262"}],"curies":[{"name":"wp","href":"https:\/\/api.w.org\/{rel}","templated":true}]}}

ARMOIRE DE SUMÈNE PRÉSENTANT LA CRÉATION DU MONDE

<div class="wpb-content-wrapper"><p>[vc_row][vc_column][/vc_column][/vc_row][vc_row][vc_column width= »1/2&Prime;][vc_column_text]Cette Armoire de Sumène ouvre à deux vantaux.</p>
<p>La Corniche en fronton est sculptée du Sacrifice d’Abraham.</p>
<p>En dessous une frise de bacchanale avec des Néréides.</p>
<p>Les portes représentent la Création de l’Homme, la Création des Animaux, la Chute et Adam et Eve chassés du Paradis.<span class="Apple-converted-space"> </span></p>
<p>Entre les panneaux des portes sont représentés l’Entrée dans l’Arche de Noé et le Déluge.<span class="Apple-converted-space"> </span></p>
<p>Sur l’autre partie, la Bénédiction d’Isaac par Abraham.<span class="Apple-converted-space"> </span></p>
<p>Le dormant est orné de chutes de fruits</p>
<p>Les pieds sont en boules aplaties.[/vc_column_text][vc_empty_space][/vc_column][vc_column width= »1/2&Prime;][vc_empty_space][/vc_column][/vc_row]</p>
</div>

<h4>ARMOIRE DE SUMÈNE PRÉSENTANT LA CRÉATION DU MONDE</h4>
<p>&nbsp;</p>
<p>ORIGINE : FRANCE, REGION DE NIMES</p>
<p>EPOQUE : XVIÈME SIÈCLE</p>
<p>&nbsp;</p>
<p>Hauteur : 284 cm</p>
<p>Largeur : 193 cm</p>
<p>Profondeur : 69 cm</p>
<p>&nbsp;</p>
<p>Bois de noyer</p>
<p>Bon état de conservation</p>
<p>&nbsp;</p>
<p>&nbsp;</p>
[dt_button size="small" style="default" animation="none" color_mode="default" icon="" icon_align="left" color="" link="mailto:gabrielle-laroche@wanadoo.fr?subject=64_ARMOIRE_DE_SUMÈNE_PRÉSENTANT_LA_CRÉATION_DU_MONDE" target_blank="true"]DEMANDE D&rsquo;INFORMATIONS[/dt_button]
<p>&nbsp;</p>
<p>&nbsp;</p>
<p><a href="/fr/antiquites/mobilier/meubles/">Retour aux meubles</a></p>
