

{"id":11709,"date":"2021-12-09T14:20:35","date_gmt":"2021-12-09T13:20:35","guid":{"rendered":"https:\/\/www.gabrielle-laroche.com\/?post_type=product&#038;p=11709"},"modified":"2025-07-03T16:37:29","modified_gmt":"2025-07-03T14:37:29","slug":"leonardo-benatov-hommage-a-dali-le-dur-et-le-mou","status":"publish","type":"product","link":"https:\/\/www.gabrielle-laroche.com\/fr\/product\/leonardo-benatov-hommage-a-dali-le-dur-et-le-mou\/","title":{"rendered":"LEONARDO BENATOV &#8211; Hommage \u00e0 Dali, le dur et le mou"},"content":{"rendered":"<div class=\"wpb-content-wrapper\"><p>[vc_row][vc_column width=\u00a0\u00bb1\/2&Prime;][vc_column_text css=\u00a0\u00bb\u00a0\u00bb]<\/p>\n<p style=\"text-align: justify;\">Biographie de l&rsquo;Artiste \u00a0:<span class=\"Apple-converted-space\">\u00a0<\/span><\/p>\n<p style=\"text-align: justify;\">L\u00e9onardo Benatov nait en 1942 dans une famille d\u2019artistes ayant fuit la Russie communiste. Son p\u00e8re est peintre (Bounatian-Benatov) et se fera conna\u00eetre en France en exposant d\u00e8s 1927 au Salon des Ind\u00e9pendants et au Salon d\u2019Automne. Sa m\u00e8re est \u00e9crivain signant ses ouvrages du nom de Livja Flood. Le cercle familial fr\u00e9quentera Larionov, Gontcharova, Rodtchenko, Soutine et autres artistes en exile.<\/p>\n<p style=\"text-align: justify;\">A 16 ans Leonardo rejoint au Br\u00e9sil un oncle et essaie de traverser l\u2019Amazonie. Captur\u00e9 par les indiens anthropophages, il restera prisonnier un an apr\u00e8s avoir \u00e9pous\u00e9 la fille du chef de la tribu \u00ab Erik Paxa \u00bb.<\/p>\n<p style=\"text-align: justify;\">En 1964, la r\u00e9volution militaire au Br\u00e9sil le contraint \u00e0 rentrer en France o\u00f9 il tente sans r\u00e9ussir de pr\u00e9senter une sculpture au Salon d\u2019Automne. A compter de cette date, L\u00e9onardo n\u2019aura de cesse que de dessiner et sculpter et c\u2019est naturellement qu\u2019il arrive en 1975\/76 \u00e0 la fonte d\u2019art.<\/p>\n<p style=\"text-align: justify;\">D\u00e8s lors, cet artiste au physique imposant m\u00e8nera de front sa carri\u00e8re de direction de fonderie et de sculpteur, accordant dans ses \u0153uvres une place particuli\u00e8re aux sentiments, \u00e0 la d\u00e9tresse et \u00e0 la grandeur d\u2019\u00eatre.<\/p>\n<p style=\"text-align: justify;\">Ornant les parcs ou b\u00e2timents publics, on peut admirer un \u00ab Homme \u00e9clat\u00e9 \u00bb dans le jardin-mus\u00e9e de la ville de Gravelines, une repr\u00e9sentation du musicien Rossini \u00e0 l\u2019Op\u00e9ra de Pesaro, sa ville natale (ainsi qu\u2019\u00e0 l\u2019UNESCO), un buste de Napol\u00e9on \u00e0 l\u2019a\u00e9roport d\u2019Ajaccio&#8230;<\/p>\n<p style=\"text-align: justify;\">L\u2019artiste a tir\u00e9 sa r\u00e9v\u00e9rence le 11 juin 2018, alors que se pr\u00e9paraient des expositions au Japon et en Chine&#8230;<span class=\"Apple-converted-space\">\u00a0<\/span><\/p>\n<p style=\"text-align: justify;\">L\u00e9onardo Benatov est titulaire de l\u2019ordre de Chevalier des Arts et des Lettres.<\/p>\n<p>[\/vc_column_text][\/vc_column][vc_column width=\u00a0\u00bb1\/2&Prime;][\/vc_column][\/vc_row]<\/p>\n<\/div>","protected":false},"excerpt":{"rendered":"<h4>Leonardo BENATOV<\/h4>\n<p>(1942-2018)<\/p>\n<h4><em>Hommage \u00e0 Dali, le dur et le mou<\/em><\/h4>\n<p>&nbsp;<\/p>\n<p style=\"font-weight: 400;\"><strong>Buste de DALI<\/strong><\/p>\n<p style=\"font-weight: 400;\">Epreuve en bronze patin\u00e9<\/p>\n<p>Cire perdue, Bronze sign\u00e9<\/p>\n<p style=\"font-weight: 400;\">N\u00b0EF, fondu par l\u2019artiste dans sa fonderie<\/p>\n<p style=\"font-weight: 400;\">Hauteur : 82 cm avec son socle<\/p>\n<p style=\"font-weight: 400;\">Largeur : \u00a055 cm<\/p>\n<p style=\"font-weight: 400;\">Profondeur : 39 cm<\/p>\n<p style=\"font-weight: 400;\">Socle\u00a0: 17 x 36 x 31cm<\/p>\n<p>&nbsp;<\/p>\n<p style=\"font-weight: 400;\"><strong>Buste de GALA<\/strong><\/p>\n<p style=\"font-weight: 400;\">Epreuve en bronze patin\u00e9<\/p>\n<p>Cire perdue, Bronze sign\u00e9<\/p>\n<p style=\"font-weight: 400;\">N\u00b0EF, fondu par l\u2019artiste dans sa fonderie<\/p>\n<p style=\"font-weight: 400;\">Hauteur\u00a0: 82 cm\u00a0 avec son socle<\/p>\n<p style=\"font-weight: 400;\">Largeur : 48 cm<\/p>\n<p style=\"font-weight: 400;\">Profondeur : 39 cm<\/p>\n<p style=\"font-weight: 400;\">Socle\u00a0: 17 x 36 x 31cm<\/p>\n<p class=\"p1\"><span class=\"s1\">\u00a0<\/span><\/p>\n<p>&nbsp;<\/p>\n[dt_button size=\"small\" style=\"default\" animation=\"none\" color_mode=\"default\" icon=\"\" icon_align=\"left\" color=\"\" link=\"mailto:gabrielle-laroche@wanadoo.fr?subject=229_MATHIAS LIPTAY - Elle\" target_blank=\"true\"]DEMANDE D&rsquo;INFORMATIONS[\/dt_button]\n<p>&nbsp;<\/p>\n<p><a href=\"\/fr\/contemporains\/\">Retour aux contemporains<\/a><\/p>\n","protected":false},"featured_media":11722,"template":"","meta":[],"product_brand":[],"product_cat":[39],"product_tag":[],"class_list":{"0":"post-11709","1":"product","2":"type-product","3":"status-publish","4":"has-post-thumbnail","6":"product_cat-contemporain","7":"description-off","9":"first","10":"instock","11":"shipping-taxable","12":"product-type-simple"},"aioseo_notices":[],"_links":{"self":[{"href":"https:\/\/www.gabrielle-laroche.com\/fr\/wp-json\/wp\/v2\/product\/11709","targetHints":{"allow":["GET"]}}],"collection":[{"href":"https:\/\/www.gabrielle-laroche.com\/fr\/wp-json\/wp\/v2\/product"}],"about":[{"href":"https:\/\/www.gabrielle-laroche.com\/fr\/wp-json\/wp\/v2\/types\/product"}],"wp:featuredmedia":[{"embeddable":true,"href":"https:\/\/www.gabrielle-laroche.com\/fr\/wp-json\/wp\/v2\/media\/11722"}],"wp:attachment":[{"href":"https:\/\/www.gabrielle-laroche.com\/fr\/wp-json\/wp\/v2\/media?parent=11709"}],"wp:term":[{"taxonomy":"product_brand","embeddable":true,"href":"https:\/\/www.gabrielle-laroche.com\/fr\/wp-json\/wp\/v2\/product_brand?post=11709"},{"taxonomy":"product_cat","embeddable":true,"href":"https:\/\/www.gabrielle-laroche.com\/fr\/wp-json\/wp\/v2\/product_cat?post=11709"},{"taxonomy":"product_tag","embeddable":true,"href":"https:\/\/www.gabrielle-laroche.com\/fr\/wp-json\/wp\/v2\/product_tag?post=11709"}],"curies":[{"name":"wp","href":"https:\/\/api.w.org\/{rel}","templated":true}]}}

LEONARDO BENATOV &#8211; Hommage à Dali, le dur et le mou

<div class="wpb-content-wrapper"><p>[vc_row][vc_column width= »1/2&Prime;][vc_column_text css= » »]</p>
<p style="text-align: justify;">Biographie de l&rsquo;Artiste  :<span class="Apple-converted-space"> </span></p>
<p style="text-align: justify;">Léonardo Benatov nait en 1942 dans une famille d’artistes ayant fuit la Russie communiste. Son père est peintre (Bounatian-Benatov) et se fera connaître en France en exposant dès 1927 au Salon des Indépendants et au Salon d’Automne. Sa mère est écrivain signant ses ouvrages du nom de Livja Flood. Le cercle familial fréquentera Larionov, Gontcharova, Rodtchenko, Soutine et autres artistes en exile.</p>
<p style="text-align: justify;">A 16 ans Leonardo rejoint au Brésil un oncle et essaie de traverser l’Amazonie. Capturé par les indiens anthropophages, il restera prisonnier un an après avoir épousé la fille du chef de la tribu « Erik Paxa ».</p>
<p style="text-align: justify;">En 1964, la révolution militaire au Brésil le contraint à rentrer en France où il tente sans réussir de présenter une sculpture au Salon d’Automne. A compter de cette date, Léonardo n’aura de cesse que de dessiner et sculpter et c’est naturellement qu’il arrive en 1975/76 à la fonte d’art.</p>
<p style="text-align: justify;">Dès lors, cet artiste au physique imposant mènera de front sa carrière de direction de fonderie et de sculpteur, accordant dans ses œuvres une place particulière aux sentiments, à la détresse et à la grandeur d’être.</p>
<p style="text-align: justify;">Ornant les parcs ou bâtiments publics, on peut admirer un « Homme éclaté » dans le jardin-musée de la ville de Gravelines, une représentation du musicien Rossini à l’Opéra de Pesaro, sa ville natale (ainsi qu’à l’UNESCO), un buste de Napoléon à l’aéroport d’Ajaccio&#8230;</p>
<p style="text-align: justify;">L’artiste a tiré sa révérence le 11 juin 2018, alors que se préparaient des expositions au Japon et en Chine&#8230;<span class="Apple-converted-space"> </span></p>
<p style="text-align: justify;">Léonardo Benatov est titulaire de l’ordre de Chevalier des Arts et des Lettres.</p>
<p>[/vc_column_text][/vc_column][vc_column width= »1/2&Prime;][/vc_column][/vc_row]</p>
</div>

<h4>Leonardo BENATOV</h4>
<p>(1942-2018)</p>
<h4><em>Hommage à Dali, le dur et le mou</em></h4>
<p>&nbsp;</p>
<p style="font-weight: 400;"><strong>Buste de DALI</strong></p>
<p style="font-weight: 400;">Epreuve en bronze patiné</p>
<p>Cire perdue, Bronze signé</p>
<p style="font-weight: 400;">N°EF, fondu par l’artiste dans sa fonderie</p>
<p style="font-weight: 400;">Hauteur : 82 cm avec son socle</p>
<p style="font-weight: 400;">Largeur :  55 cm</p>
<p style="font-weight: 400;">Profondeur : 39 cm</p>
<p style="font-weight: 400;">Socle : 17 x 36 x 31cm</p>
<p>&nbsp;</p>
<p style="font-weight: 400;"><strong>Buste de GALA</strong></p>
<p style="font-weight: 400;">Epreuve en bronze patiné</p>
<p>Cire perdue, Bronze signé</p>
<p style="font-weight: 400;">N°EF, fondu par l’artiste dans sa fonderie</p>
<p style="font-weight: 400;">Hauteur : 82 cm  avec son socle</p>
<p style="font-weight: 400;">Largeur : 48 cm</p>
<p style="font-weight: 400;">Profondeur : 39 cm</p>
<p style="font-weight: 400;">Socle : 17 x 36 x 31cm</p>
<p class="p1"><span class="s1"> </span></p>
<p>&nbsp;</p>
[dt_button size="small" style="default" animation="none" color_mode="default" icon="" icon_align="left" color="" link="mailto:gabrielle-laroche@wanadoo.fr?subject=229_MATHIAS LIPTAY - Elle" target_blank="true"]DEMANDE D&rsquo;INFORMATIONS[/dt_button]
<p>&nbsp;</p>
<p><a href="/fr/contemporains/">Retour aux contemporains</a></p>
