

{"id":1260,"date":"2021-04-28T12:00:38","date_gmt":"2021-04-28T10:00:38","guid":{"rendered":"http:\/\/mrplwpw.cluster030.hosting.ovh.net\/?post_type=product&#038;p=1260"},"modified":"2023-04-03T16:36:35","modified_gmt":"2023-04-03T14:36:35","slug":"cabinet-a-deux-corps-en-noyer-rouge-depoque-renaissance","status":"publish","type":"product","link":"https:\/\/www.gabrielle-laroche.com\/fr\/product\/cabinet-a-deux-corps-en-noyer-rouge-depoque-renaissance\/","title":{"rendered":"CABINET \u00c0 DEUX CORPS EN NOYER ROUGE D\u2019\u00c9POQUE RENAISSANCE"},"content":{"rendered":"<div class=\"wpb-content-wrapper\"><p>[vc_row][vc_column width=\u00a0\u00bb1\/2&Prime;][vc_column_text]<\/p>\n<p class=\"p1\" style=\"text-align: justify;\"><span class=\"s1\">Au d\u00e9but du r\u00e8gne de Henri II (1547-1559), l\u2019ornementation du mobilier \u00e9volue. Les quelques motifs m\u00e9di\u00e9vaux qui apparaissaient encore \u00e7a et l\u00e0 sont d\u00e9finitivement abandonn\u00e9s. Le mobilier, \u00e0 l\u2019architecture parfaite et aux panneaux moulur\u00e9s, se fait alors plus sobre. Les \u00e9l\u00e9ments de d\u00e9cors sollicit\u00e9s par les huchiers sont g\u00e9n\u00e9ralement de fines colonnes \u00e0 f\u00fbts galb\u00e9s, cannel\u00e9s ou lisses, des pennes d\u2019oiseaux, des rosaces ou encore de t\u00eates d\u2019angelots ail\u00e9s. Le haut relief est moins souvent employ\u00e9 et les compositions se font plus l\u00e9g\u00e8res.\u00a0 Pour ce faire, ils puisent leur inspiration dans le r\u00e9pertoire bellifontain, en l\u2019\u00e9purant et l\u2019adaptant au go\u00fbt fran\u00e7ais.<\/span><\/p>\n<p class=\"p1\" style=\"text-align: justify;\"><span class=\"s1\">Durant cette p\u00e9riode, les huchiers se font \u00ab\u00a0architecteur\u00a0\u00bb. En effet l\u2019harmonie architecturale du meuble est au centre de leurs pr\u00e9occupations. L\u2019\u00e9tude des modules antiques est alors une n\u00e9cessit\u00e9. De cette attention accord\u00e9e aux proportions, naissent des meubles raffin\u00e9s, aux lignes pures.<\/span><\/p>\n<p class=\"p1\" style=\"text-align: justify;\"><span class=\"s1\">Ce style est absolument caract\u00e9ristique du r\u00e8gne de Henri II est dispara\u00eetra peu \u00e0 peu sous la r\u00e9gence de Catherine de M\u00e9dicis (1560-1574), \u00e9poque \u00e0 laquelle une abondante ornementation en haut et bas relief reprendra ses droits.<\/span><\/p>\n<p class=\"p1\" style=\"text-align: justify;\"><span class=\"s1\">Ce meuble \u00e0 deux corps \u00e0 faible retrait ouvre par quatre vantaux en fa\u00e7ade et deux tiroirs en ceinture.<\/span><\/p>\n<p class=\"p1\" style=\"text-align: justify;\"><span class=\"s1\">Il s\u2019\u00e9l\u00e8ve sur une base l\u00e9g\u00e8rement moulur\u00e9e sur laquelle s\u2019\u00e9lancent les montants orn\u00e9s de pennes d\u2019oiseaux et de cartouches, encadrant deux vantaux dont les panneaux sont embrev\u00e9s dans des cadres moulur\u00e9s, assembl\u00e9 \u00e0 coupe d\u2019onglet.<\/span><\/p>\n<p class=\"p1\" style=\"text-align: justify;\"><span class=\"s1\">En ceinture, on retrouve sur les deux consoles et sur les tiroirs des motifs de pennes d\u2019oiseaux accompagn\u00e9s d\u2019un jeu de cadres g\u00e9om\u00e9triques.<\/span><\/p>\n<p class=\"p1\" style=\"text-align: justify;\"><span class=\"s1\">Le corps sup\u00e9rieur dissimule un plateau qui une fois d\u00e9voil\u00e9 sert d\u2019\u00e9critoire. Les deux vantaux sont encadr\u00e9s de part et d\u2019autre par des colonnes aux f\u00fbts d\u00e9licatement galb\u00e9s. Les montants lat\u00e9raux sont incrust\u00e9s de trois cartouches de bois noircis tandis qu\u2019au centre, le dormant est sculpt\u00e9 de pennes d\u2019oiseaux et de cartouches.<\/span><\/p>\n<p class=\"p1\" style=\"text-align: justify;\"><span class=\"s1\">Au dessus d\u2019une baguette moulur\u00e9e sont incrust\u00e9s un cartouche de bois noirci rectangulaire et deux autres ovales tandis que dans les angles sont sculpt\u00e9s deux t\u00eates d\u2019angelots ail\u00e9s.<\/span><\/p>\n<p class=\"p1\" style=\"text-align: justify;\"><span class=\"s1\">Le cabinet est surmont\u00e9 d\u2019une corniche.<\/span><\/p>\n<p class=\"p1\" style=\"text-align: justify;\"><span class=\"s1\">Ce meuble appara\u00eet comme un v\u00e9ritable exemple de la production du d\u00e9but de la seconde moiti\u00e9 du XVIe si\u00e8cle. Sa structure parfaitement architectur\u00e9e, la belle harmonie de ses proportions, la simplicit\u00e9 de ses lignes, la sobri\u00e9t\u00e9 de son d\u00e9cor en font un meuble d\u2019une grande beaut\u00e9.<\/span><\/p>\n<p class=\"p1\" style=\"text-align: justify;\"><span class=\"s1\">En outre, la qualit\u00e9 de son bois de noyer rouge \u00e0 grains tr\u00e8s fins et sa belle patine concourent \u00e0 son raffinement.<\/span><\/p>\n<p class=\"p1\" style=\"text-align: justify;\"><span class=\"s1\">\u00a0<\/span><\/p>\n<p class=\"p1\" style=\"text-align: justify;\"><span class=\"s1\"><b>Bibliographie<\/b><\/span><\/p>\n<p class=\"p1\" style=\"text-align: justify;\"><span class=\"s1\">BOCCADOR Jacqueline, <em>Le Mobilier Fran\u00e7ais du Moyen-\u00c2ge \u00e0 la Renaissance<\/em>, 1996, \u00c9ditions d\u2019art Monelle Hayot, Saint-R\u00e9my-en-l\u2019Eau.<\/span><\/p>\n<p>[\/vc_column_text][\/vc_column][vc_column width=\u00a0\u00bb1\/2&Prime;][\/vc_column][\/vc_row]<\/p>\n<\/div>","protected":false},"excerpt":{"rendered":"<h4>CABINET \u00c0 DEUX CORPS EN NOYER ROUGE D\u2019\u00c9POQUE RENAISSANCE<\/h4>\n<p>&nbsp;<\/p>\n<p>ORIGINE : FRANCE, TOULOUSE<br \/>\n\u00c9POQUE : XVIe SI\u00c8CLE<\/p>\n<p>&nbsp;<\/p>\n<p>Hauteur : 180 cm<br \/>\nLargeur : 119 cm<br \/>\nProfondeur : 58 cm<\/p>\n<p>&nbsp;<\/p>\n<p>Bois de noyer rouge<\/p>\n<p>&nbsp;<\/p>\n<p>&nbsp;<\/p>\n[dt_button size=\"small\" style=\"default\" animation=\"none\" color_mode=\"default\" icon=\"\" icon_align=\"left\" color=\"\" link=\"mailto:gabrielle-laroche@wanadoo.fr?subject=162_CABINET \u00c0 DEUX CORPS EN NOYER ROUGE D\u2019\u00c9POQUE RENAISSANCE\" target_blank=\"true\"]DEMANDE D&rsquo;INFORMATIONS[\/dt_button]\n<p>&nbsp;<\/p>\n<p><a href=\"\/fr\/antiquites\/mobilier\/meubles\/\">Retour aux meubles<\/a><\/p>\n","protected":false},"featured_media":1262,"template":"","meta":[],"product_brand":[],"product_cat":[18],"product_tag":[],"class_list":{"0":"post-1260","1":"product","2":"type-product","3":"status-publish","4":"has-post-thumbnail","6":"product_cat-meubles","7":"description-off","9":"first","10":"instock","11":"shipping-taxable","12":"product-type-simple"},"aioseo_notices":[],"_links":{"self":[{"href":"https:\/\/www.gabrielle-laroche.com\/fr\/wp-json\/wp\/v2\/product\/1260","targetHints":{"allow":["GET"]}}],"collection":[{"href":"https:\/\/www.gabrielle-laroche.com\/fr\/wp-json\/wp\/v2\/product"}],"about":[{"href":"https:\/\/www.gabrielle-laroche.com\/fr\/wp-json\/wp\/v2\/types\/product"}],"wp:featuredmedia":[{"embeddable":true,"href":"https:\/\/www.gabrielle-laroche.com\/fr\/wp-json\/wp\/v2\/media\/1262"}],"wp:attachment":[{"href":"https:\/\/www.gabrielle-laroche.com\/fr\/wp-json\/wp\/v2\/media?parent=1260"}],"wp:term":[{"taxonomy":"product_brand","embeddable":true,"href":"https:\/\/www.gabrielle-laroche.com\/fr\/wp-json\/wp\/v2\/product_brand?post=1260"},{"taxonomy":"product_cat","embeddable":true,"href":"https:\/\/www.gabrielle-laroche.com\/fr\/wp-json\/wp\/v2\/product_cat?post=1260"},{"taxonomy":"product_tag","embeddable":true,"href":"https:\/\/www.gabrielle-laroche.com\/fr\/wp-json\/wp\/v2\/product_tag?post=1260"}],"curies":[{"name":"wp","href":"https:\/\/api.w.org\/{rel}","templated":true}]}}

CABINET À DEUX CORPS EN NOYER ROUGE D’ÉPOQUE RENAISSANCE

<div class="wpb-content-wrapper"><p>[vc_row][vc_column width= »1/2&Prime;][vc_column_text]</p>
<p class="p1" style="text-align: justify;"><span class="s1">Au début du règne de Henri II (1547-1559), l’ornementation du mobilier évolue. Les quelques motifs médiévaux qui apparaissaient encore ça et là sont définitivement abandonnés. Le mobilier, à l’architecture parfaite et aux panneaux moulurés, se fait alors plus sobre. Les éléments de décors sollicités par les huchiers sont généralement de fines colonnes à fûts galbés, cannelés ou lisses, des pennes d’oiseaux, des rosaces ou encore de têtes d’angelots ailés. Le haut relief est moins souvent employé et les compositions se font plus légères.  Pour ce faire, ils puisent leur inspiration dans le répertoire bellifontain, en l’épurant et l’adaptant au goût français.</span></p>
<p class="p1" style="text-align: justify;"><span class="s1">Durant cette période, les huchiers se font « architecteur ». En effet l’harmonie architecturale du meuble est au centre de leurs préoccupations. L’étude des modules antiques est alors une nécessité. De cette attention accordée aux proportions, naissent des meubles raffinés, aux lignes pures.</span></p>
<p class="p1" style="text-align: justify;"><span class="s1">Ce style est absolument caractéristique du règne de Henri II est disparaîtra peu à peu sous la régence de Catherine de Médicis (1560-1574), époque à laquelle une abondante ornementation en haut et bas relief reprendra ses droits.</span></p>
<p class="p1" style="text-align: justify;"><span class="s1">Ce meuble à deux corps à faible retrait ouvre par quatre vantaux en façade et deux tiroirs en ceinture.</span></p>
<p class="p1" style="text-align: justify;"><span class="s1">Il s’élève sur une base légèrement moulurée sur laquelle s’élancent les montants ornés de pennes d’oiseaux et de cartouches, encadrant deux vantaux dont les panneaux sont embrevés dans des cadres moulurés, assemblé à coupe d’onglet.</span></p>
<p class="p1" style="text-align: justify;"><span class="s1">En ceinture, on retrouve sur les deux consoles et sur les tiroirs des motifs de pennes d’oiseaux accompagnés d’un jeu de cadres géométriques.</span></p>
<p class="p1" style="text-align: justify;"><span class="s1">Le corps supérieur dissimule un plateau qui une fois dévoilé sert d’écritoire. Les deux vantaux sont encadrés de part et d’autre par des colonnes aux fûts délicatement galbés. Les montants latéraux sont incrustés de trois cartouches de bois noircis tandis qu’au centre, le dormant est sculpté de pennes d’oiseaux et de cartouches.</span></p>
<p class="p1" style="text-align: justify;"><span class="s1">Au dessus d’une baguette moulurée sont incrustés un cartouche de bois noirci rectangulaire et deux autres ovales tandis que dans les angles sont sculptés deux têtes d’angelots ailés.</span></p>
<p class="p1" style="text-align: justify;"><span class="s1">Le cabinet est surmonté d’une corniche.</span></p>
<p class="p1" style="text-align: justify;"><span class="s1">Ce meuble apparaît comme un véritable exemple de la production du début de la seconde moitié du XVIe siècle. Sa structure parfaitement architecturée, la belle harmonie de ses proportions, la simplicité de ses lignes, la sobriété de son décor en font un meuble d’une grande beauté.</span></p>
<p class="p1" style="text-align: justify;"><span class="s1">En outre, la qualité de son bois de noyer rouge à grains très fins et sa belle patine concourent à son raffinement.</span></p>
<p class="p1" style="text-align: justify;"><span class="s1"> </span></p>
<p class="p1" style="text-align: justify;"><span class="s1"><b>Bibliographie</b></span></p>
<p class="p1" style="text-align: justify;"><span class="s1">BOCCADOR Jacqueline, <em>Le Mobilier Français du Moyen-Âge à la Renaissance</em>, 1996, Éditions d’art Monelle Hayot, Saint-Rémy-en-l’Eau.</span></p>
<p>[/vc_column_text][/vc_column][vc_column width= »1/2&Prime;][/vc_column][/vc_row]</p>
</div>

<h4>CABINET À DEUX CORPS EN NOYER ROUGE D’ÉPOQUE RENAISSANCE</h4>
<p>&nbsp;</p>
<p>ORIGINE : FRANCE, TOULOUSE<br />
ÉPOQUE : XVIe SIÈCLE</p>
<p>&nbsp;</p>
<p>Hauteur : 180 cm<br />
Largeur : 119 cm<br />
Profondeur : 58 cm</p>
<p>&nbsp;</p>
<p>Bois de noyer rouge</p>
<p>&nbsp;</p>
<p>&nbsp;</p>
[dt_button size="small" style="default" animation="none" color_mode="default" icon="" icon_align="left" color="" link="mailto:gabrielle-laroche@wanadoo.fr?subject=162_CABINET À DEUX CORPS EN NOYER ROUGE D’ÉPOQUE RENAISSANCE" target_blank="true"]DEMANDE D&rsquo;INFORMATIONS[/dt_button]
<p>&nbsp;</p>
<p><a href="/fr/antiquites/mobilier/meubles/">Retour aux meubles</a></p>
