

{"id":1288,"date":"2021-05-04T12:00:12","date_gmt":"2021-05-04T10:00:12","guid":{"rendered":"http:\/\/mrplwpw.cluster030.hosting.ovh.net\/?post_type=product&#038;p=1288"},"modified":"2025-11-10T17:03:10","modified_gmt":"2025-11-10T16:03:10","slug":"dressoir-en-noyer-depoque-renaissance","status":"publish","type":"product","link":"https:\/\/www.gabrielle-laroche.com\/fr\/product\/dressoir-en-noyer-depoque-renaissance\/","title":{"rendered":"DRESSOIR EN NOYER D&rsquo;\u00c9POQUE RENAISSANCE"},"content":{"rendered":"<div class=\"wpb-content-wrapper\"><p>[vc_row][vc_column width=\u00a0\u00bb1\/2&Prime;][vc_column_text]<\/p>\n<p style=\"text-align: justify;\">Le dressoir du Moyen-Age est un meuble en deux parties\u00a0: la partie basse est vide, la partie haute est pleine et ferm\u00e9e.<\/p>\n<p style=\"text-align: justify;\">Agr\u00e9ment\u00e9e d\u2019une sculpture abondante en fa\u00e7ade et sur les c\u00f4t\u00e9s, la partie sup\u00e9rieure est divis\u00e9e en deux vantaux et trois montants d\u00e9cor\u00e9s de pilastres cannel\u00e9s \u00e0 chapiteaux corinthiens.<\/p>\n<p style=\"text-align: justify;\">Sur chaque vantail et sur les c\u00f4t\u00e9s, la composition s\u2019organise autour d\u2019un motif central\u00a0: m\u00e9daillons floraux, encadr\u00e9s de cuirs d\u00e9coup\u00e9s.<\/p>\n<p style=\"text-align: justify;\">Deux pieds balustres, allong\u00e9s, \u00e0 f\u00fbts profond\u00e9ment cannel\u00e9s, soutiennent, en ceinture, un rang de deux tiroirs agr\u00e9ment\u00e9s d\u2019un d\u00e9cor \u00e0 oves.<\/p>\n<p>[\/vc_column_text][\/vc_column][vc_column width=\u00a0\u00bb1\/2&Prime;][\/vc_column][\/vc_row]<\/p>\n<\/div>","protected":false},"excerpt":{"rendered":"<h4>DRESSOIR EN NOYER D&rsquo;\u00c9POQUE RENAISSANCE<\/h4>\n<p>&nbsp;<\/p>\n<p>ORIGINE : FRANCE &#8211; R\u00c9GION LYONNAISE<br \/>\n\u00c9POQUE : PREMI\u00c8RE RENAISSANCE<\/p>\n<p>&nbsp;<\/p>\n<p>Hauteur : 137 cm<br \/>\nLargeur : 113 cm<br \/>\nProfondeur : 46.5 cm<\/p>\n<p>&nbsp;<\/p>\n<p>&nbsp;<\/p>\n[dt_button size=\"small\" style=\"default\" animation=\"none\" color_mode=\"default\" icon=\"\" icon_align=\"left\" color=\"\" link=\"mailto:gabrielle-laroche@wanadoo.fr?subject=3_DRESSOIR EN NOYER D'\u00c9POQUE RENAISSANCE\" target_blank=\"true\"]DEMANDE D&rsquo;INFORMATIONS[\/dt_button]\n<p>&nbsp;<\/p>\n<p><a href=\"\/fr\/antiquites\/mobilier\/meubles\/\">Retour aux meubles<\/a><\/p>\n","protected":false},"featured_media":4548,"template":"","meta":[],"product_brand":[],"product_cat":[17],"product_tag":[],"class_list":{"0":"post-1288","1":"product","2":"type-product","3":"status-publish","4":"has-post-thumbnail","6":"product_cat-uncategorized","7":"description-off","9":"first","10":"instock","11":"shipping-taxable","12":"product-type-simple"},"aioseo_notices":[],"_links":{"self":[{"href":"https:\/\/www.gabrielle-laroche.com\/fr\/wp-json\/wp\/v2\/product\/1288","targetHints":{"allow":["GET"]}}],"collection":[{"href":"https:\/\/www.gabrielle-laroche.com\/fr\/wp-json\/wp\/v2\/product"}],"about":[{"href":"https:\/\/www.gabrielle-laroche.com\/fr\/wp-json\/wp\/v2\/types\/product"}],"wp:featuredmedia":[{"embeddable":true,"href":"https:\/\/www.gabrielle-laroche.com\/fr\/wp-json\/wp\/v2\/media\/4548"}],"wp:attachment":[{"href":"https:\/\/www.gabrielle-laroche.com\/fr\/wp-json\/wp\/v2\/media?parent=1288"}],"wp:term":[{"taxonomy":"product_brand","embeddable":true,"href":"https:\/\/www.gabrielle-laroche.com\/fr\/wp-json\/wp\/v2\/product_brand?post=1288"},{"taxonomy":"product_cat","embeddable":true,"href":"https:\/\/www.gabrielle-laroche.com\/fr\/wp-json\/wp\/v2\/product_cat?post=1288"},{"taxonomy":"product_tag","embeddable":true,"href":"https:\/\/www.gabrielle-laroche.com\/fr\/wp-json\/wp\/v2\/product_tag?post=1288"}],"curies":[{"name":"wp","href":"https:\/\/api.w.org\/{rel}","templated":true}]}}

DRESSOIR EN NOYER D&rsquo;ÉPOQUE RENAISSANCE

<div class="wpb-content-wrapper"><p>[vc_row][vc_column width= »1/2&Prime;][vc_column_text]</p>
<p style="text-align: justify;">Le dressoir du Moyen-Age est un meuble en deux parties : la partie basse est vide, la partie haute est pleine et fermée.</p>
<p style="text-align: justify;">Agrémentée d’une sculpture abondante en façade et sur les côtés, la partie supérieure est divisée en deux vantaux et trois montants décorés de pilastres cannelés à chapiteaux corinthiens.</p>
<p style="text-align: justify;">Sur chaque vantail et sur les côtés, la composition s’organise autour d’un motif central : médaillons floraux, encadrés de cuirs découpés.</p>
<p style="text-align: justify;">Deux pieds balustres, allongés, à fûts profondément cannelés, soutiennent, en ceinture, un rang de deux tiroirs agrémentés d’un décor à oves.</p>
<p>[/vc_column_text][/vc_column][vc_column width= »1/2&Prime;][/vc_column][/vc_row]</p>
</div>

<h4>DRESSOIR EN NOYER D&rsquo;ÉPOQUE RENAISSANCE</h4>
<p>&nbsp;</p>
<p>ORIGINE : FRANCE &#8211; RÉGION LYONNAISE<br />
ÉPOQUE : PREMIÈRE RENAISSANCE</p>
<p>&nbsp;</p>
<p>Hauteur : 137 cm<br />
Largeur : 113 cm<br />
Profondeur : 46.5 cm</p>
<p>&nbsp;</p>
<p>&nbsp;</p>
[dt_button size="small" style="default" animation="none" color_mode="default" icon="" icon_align="left" color="" link="mailto:gabrielle-laroche@wanadoo.fr?subject=3_DRESSOIR EN NOYER D'ÉPOQUE RENAISSANCE" target_blank="true"]DEMANDE D&rsquo;INFORMATIONS[/dt_button]
<p>&nbsp;</p>
<p><a href="/fr/antiquites/mobilier/meubles/">Retour aux meubles</a></p>
