

{"id":1337,"date":"2021-05-08T12:00:27","date_gmt":"2021-05-08T10:00:27","guid":{"rendered":"http:\/\/mrplwpw.cluster030.hosting.ovh.net\/?post_type=product&#038;p=1337"},"modified":"2025-04-09T13:00:13","modified_gmt":"2025-04-09T11:00:13","slug":"importante-credenza-en-noyer-sculpte-de-la-renaissance","status":"publish","type":"product","link":"https:\/\/www.gabrielle-laroche.com\/fr\/product\/importante-credenza-en-noyer-sculpte-de-la-renaissance\/","title":{"rendered":"IMPORTANTE CREDENZA EN NOYER SCULPT\u00c9 DE LA RENAISSANCE"},"content":{"rendered":"<div class=\"wpb-content-wrapper\"><p>[vc_row][vc_column width=\u00a0\u00bb1\/2&Prime;][vc_column_text]<\/p>\n<p class=\"p1\" style=\"text-align: justify;\"><span class=\"s1\"><b>Elle a \u00e9t\u00e9 pr\u00e9sent\u00e9 lors de la \u2018<em>IV Mostra Mercato Internazionale dell\u2019Antiquariato, Tesori d\u2019Arte a Venezia, Palazzo Grassi, 11 ottobre \u2013 2 novembre 1980<\/em>, page 264<\/b><\/span><\/p>\n<p class=\"p1\" style=\"text-align: justify;\"><span class=\"s1\">Notre credenza qui d\u00e9gage force et grande sobri\u00e9t\u00e9 ouvre \u00e0 deux vantaux en fa\u00e7ade. La ceinture pr\u00e9sente trois tiroirs et supporte un \u00e9pais plateau d\u00e9bordant.<\/span><\/p>\n<p class=\"p1\" style=\"text-align: justify;\"><span class=\"s1\">Reposant sur des pieds \u00e0 motif de patte de lion et sur une base moulur\u00e9e \u00e0 godrons, ce meuble d\u2019une grande \u00e9l\u00e9gance tire son rythme et son d\u00e9cor de sa structure et de sa forme.<\/span><\/p>\n<p class=\"p1\" style=\"text-align: justify;\"><span class=\"s1\">De part et d\u2019autre des deux vantaux, un d\u00e9cor sculpt\u00e9 tr\u00e8s raffin\u00e9 de dauphins de la Renaissance s\u2019oppose \u00e0 la sobri\u00e9t\u00e9 des vantaux simplement orn\u00e9s \u00e0 chaque extr\u00e9mit\u00e9 de quatre boutons.<\/span><\/p>\n<p class=\"p1\" style=\"text-align: justify;\"><span class=\"s1\">Au centre, s\u00e9parant les deux portes, un motif vertical de guirlandes fleuries accentue ce contraste entre les deux vantaux et le reste de la fa\u00e7ade, cr\u00e9ant ainsi une harmonie et un \u00e9quilibre.<\/span><\/p>\n<p class=\"p1\" style=\"text-align: justify;\"><span class=\"s1\">L\u2019ouverture des tirroirs finement sculpt\u00e9s en frise d\u2019accolades fleuries, est assur\u00e9e par des pandeloques.<\/span><\/p>\n<p class=\"p1\" style=\"text-align: justify;\"><span class=\"s1\">Cette importante et rare credenza, caract\u00e9rise les productions v\u00e9nitiennes parmi les plus belles que l\u2019Italie du Nord ait produite au <em>Cinquecento<\/em>.<\/span><\/p>\n<p>[\/vc_column_text][\/vc_column][vc_column width=\u00a0\u00bb1\/2&Prime;][\/vc_column][\/vc_row]<\/p>\n<\/div>","protected":false},"excerpt":{"rendered":"<h4>IMPORTANTE <em>CREDENZA<\/em> EN NOYER SCULPT\u00c9 DE LA RENAISSANCE<\/h4>\n<p>&nbsp;<\/p>\n<p>ORIGINE : ITALIE, VENISE<br \/>\n\u00c9POQUE : XVIe SI\u00c8CLE<\/p>\n<p>&nbsp;<\/p>\n<p>Hauteur : 124 cm<br \/>\nLongueur : 166 cm<br \/>\nProfondeur : 62 cm<\/p>\n<p>&nbsp;<\/p>\n<p>Bois de noyer<br \/>\nRestaurations d\u2019usage et d\u2019entretien<\/p>\n<p>&nbsp;<\/p>\n<p>Ancienne collection de la \u2018<em>Galleria d\u2019Arte Antica Regina Cornaro<\/em>\u2019<\/p>\n<p>&nbsp;<\/p>\n<p>&nbsp;<\/p>\n[dt_button size=\"small\" style=\"default\" animation=\"none\" color_mode=\"default\" icon=\"\" icon_align=\"left\" color=\"\" link=\"mailto:gabrielle-laroche@wanadoo.fr?subject=14_IMPORTANTE CREDENZA EN NOYER SCULPT\u00c9 DE LA RENAISSANCE\" target_blank=\"true\"]DEMANDE D&rsquo;INFORMATIONS[\/dt_button]\n<p>&nbsp;<\/p>\n<p><a href=\"\/fr\/antiquites\/mobilier\/meubles\/\">Retour aux meubles<\/a><\/p>\n","protected":false},"featured_media":1339,"template":"","meta":[],"product_brand":[],"product_cat":[17],"product_tag":[],"class_list":{"0":"post-1337","1":"product","2":"type-product","3":"status-publish","4":"has-post-thumbnail","6":"product_cat-uncategorized","7":"description-off","9":"first","10":"instock","11":"shipping-taxable","12":"product-type-simple"},"aioseo_notices":[],"_links":{"self":[{"href":"https:\/\/www.gabrielle-laroche.com\/fr\/wp-json\/wp\/v2\/product\/1337","targetHints":{"allow":["GET"]}}],"collection":[{"href":"https:\/\/www.gabrielle-laroche.com\/fr\/wp-json\/wp\/v2\/product"}],"about":[{"href":"https:\/\/www.gabrielle-laroche.com\/fr\/wp-json\/wp\/v2\/types\/product"}],"wp:featuredmedia":[{"embeddable":true,"href":"https:\/\/www.gabrielle-laroche.com\/fr\/wp-json\/wp\/v2\/media\/1339"}],"wp:attachment":[{"href":"https:\/\/www.gabrielle-laroche.com\/fr\/wp-json\/wp\/v2\/media?parent=1337"}],"wp:term":[{"taxonomy":"product_brand","embeddable":true,"href":"https:\/\/www.gabrielle-laroche.com\/fr\/wp-json\/wp\/v2\/product_brand?post=1337"},{"taxonomy":"product_cat","embeddable":true,"href":"https:\/\/www.gabrielle-laroche.com\/fr\/wp-json\/wp\/v2\/product_cat?post=1337"},{"taxonomy":"product_tag","embeddable":true,"href":"https:\/\/www.gabrielle-laroche.com\/fr\/wp-json\/wp\/v2\/product_tag?post=1337"}],"curies":[{"name":"wp","href":"https:\/\/api.w.org\/{rel}","templated":true}]}}

IMPORTANTE CREDENZA EN NOYER SCULPTÉ DE LA RENAISSANCE

<div class="wpb-content-wrapper"><p>[vc_row][vc_column width= »1/2&Prime;][vc_column_text]</p>
<p class="p1" style="text-align: justify;"><span class="s1"><b>Elle a été présenté lors de la ‘<em>IV Mostra Mercato Internazionale dell’Antiquariato, Tesori d’Arte a Venezia, Palazzo Grassi, 11 ottobre – 2 novembre 1980</em>, page 264</b></span></p>
<p class="p1" style="text-align: justify;"><span class="s1">Notre credenza qui dégage force et grande sobriété ouvre à deux vantaux en façade. La ceinture présente trois tiroirs et supporte un épais plateau débordant.</span></p>
<p class="p1" style="text-align: justify;"><span class="s1">Reposant sur des pieds à motif de patte de lion et sur une base moulurée à godrons, ce meuble d’une grande élégance tire son rythme et son décor de sa structure et de sa forme.</span></p>
<p class="p1" style="text-align: justify;"><span class="s1">De part et d’autre des deux vantaux, un décor sculpté très raffiné de dauphins de la Renaissance s’oppose à la sobriété des vantaux simplement ornés à chaque extrémité de quatre boutons.</span></p>
<p class="p1" style="text-align: justify;"><span class="s1">Au centre, séparant les deux portes, un motif vertical de guirlandes fleuries accentue ce contraste entre les deux vantaux et le reste de la façade, créant ainsi une harmonie et un équilibre.</span></p>
<p class="p1" style="text-align: justify;"><span class="s1">L’ouverture des tirroirs finement sculptés en frise d’accolades fleuries, est assurée par des pandeloques.</span></p>
<p class="p1" style="text-align: justify;"><span class="s1">Cette importante et rare credenza, caractérise les productions vénitiennes parmi les plus belles que l’Italie du Nord ait produite au <em>Cinquecento</em>.</span></p>
<p>[/vc_column_text][/vc_column][vc_column width= »1/2&Prime;][/vc_column][/vc_row]</p>
</div>

<h4>IMPORTANTE <em>CREDENZA</em> EN NOYER SCULPTÉ DE LA RENAISSANCE</h4>
<p>&nbsp;</p>
<p>ORIGINE : ITALIE, VENISE<br />
ÉPOQUE : XVIe SIÈCLE</p>
<p>&nbsp;</p>
<p>Hauteur : 124 cm<br />
Longueur : 166 cm<br />
Profondeur : 62 cm</p>
<p>&nbsp;</p>
<p>Bois de noyer<br />
Restaurations d’usage et d’entretien</p>
<p>&nbsp;</p>
<p>Ancienne collection de la ‘<em>Galleria d’Arte Antica Regina Cornaro</em>’</p>
<p>&nbsp;</p>
<p>&nbsp;</p>
[dt_button size="small" style="default" animation="none" color_mode="default" icon="" icon_align="left" color="" link="mailto:gabrielle-laroche@wanadoo.fr?subject=14_IMPORTANTE CREDENZA EN NOYER SCULPTÉ DE LA RENAISSANCE" target_blank="true"]DEMANDE D&rsquo;INFORMATIONS[/dt_button]
<p>&nbsp;</p>
<p><a href="/fr/antiquites/mobilier/meubles/">Retour aux meubles</a></p>
