

{"id":1867,"date":"2021-04-23T05:00:11","date_gmt":"2021-04-23T03:00:11","guid":{"rendered":"http:\/\/mrplwpw.cluster030.hosting.ovh.net\/?post_type=product&#038;p=1867"},"modified":"2024-08-07T10:45:51","modified_gmt":"2024-08-07T08:45:51","slug":"blasco-ferrer-femme-aux-petits-seins","status":"publish","type":"product","link":"https:\/\/www.gabrielle-laroche.com\/fr\/product\/blasco-ferrer-femme-aux-petits-seins\/","title":{"rendered":"BLASCO FERRER &#8211; Femme aux petits seins"},"content":{"rendered":"<div class=\"wpb-content-wrapper\"><p>[vc_row][vc_column width=\u00a0\u00bb1\/2&Prime;][vc_column_text]<\/p>\n<p class=\"p1\" style=\"text-align: justify;\"><span class=\"s1\">Eleuterio Blasco-Ferrer, peintre et sculpteur est n\u00e9 en 1907 \u00e0 Foz-Calanda en Aragon province espagnole.<\/span><\/p>\n<p class=\"p1\" style=\"text-align: justify;\"><span class=\"s1\">Il est l\u2019un des nombreux enfants d\u2019un potier et tr\u00e8s jeune il est attir\u00e9 par la glaise et commence \u00e0 modeler ses premi\u00e8res statuettes<\/span><\/p>\n<p class=\"p1\" style=\"text-align: justify;\"><span class=\"s1\">D\u2019un esprit curieux, il recherche d\u2019autres mat\u00e9riaux et r\u00e9cup\u00e8re alors de vieilles bo\u00eetes de conserve qu\u2019il d\u00e9coupe avec des ciseaux et fa\u00e7onne \u00e0 l\u2019aide d\u2019une pince cherchant \u00e0 exprimer le mouvement;<\/span><\/p>\n<p class=\"p1\" style=\"text-align: justify;\"><span class=\"s1\">Il quitte le foyer familial pour prendre son envol et exerce pour vivre toutes sortes de m\u00e9tier. Arriv\u00e9 en Catalogne il s\u2019inscrit au cours de l\u2019\u00e9cole des beaux-arts de Barcelone et ne tarde pas \u00e0 entrer en conflit avec ses professeurs.<\/span><\/p>\n<p class=\"p1\" style=\"text-align: justify;\"><span class=\"s1\">Il commence \u00e0 exposer en Espagne ses peintures et ses sculptures. Les circonstances le poussent \u00e0 quitter son pays. Il s\u2019installe en France \u00e0 Paris le 10 f\u00e9vrier 1939, 52 rue du Chemin-Vert dans le XIe arrondissement.<\/span><\/p>\n<p class=\"p1\" style=\"text-align: justify;\"><span class=\"s1\">Tr\u00e8s rapidement il est consid\u00e9r\u00e9 comme l\u2019un des plus grands sculpteurs de m\u00e9tal.\u00a0<\/span><\/p>\n<p class=\"p1\" style=\"text-align: justify;\"><span class=\"s1\">Il d\u00e9coupe ou forge le m\u00e9tal en cr\u00e9ant des pi\u00e8ces uniques.<\/span><\/p>\n<p class=\"p1\" style=\"text-align: justify;\"><span class=\"s1\">En 1960 il obtient le Prix International de Plastique de l\u2019Acad\u00e9mie des Hesp\u00e9rides pour son Don Quichotte \u00e0 la Galerie C\u00e9zanne.<\/span><\/p>\n<p class=\"p1\" style=\"text-align: justify;\"><span class=\"s1\">Il expose en France et en Europe avec les plus grands: Picasso un ami proche qui poss\u00e8de une oeuvre de lui, Braque, Modigliani, Derain, Klee, Gris, Sert, Miro, Dali\u2026<\/span><\/p>\n<p class=\"p1\" style=\"text-align: justify;\"><span class=\"s1\">Il a expos\u00e9 plus pr\u00e9cis\u00e9ment \u00e0 la Hague, \u00e0 Amsterdam et \u00e0 Bruxelles o\u00f9 en 1964 il obtient la m\u00e9daille de bronze par le Conseil Europ\u00e9en d\u2019art et d\u2019esth\u00e9tique.<\/span><\/p>\n<p class=\"p1\" style=\"text-align: justify;\"><span class=\"s1\">Ses oeuvres sont acquises par le mus\u00e9e de la Ville de Paris et le mus\u00e9e d\u2019art moderne.<\/span><\/p>\n<p>&nbsp;<\/p>\n<p class=\"p1\" style=\"text-align: justify;\"><span class=\"s1\"><b>Expositions<\/b><\/span><\/p>\n<p class=\"p1\" style=\"text-align: justify;\"><span class=\"s1\">Paris Galerie de Berri 1942<\/span><\/p>\n<p class=\"p1\" style=\"text-align: justify;\"><span class=\"s1\">Galerie Bosc 1948<\/span><\/p>\n<p class=\"p1\" style=\"text-align: justify;\"><span class=\"s1\">Galerie Jean Lambert 1950\u00a0<\/span><\/p>\n<p class=\"p1\" style=\"text-align: justify;\"><span class=\"s1\">Galerie J. Le Chapelin 1955 et 1958<\/span><\/p>\n<p class=\"p1\" style=\"text-align: justify;\"><span class=\"s1\">Galerie des Grands Augustins 1967<\/span><\/p>\n<p class=\"p1\" style=\"text-align: justify;\"><span class=\"s1\">Marseille, Galerie Puget 1958<\/span><\/p>\n<p class=\"p1\" style=\"text-align: justify;\"><span class=\"s1\">Barcelone, Galerie Argos 1955<\/span><\/p>\n<p>&nbsp;<\/p>\n<p class=\"p1\" style=\"text-align: justify;\"><span class=\"s1\"><b>Bibliographie<\/b><\/span><\/p>\n<p class=\"p1\" style=\"text-align: justify;\"><span class=\"s1\">B\u00e9n\u00e9zit, 2000, Tome II, page 75<\/span><\/p>\n<p class=\"p1\" style=\"text-align: justify;\"><span class=\"s1\">Amateur d\u2019art, 10 juin 1960<\/span><\/p>\n<p class=\"p1\" style=\"text-align: justify;\"><span class=\"s1\">Questionnaire \u00e0 la Documentation du Mus\u00e9e Centre\u00a0Pompidou<\/span><\/p>\n<p class=\"p1\" style=\"text-align: justify;\"><span class=\"s1\">Blasco-Ferrer en el Barrio Latino, Arte in Paris<\/span><\/p>\n<p>[\/vc_column_text][\/vc_column][vc_column width=\u00a0\u00bb1\/2&Prime;][\/vc_column][\/vc_row][vc_row][vc_column][vc_column_text]<\/p>\n<p style=\"text-align: center;\"><div class=\"_3d-flip-book  fb3d-fullscreen-mode full-size\" data-id=\"1877\" data-mode=\"fullscreen\" data-title=\"false\" data-template=\"short-white-book-view\" data-lightbox=\"dark-shadow\" data-urlparam=\"fb3d-page\" data-page-n=\"0\" data-pdf=\"\" data-tax=\"null\" data-thumbnail=\"\" data-cols=\"3\" data-book-template=\"default\" data-trigger=\"\"><\/div><script type=\"text\/javascript\">window.FB3D_CLIENT_DATA = window.FB3D_CLIENT_DATA || [];FB3D_CLIENT_DATA.push('eyJwb3N0cyI6eyIxODc3Ijp7IklEIjoxODc3LCJ0aXRsZSI6IkJMQVNDTyBGRVJSRVIgLSBDYXRhbG9ndWUgMSIsInR5cGUiOiJwZGYiLCJyZWFkeV9mdW5jdGlvbiI6IiIsImJvb2tfc3R5bGUiOiJmbGF0IiwiYm9va190ZW1wbGF0ZSI6Im5vbmUiLCJvdXRsaW5lIjpbXSwiZGF0YSI6eyJwb3N0X0lEIjoiMTg4NyIsImd1aWQiOiJodHRwczpcL1wvd3d3LmdhYnJpZWxsZS1sYXJvY2hlLmNvbVwvd3AtY29udGVudFwvdXBsb2Fkc1wvMjAyMVwvMDNcL0JMQVNDTy1GRVJSRVItQ2F0YVx1MDMwMWxvZ28xLnBkZiIsInBkZl9wYWdlcyI6IjEwMCIsInBhZ2VzX2N1c3RvbWl6YXRpb24iOiJub25lIn0sInRodW1ibmFpbCI6eyJkYXRhIjp7InBvc3RfSUQiOiIwIn0sInR5cGUiOiJhdXRvIn0sInByb3BzIjp7ImNhY2hlZFBhZ2VzIjoiYXV0byIsInJlbmRlckluYWN0aXZlUGFnZXMiOiJhdXRvIiwicmVuZGVySW5hY3RpdmVQYWdlc09uTW9iaWxlIjoiYXV0byIsInJlbmRlcldoaWxlRmxpcHBpbmciOiJhdXRvIiwicHJlbG9hZFBhZ2VzIjoiYXV0byIsInJ0bCI6ImF1dG8iLCJzaGVldCI6eyJzdGFydFZlbG9jaXR5IjoiYXV0byIsIndhdmUiOiJhdXRvIiwid2lkdGhUZXhlbHMiOiJhdXRvIiwiY29sb3IiOiJhdXRvIiwic2lkZSI6ImF1dG8iLCJjb3JuZXJEZXZpYXRpb24iOiJhdXRvIiwiZmxleGliaWxpdHkiOiJhdXRvIiwiZmxleGlibGVDb3JuZXIiOiJhdXRvIiwiYmVuZGluZyI6ImF1dG8iLCJoZWlnaHRUZXhlbHMiOiJhdXRvIn0sImNvdmVyIjp7IndhdmUiOiJhdXRvIiwiY29sb3IiOiJhdXRvIiwiYmluZGVyVGV4dHVyZSI6ImF1dG8iLCJkZXB0aCI6ImF1dG8iLCJwYWRkaW5nIjoiYXV0byIsInN0YXJ0VmVsb2NpdHkiOiJhdXRvIiwiZmxleGliaWxpdHkiOiJhdXRvIiwiZmxleGlibGVDb3JuZXIiOiJhdXRvIiwiYmVuZGluZyI6ImF1dG8iLCJ3aWR0aFRleGVscyI6ImF1dG8iLCJoZWlnaHRUZXhlbHMiOiJhdXRvIiwibWFzcyI6ImF1dG8iLCJzaWRlIjoiYXV0byJ9LCJwYWdlIjp7IndhdmUiOiJhdXRvIiwiY29sb3IiOiJhdXRvIiwiZGVwdGgiOiJhdXRvIiwic3RhcnRWZWxvY2l0eSI6ImF1dG8iLCJmbGV4aWJpbGl0eSI6ImF1dG8iLCJmbGV4aWJsZUNvcm5lciI6ImF1dG8iLCJiZW5kaW5nIjoiYXV0byIsIndpZHRoVGV4ZWxzIjoiYXV0byIsImhlaWdodFRleGVscyI6ImF1dG8iLCJtYXNzIjoiYXV0byIsInNpZGUiOiJhdXRvIn0sImhlaWdodCI6ImF1dG8iLCJ3aWR0aCI6ImF1dG8iLCJncmF2aXR5IjoiYXV0byIsInBhZ2VzRm9yUHJlZGljdGluZyI6ImF1dG8ifSwiY29udHJvbFByb3BzIjp7ImFjdGlvbnMiOnsiY21kU2F2ZSI6eyJlbmFibGVkIjoiYXV0byIsImVuYWJsZWRJbk5hcnJvdyI6ImF1dG8ifSwiY21kUHJpbnQiOnsiZW5hYmxlZCI6ImF1dG8iLCJlbmFibGVkSW5OYXJyb3ciOiJhdXRvIn0sImNtZFNpbmdsZVBhZ2UiOnsiZW5hYmxlZCI6ImF1dG8iLCJlbmFibGVkSW5OYXJyb3ciOiJhdXRvIiwiYWN0aXZlIjoiYXV0byJ9fX0sImF1dG9UaHVtYm5haWwiOiJodHRwczpcL1wvd3d3LmdhYnJpZWxsZS1sYXJvY2hlLmNvbVwvd3AtY29udGVudFwvdXBsb2Fkc1wvM2QtZmxpcC1ib29rXC9hdXRvLXRodW1ibmFpbHNcLzE4NzcucG5nIiwicG9zdF9uYW1lIjoiYmxhc2NvLWZlcnJlci1jYXRhbG9ndWUtMS1mciIsInBvc3RfdHlwZSI6IjNkLWZsaXAtYm9vayJ9fSwicGFnZXMiOltdLCJmaXJzdFBhZ2VzIjpbXX0=');window.FB3D_CLIENT_LOCALE && FB3D_CLIENT_LOCALE.render && FB3D_CLIENT_LOCALE.render();<\/script><\/p>\n<p>[\/vc_column_text][\/vc_column][\/vc_row]<\/p>\n<\/div>","protected":false},"excerpt":{"rendered":"<h4 class=\"p1\"><span class=\"s1\">Eleuterio BLASCO-FERRER dit BLASCO<\/span><\/h4>\n<h4 class=\"p1\"><em><span class=\"s1\">Femme aux petits seins<\/span><\/em><\/h4>\n<p>&nbsp;<\/p>\n<p class=\"p1\"><span class=\"s1\">XXe si\u00e8cle<\/span><\/p>\n<p class=\"p1\"><span class=\"s1\">Fer d\u00e9coup\u00e9<\/span><\/p>\n<p class=\"p1\"><span class=\"s1\">Sign\u00e9 sur la terrasse<\/span><\/p>\n<p>&nbsp;<\/p>\n<p class=\"p1\"><span class=\"s1\">Hauteur\u00a0: 54 cm<\/span><\/p>\n<p class=\"p1\"><span class=\"s1\">Largeur\u00a0: 38 cm<\/span><\/p>\n<p class=\"p1\"><span class=\"s1\">Profondeur\u00a0: 11 cm<\/span><\/p>\n<p>&nbsp;<\/p>\n<p class=\"p1\"><span class=\"s1\">\u00a0<\/span><\/p>\n[dt_button size=\"small\" style=\"default\" animation=\"none\" color_mode=\"default\" icon=\"\" icon_align=\"left\" color=\"\" link=\"mailto:gabrielle-laroche@wanadoo.fr?subject=24_BLASCO FERRER - Femme aux petits seins\" target_blank=\"true\"]DEMANDE D&rsquo;INFORMATIONS[\/dt_button]\n<p>&nbsp;<\/p>\n<p><a href=\"\/fr\/contemporains\/\">Retour aux contemporains<\/a><\/p>\n","protected":false},"featured_media":3945,"template":"","meta":[],"product_brand":[],"product_cat":[39],"product_tag":[],"class_list":{"0":"post-1867","1":"product","2":"type-product","3":"status-publish","4":"has-post-thumbnail","6":"product_cat-contemporain","7":"description-off","9":"first","10":"instock","11":"shipping-taxable","12":"product-type-simple"},"aioseo_notices":[],"_links":{"self":[{"href":"https:\/\/www.gabrielle-laroche.com\/fr\/wp-json\/wp\/v2\/product\/1867","targetHints":{"allow":["GET"]}}],"collection":[{"href":"https:\/\/www.gabrielle-laroche.com\/fr\/wp-json\/wp\/v2\/product"}],"about":[{"href":"https:\/\/www.gabrielle-laroche.com\/fr\/wp-json\/wp\/v2\/types\/product"}],"wp:featuredmedia":[{"embeddable":true,"href":"https:\/\/www.gabrielle-laroche.com\/fr\/wp-json\/wp\/v2\/media\/3945"}],"wp:attachment":[{"href":"https:\/\/www.gabrielle-laroche.com\/fr\/wp-json\/wp\/v2\/media?parent=1867"}],"wp:term":[{"taxonomy":"product_brand","embeddable":true,"href":"https:\/\/www.gabrielle-laroche.com\/fr\/wp-json\/wp\/v2\/product_brand?post=1867"},{"taxonomy":"product_cat","embeddable":true,"href":"https:\/\/www.gabrielle-laroche.com\/fr\/wp-json\/wp\/v2\/product_cat?post=1867"},{"taxonomy":"product_tag","embeddable":true,"href":"https:\/\/www.gabrielle-laroche.com\/fr\/wp-json\/wp\/v2\/product_tag?post=1867"}],"curies":[{"name":"wp","href":"https:\/\/api.w.org\/{rel}","templated":true}]}}

<div class="wpb-content-wrapper"><p>[vc_row][vc_column width= »1/2&Prime;][vc_column_text]</p>
<p class="p1" style="text-align: justify;"><span class="s1">Eleuterio Blasco-Ferrer, peintre et sculpteur est né en 1907 à Foz-Calanda en Aragon province espagnole.</span></p>
<p class="p1" style="text-align: justify;"><span class="s1">Il est l’un des nombreux enfants d’un potier et très jeune il est attiré par la glaise et commence à modeler ses premières statuettes</span></p>
<p class="p1" style="text-align: justify;"><span class="s1">D’un esprit curieux, il recherche d’autres matériaux et récupère alors de vieilles boîtes de conserve qu’il découpe avec des ciseaux et façonne à l’aide d’une pince cherchant à exprimer le mouvement;</span></p>
<p class="p1" style="text-align: justify;"><span class="s1">Il quitte le foyer familial pour prendre son envol et exerce pour vivre toutes sortes de métier. Arrivé en Catalogne il s’inscrit au cours de l’école des beaux-arts de Barcelone et ne tarde pas à entrer en conflit avec ses professeurs.</span></p>
<p class="p1" style="text-align: justify;"><span class="s1">Il commence à exposer en Espagne ses peintures et ses sculptures. Les circonstances le poussent à quitter son pays. Il s’installe en France à Paris le 10 février 1939, 52 rue du Chemin-Vert dans le XIe arrondissement.</span></p>
<p class="p1" style="text-align: justify;"><span class="s1">Très rapidement il est considéré comme l’un des plus grands sculpteurs de métal. </span></p>
<p class="p1" style="text-align: justify;"><span class="s1">Il découpe ou forge le métal en créant des pièces uniques.</span></p>
<p class="p1" style="text-align: justify;"><span class="s1">En 1960 il obtient le Prix International de Plastique de l’Académie des Hespérides pour son Don Quichotte à la Galerie Cézanne.</span></p>
<p class="p1" style="text-align: justify;"><span class="s1">Il expose en France et en Europe avec les plus grands: Picasso un ami proche qui possède une oeuvre de lui, Braque, Modigliani, Derain, Klee, Gris, Sert, Miro, Dali…</span></p>
<p class="p1" style="text-align: justify;"><span class="s1">Il a exposé plus précisément à la Hague, à Amsterdam et à Bruxelles où en 1964 il obtient la médaille de bronze par le Conseil Européen d’art et d’esthétique.</span></p>
<p class="p1" style="text-align: justify;"><span class="s1">Ses oeuvres sont acquises par le musée de la Ville de Paris et le musée d’art moderne.</span></p>
<p>&nbsp;</p>
<p class="p1" style="text-align: justify;"><span class="s1"><b>Expositions</b></span></p>
<p class="p1" style="text-align: justify;"><span class="s1">Paris Galerie de Berri 1942</span></p>
<p class="p1" style="text-align: justify;"><span class="s1">Galerie Bosc 1948</span></p>
<p class="p1" style="text-align: justify;"><span class="s1">Galerie Jean Lambert 1950 </span></p>
<p class="p1" style="text-align: justify;"><span class="s1">Galerie J. Le Chapelin 1955 et 1958</span></p>
<p class="p1" style="text-align: justify;"><span class="s1">Galerie des Grands Augustins 1967</span></p>
<p class="p1" style="text-align: justify;"><span class="s1">Marseille, Galerie Puget 1958</span></p>
<p class="p1" style="text-align: justify;"><span class="s1">Barcelone, Galerie Argos 1955</span></p>
<p>&nbsp;</p>
<p class="p1" style="text-align: justify;"><span class="s1"><b>Bibliographie</b></span></p>
<p class="p1" style="text-align: justify;"><span class="s1">Bénézit, 2000, Tome II, page 75</span></p>
<p class="p1" style="text-align: justify;"><span class="s1">Amateur d’art, 10 juin 1960</span></p>
<p class="p1" style="text-align: justify;"><span class="s1">Questionnaire à la Documentation du Musée Centre Pompidou</span></p>
<p class="p1" style="text-align: justify;"><span class="s1">Blasco-Ferrer en el Barrio Latino, Arte in Paris</span></p>
<p>[/vc_column_text][/vc_column][vc_column width= »1/2&Prime;][/vc_column][/vc_row][vc_row][vc_column][vc_column_text]</p>
<p style="text-align: center;"><div class="_3d-flip-book  fb3d-fullscreen-mode full-size" data-id="1877" data-mode="fullscreen" data-title="false" data-template="short-white-book-view" data-lightbox="dark-shadow" data-urlparam="fb3d-page" data-page-n="0" data-pdf="" data-tax="null" data-thumbnail="" data-cols="3" data-book-template="default" data-trigger=""></div><script type="text/javascript">window.FB3D_CLIENT_DATA = window.FB3D_CLIENT_DATA || [];FB3D_CLIENT_DATA.push('eyJwb3N0cyI6eyIxODc3Ijp7IklEIjoxODc3LCJ0aXRsZSI6IkJMQVNDTyBGRVJSRVIgLSBDYXRhbG9ndWUgMSIsInR5cGUiOiJwZGYiLCJyZWFkeV9mdW5jdGlvbiI6IiIsImJvb2tfc3R5bGUiOiJmbGF0IiwiYm9va190ZW1wbGF0ZSI6Im5vbmUiLCJvdXRsaW5lIjpbXSwiZGF0YSI6eyJwb3N0X0lEIjoiMTg4NyIsImd1aWQiOiJodHRwczpcL1wvd3d3LmdhYnJpZWxsZS1sYXJvY2hlLmNvbVwvd3AtY29udGVudFwvdXBsb2Fkc1wvMjAyMVwvMDNcL0JMQVNDTy1GRVJSRVItQ2F0YVx1MDMwMWxvZ28xLnBkZiIsInBkZl9wYWdlcyI6IjEwMCIsInBhZ2VzX2N1c3RvbWl6YXRpb24iOiJub25lIn0sInRodW1ibmFpbCI6eyJkYXRhIjp7InBvc3RfSUQiOiIwIn0sInR5cGUiOiJhdXRvIn0sInByb3BzIjp7ImNhY2hlZFBhZ2VzIjoiYXV0byIsInJlbmRlckluYWN0aXZlUGFnZXMiOiJhdXRvIiwicmVuZGVySW5hY3RpdmVQYWdlc09uTW9iaWxlIjoiYXV0byIsInJlbmRlcldoaWxlRmxpcHBpbmciOiJhdXRvIiwicHJlbG9hZFBhZ2VzIjoiYXV0byIsInJ0bCI6ImF1dG8iLCJzaGVldCI6eyJzdGFydFZlbG9jaXR5IjoiYXV0byIsIndhdmUiOiJhdXRvIiwid2lkdGhUZXhlbHMiOiJhdXRvIiwiY29sb3IiOiJhdXRvIiwic2lkZSI6ImF1dG8iLCJjb3JuZXJEZXZpYXRpb24iOiJhdXRvIiwiZmxleGliaWxpdHkiOiJhdXRvIiwiZmxleGlibGVDb3JuZXIiOiJhdXRvIiwiYmVuZGluZyI6ImF1dG8iLCJoZWlnaHRUZXhlbHMiOiJhdXRvIn0sImNvdmVyIjp7IndhdmUiOiJhdXRvIiwiY29sb3IiOiJhdXRvIiwiYmluZGVyVGV4dHVyZSI6ImF1dG8iLCJkZXB0aCI6ImF1dG8iLCJwYWRkaW5nIjoiYXV0byIsInN0YXJ0VmVsb2NpdHkiOiJhdXRvIiwiZmxleGliaWxpdHkiOiJhdXRvIiwiZmxleGlibGVDb3JuZXIiOiJhdXRvIiwiYmVuZGluZyI6ImF1dG8iLCJ3aWR0aFRleGVscyI6ImF1dG8iLCJoZWlnaHRUZXhlbHMiOiJhdXRvIiwibWFzcyI6ImF1dG8iLCJzaWRlIjoiYXV0byJ9LCJwYWdlIjp7IndhdmUiOiJhdXRvIiwiY29sb3IiOiJhdXRvIiwiZGVwdGgiOiJhdXRvIiwic3RhcnRWZWxvY2l0eSI6ImF1dG8iLCJmbGV4aWJpbGl0eSI6ImF1dG8iLCJmbGV4aWJsZUNvcm5lciI6ImF1dG8iLCJiZW5kaW5nIjoiYXV0byIsIndpZHRoVGV4ZWxzIjoiYXV0byIsImhlaWdodFRleGVscyI6ImF1dG8iLCJtYXNzIjoiYXV0byIsInNpZGUiOiJhdXRvIn0sImhlaWdodCI6ImF1dG8iLCJ3aWR0aCI6ImF1dG8iLCJncmF2aXR5IjoiYXV0byIsInBhZ2VzRm9yUHJlZGljdGluZyI6ImF1dG8ifSwiY29udHJvbFByb3BzIjp7ImFjdGlvbnMiOnsiY21kU2F2ZSI6eyJlbmFibGVkIjoiYXV0byIsImVuYWJsZWRJbk5hcnJvdyI6ImF1dG8ifSwiY21kUHJpbnQiOnsiZW5hYmxlZCI6ImF1dG8iLCJlbmFibGVkSW5OYXJyb3ciOiJhdXRvIn0sImNtZFNpbmdsZVBhZ2UiOnsiZW5hYmxlZCI6ImF1dG8iLCJlbmFibGVkSW5OYXJyb3ciOiJhdXRvIiwiYWN0aXZlIjoiYXV0byJ9fX0sImF1dG9UaHVtYm5haWwiOiJodHRwczpcL1wvd3d3LmdhYnJpZWxsZS1sYXJvY2hlLmNvbVwvd3AtY29udGVudFwvdXBsb2Fkc1wvM2QtZmxpcC1ib29rXC9hdXRvLXRodW1ibmFpbHNcLzE4NzcucG5nIiwicG9zdF9uYW1lIjoiYmxhc2NvLWZlcnJlci1jYXRhbG9ndWUtMS1mciIsInBvc3RfdHlwZSI6IjNkLWZsaXAtYm9vayJ9fSwicGFnZXMiOltdLCJmaXJzdFBhZ2VzIjpbXX0=');window.FB3D_CLIENT_LOCALE && FB3D_CLIENT_LOCALE.render && FB3D_CLIENT_LOCALE.render();</script></p>
<p>[/vc_column_text][/vc_column][/vc_row]</p>
</div>

<h4 class="p1"><span class="s1">Eleuterio BLASCO-FERRER dit BLASCO</span></h4>
<h4 class="p1"><em><span class="s1">Femme aux petits seins</span></em></h4>
<p>&nbsp;</p>
<p class="p1"><span class="s1">XXe siècle</span></p>
<p class="p1"><span class="s1">Fer découpé</span></p>
<p class="p1"><span class="s1">Signé sur la terrasse</span></p>
<p>&nbsp;</p>
<p class="p1"><span class="s1">Hauteur : 54 cm</span></p>
<p class="p1"><span class="s1">Largeur : 38 cm</span></p>
<p class="p1"><span class="s1">Profondeur : 11 cm</span></p>
<p>&nbsp;</p>
<p class="p1"><span class="s1"> </span></p>
[dt_button size="small" style="default" animation="none" color_mode="default" icon="" icon_align="left" color="" link="mailto:gabrielle-laroche@wanadoo.fr?subject=24_BLASCO FERRER - Femme aux petits seins" target_blank="true"]DEMANDE D&rsquo;INFORMATIONS[/dt_button]
<p>&nbsp;</p>
<p><a href="/fr/contemporains/">Retour aux contemporains</a></p>
