

{"id":2142,"date":"2021-04-23T05:30:25","date_gmt":"2021-04-23T03:30:25","guid":{"rendered":"http:\/\/mrplwpw.cluster030.hosting.ovh.net\/?post_type=product&#038;p=2142"},"modified":"2024-06-27T11:05:23","modified_gmt":"2024-06-27T09:05:23","slug":"fabrice-lebar-homme-sous-un-drap","status":"publish","type":"product","link":"https:\/\/www.gabrielle-laroche.com\/fr\/product\/fabrice-lebar-homme-sous-un-drap\/","title":{"rendered":"FABRICE LEBAR &#8211; Homme sous un drap"},"content":{"rendered":"<div class=\"wpb-content-wrapper\"><p>[vc_row][vc_column width=\u00a0\u00bb1\/2&Prime;][vc_column_text]<\/p>\n<p style=\"text-align: justify;\"><strong>Biographie :<\/strong><\/p>\n<p style=\"text-align: justify;\">Fabrice Lebar est un sculpteur fran\u00e7ais qui vit et travaille pr\u00e8s de Royan. Sa mati\u00e8re de pr\u00e9dilection en sculpture est le m\u00e9tal.<span class=\"Apple-converted-space\">\u00a0<\/span><\/p>\n<p style=\"text-align: justify;\">Peintre, sculpteur et fondeur d&rsquo;art, Fabrice Lebar ma\u00eetrise \u00e0 la fois l&rsquo;outil et l&rsquo;id\u00e9e. Il est l&rsquo;architecte d&rsquo;une histoire o\u00f9 les \u00e9l\u00e9ments se t\u00e9lescopent dans son imaginaire. Sa connaissance du m\u00e9tal en fusion nous fait d\u00e9couvrir une sensualit\u00e9 qu&rsquo;on n&rsquo;imaginait pas, tant du point de vue du regard que celui du toucher.<\/p>\n<p style=\"text-align: justify;\">L&rsquo;artiste s&rsquo;est form\u00e9 \u00e0 la taille de pierre et \u00e0 la sculpture sur les chantiers de restauration des Monuments historiques, puis aux techniques de\u00a0fonderie d\u2019art\u00a0\u00e0 la\u00a0cire perdue. Il a \u00e9volu\u00e9 depuis toujours dans le milieu des artisans et des artistes dans la tradition des gens de m\u00e9tier, dans le ferment des cr\u00e9ateurs. De 1993 \u00e0 2004, il a expos\u00e9 une trentaine de fois \u00e0 Bruxelles (dont une \u00e0 l&rsquo;h\u00f4tel de ville) ; depuis, ses expositions ont \u00e9t\u00e9 vues \u00e0 Mornac-sur-Seudre, dans l&rsquo;\u00eele de R\u00e9, \u00e0 Paris, \u00e0 Arcachon, \u00e0 Montmorillon (invit\u00e9 d&rsquo;honneur), Bordeaux, Blaye.<\/p>\n<p><strong>Prix en\u00a0sculpture<\/strong><\/p>\n<p>\u00b7\u00a0\u00a0Prix de la sculpture au Salon d\u2019automne de Paris<\/p>\n<p>\u00b7<span class=\"Apple-converted-space\">\u00a0 <\/span>Premier prix \u00ab\u00a0Art actuel\u00a0\u00bb, Itin\u00e9raires 97<\/p>\n<p>\u00b7\u00a0 Prix de sculpture du Conseil G\u00e9n\u00e9ral de La Gironde<\/p>\n<p>\u00b7 \u00a0Prix de sculpture du Conseil G\u00e9n\u00e9ral de Charente-Maritime<\/p>\n<p>&nbsp;<\/p>\n<p><strong>Prix en fonderie d&rsquo;art<\/strong><\/p>\n<p>\u00b7\u00a0Prix d\u00e9partemental de la SEMA\u00a0de Charente-Maritime<\/p>\n<p>\u00b7 Prix r\u00e9gional de la SEMA du Poitou-Charentes<\/p>\n<p>\u00b7<span class=\"Apple-converted-space\">\u00a0 <\/span>S\u00e9lection nationale de la SEMA[\/vc_column_text][\/vc_column][vc_column width=\u00a0\u00bb1\/2&Prime;][\/vc_column][\/vc_row]<\/p>\n<\/div>","protected":false},"excerpt":{"rendered":"<h4>FABRICE LEBAR<\/h4>\n<h4><em>Homme sous un drap<\/em><\/h4>\n<p>&nbsp;<\/p>\n<p class=\"p1\"><span class=\"s1\">Bronze patin\u00e9<\/span><\/p>\n<p class=\"p1\"><span class=\"s1\">Epreuve d\u2019artiste<\/span><\/p>\n<p class=\"p1\"><span class=\"s1\">Sign\u00e9 et num\u00e9rot\u00e9 1\/1<\/span><\/p>\n<p class=\"p1\"><span class=\"s1\">\u00a0<\/span><\/p>\n<p class=\"p1\"><span class=\"s1\">Hauteur : 33.5 cm<\/span><\/p>\n<p class=\"p1\"><span class=\"s1\">Largeur : 16 cm<\/span><\/p>\n<p class=\"p1\"><span class=\"s1\">Profondeur : 15 cm<\/span><\/p>\n<p class=\"p1\"><span class=\"s1\">\u00a0<\/span><\/p>\n<p>&nbsp;<\/p>\n[dt_button size=\"small\" style=\"default\" animation=\"none\" color_mode=\"default\" icon=\"\" icon_align=\"left\" color=\"\" link=\"mailto:gabrielle-laroche@wanadoo.fr?subject=71_FABRICE LEBAR - Homme sous un drap\" target_blank=\"true\"]DEMANDE D&rsquo;INFORMATIONS[\/dt_button]\n<p>&nbsp;<\/p>\n<p><a href=\"\/fr\/contemporains\/\">Retour aux contemporains<\/a><\/p>\n","protected":false},"featured_media":2144,"template":"","meta":[],"product_brand":[],"product_cat":[39],"product_tag":[],"class_list":{"0":"post-2142","1":"product","2":"type-product","3":"status-publish","4":"has-post-thumbnail","6":"product_cat-contemporain","7":"description-off","9":"first","10":"instock","11":"shipping-taxable","12":"product-type-simple"},"aioseo_notices":[],"_links":{"self":[{"href":"https:\/\/www.gabrielle-laroche.com\/fr\/wp-json\/wp\/v2\/product\/2142","targetHints":{"allow":["GET"]}}],"collection":[{"href":"https:\/\/www.gabrielle-laroche.com\/fr\/wp-json\/wp\/v2\/product"}],"about":[{"href":"https:\/\/www.gabrielle-laroche.com\/fr\/wp-json\/wp\/v2\/types\/product"}],"wp:featuredmedia":[{"embeddable":true,"href":"https:\/\/www.gabrielle-laroche.com\/fr\/wp-json\/wp\/v2\/media\/2144"}],"wp:attachment":[{"href":"https:\/\/www.gabrielle-laroche.com\/fr\/wp-json\/wp\/v2\/media?parent=2142"}],"wp:term":[{"taxonomy":"product_brand","embeddable":true,"href":"https:\/\/www.gabrielle-laroche.com\/fr\/wp-json\/wp\/v2\/product_brand?post=2142"},{"taxonomy":"product_cat","embeddable":true,"href":"https:\/\/www.gabrielle-laroche.com\/fr\/wp-json\/wp\/v2\/product_cat?post=2142"},{"taxonomy":"product_tag","embeddable":true,"href":"https:\/\/www.gabrielle-laroche.com\/fr\/wp-json\/wp\/v2\/product_tag?post=2142"}],"curies":[{"name":"wp","href":"https:\/\/api.w.org\/{rel}","templated":true}]}}

<div class="wpb-content-wrapper"><p>[vc_row][vc_column width= »1/2&Prime;][vc_column_text]</p>
<p style="text-align: justify;"><strong>Biographie :</strong></p>
<p style="text-align: justify;">Fabrice Lebar est un sculpteur français qui vit et travaille près de Royan. Sa matière de prédilection en sculpture est le métal.<span class="Apple-converted-space"> </span></p>
<p style="text-align: justify;">Peintre, sculpteur et fondeur d&rsquo;art, Fabrice Lebar maîtrise à la fois l&rsquo;outil et l&rsquo;idée. Il est l&rsquo;architecte d&rsquo;une histoire où les éléments se télescopent dans son imaginaire. Sa connaissance du métal en fusion nous fait découvrir une sensualité qu&rsquo;on n&rsquo;imaginait pas, tant du point de vue du regard que celui du toucher.</p>
<p style="text-align: justify;">L&rsquo;artiste s&rsquo;est formé à la taille de pierre et à la sculpture sur les chantiers de restauration des Monuments historiques, puis aux techniques de fonderie d’art à la cire perdue. Il a évolué depuis toujours dans le milieu des artisans et des artistes dans la tradition des gens de métier, dans le ferment des créateurs. De 1993 à 2004, il a exposé une trentaine de fois à Bruxelles (dont une à l&rsquo;hôtel de ville) ; depuis, ses expositions ont été vues à Mornac-sur-Seudre, dans l&rsquo;île de Ré, à Paris, à Arcachon, à Montmorillon (invité d&rsquo;honneur), Bordeaux, Blaye.</p>
<p><strong>Prix en sculpture</strong></p>
<p>·  Prix de la sculpture au Salon d’automne de Paris</p>
<p>·<span class="Apple-converted-space">  </span>Premier prix « Art actuel », Itinéraires 97</p>
<p>·  Prix de sculpture du Conseil Général de La Gironde</p>
<p>·  Prix de sculpture du Conseil Général de Charente-Maritime</p>
<p>&nbsp;</p>
<p><strong>Prix en fonderie d&rsquo;art</strong></p>
<p>· Prix départemental de la SEMA de Charente-Maritime</p>
<p>· Prix régional de la SEMA du Poitou-Charentes</p>
<p>·<span class="Apple-converted-space">  </span>Sélection nationale de la SEMA[/vc_column_text][/vc_column][vc_column width= »1/2&Prime;][/vc_column][/vc_row]</p>
</div>

<h4>FABRICE LEBAR</h4>
<h4><em>Homme sous un drap</em></h4>
<p>&nbsp;</p>
<p class="p1"><span class="s1">Bronze patiné</span></p>
<p class="p1"><span class="s1">Epreuve d’artiste</span></p>
<p class="p1"><span class="s1">Signé et numéroté 1/1</span></p>
<p class="p1"><span class="s1"> </span></p>
<p class="p1"><span class="s1">Hauteur : 33.5 cm</span></p>
<p class="p1"><span class="s1">Largeur : 16 cm</span></p>
<p class="p1"><span class="s1">Profondeur : 15 cm</span></p>
<p class="p1"><span class="s1"> </span></p>
<p>&nbsp;</p>
[dt_button size="small" style="default" animation="none" color_mode="default" icon="" icon_align="left" color="" link="mailto:gabrielle-laroche@wanadoo.fr?subject=71_FABRICE LEBAR - Homme sous un drap" target_blank="true"]DEMANDE D&rsquo;INFORMATIONS[/dt_button]
<p>&nbsp;</p>
<p><a href="/fr/contemporains/">Retour aux contemporains</a></p>
