

{"id":2236,"date":"2021-04-23T06:45:02","date_gmt":"2021-04-23T04:45:02","guid":{"rendered":"http:\/\/mrplwpw.cluster030.hosting.ovh.net\/?post_type=product&#038;p=2236"},"modified":"2023-02-02T16:50:12","modified_gmt":"2023-02-02T15:50:12","slug":"ivan-tilev-colline-aux-arbres","status":"publish","type":"product","link":"https:\/\/www.gabrielle-laroche.com\/fr\/product\/ivan-tilev-colline-aux-arbres\/","title":{"rendered":"IVAN TILEV &#8211; Colline aux arbres"},"content":{"rendered":"<div class=\"wpb-content-wrapper\"><p>[vc_row][vc_column width=\u00a0\u00bb1\/2&Prime;][vc_column_text]<\/p>\n<p class=\"p1\" style=\"text-align: justify;\"><span class=\"s1\">Ivan Tilev, n\u00e9 en 1969 \u00e0 Stara Zagora, Bulgarie, vit et travaille \u00e0 Paris depuis 1991, s\u2019est install\u00e9 \u00e0 Provins en 2002.<\/span><\/p>\n<p class=\"p1\" style=\"text-align: justify;\"><span class=\"s1\">\u00a0<\/span><\/p>\n<p class=\"p1\" style=\"text-align: justify;\"><span class=\"s1\">1983-1988. Dipl\u00f4me de l&rsquo;Ecole Nationale des Arts D\u00e9coratifs de Sofia, Bulgarie.<\/span><\/p>\n<p class=\"p1\" style=\"text-align: justify;\"><span class=\"s1\">1992-1998. Dipl\u00f4me de l&rsquo;Ecole Nationale Sup\u00e9rieure des Beaux-Arts de Paris, sculpture.<\/span><\/p>\n<p class=\"p1\" style=\"text-align: justify;\"><span class=\"s1\">\u00a0<\/span><\/p>\n<p class=\"p1\" style=\"text-align: justify;\"><span class=\"s1\"><b>Enseignement de la sculpture :<\/b><\/span><\/p>\n<p class=\"p1\" style=\"text-align: justify;\"><span class=\"s1\">Depuis 2003 : atelier \u00ab\u00a0Les Cr\u00e9acteurs\u00a0\u00bb Paris 17\u00e8me.<\/span><\/p>\n<p class=\"p1\" style=\"text-align: justify;\"><span class=\"s1\">Depuis 2005 : atelier de \u00ab\u00a0l&rsquo;Escale\u00a0\u00bb, 10 rue de la gare \u00e0 Levallois-Perret.<\/span><\/p>\n<p class=\"p1\" style=\"text-align: justify;\"><span class=\"s1\">\u00a0<\/span><\/p>\n<p class=\"p1\" style=\"text-align: justify;\"><span class=\"s1\"><b>Expositions personnelles :<\/b><\/span><\/p>\n<p class=\"p1\" style=\"text-align: justify;\"><span class=\"s1\">1988, du 12 au 25 avril \u00e0 Stara Zagora, dessins.<\/span><\/p>\n<p class=\"p1\" style=\"text-align: justify;\"><span class=\"s1\">1992, du 29 septembre au 18 octobre, sculptures, Galerie Arcima, Paris.<\/span><\/p>\n<p class=\"p1\" style=\"text-align: justify;\"><span class=\"s1\">1995, du 9 au 22 mars, sculptures, Galerie Arcima, Paris.<\/span><\/p>\n<p class=\"p1\" style=\"text-align: justify;\"><span class=\"s1\">Depuis 1996 plusieurs expositions \u00e0 la Galerie Arte Viva \u00e0 Levallois Perret.<\/span><\/p>\n<p class=\"p1\" style=\"text-align: justify;\"><span class=\"s1\">2000, Biblioth\u00e8que nationale de France.<\/span><\/p>\n<p class=\"p1\" style=\"text-align: justify;\"><span class=\"s1\">2000, Espace Lucr\u00e8ce, 16 rue Salverne Paris 17\u00e8me.<\/span><\/p>\n<p class=\"p1\" style=\"text-align: justify;\"><span class=\"s1\">\u00a0<\/span><\/p>\n<p class=\"p1\" style=\"text-align: justify;\"><span class=\"s1\"><b>Expositions collectives :<\/b><\/span><\/p>\n<p class=\"p1\" style=\"text-align: justify;\"><span class=\"s1\">1992 et 1993, Salon des artistes fran\u00e7ais , Grand Palais, Paris.<\/span><\/p>\n<p class=\"p1\" style=\"text-align: justify;\"><span class=\"s1\">1993, \u00ab\u00a0Europe un pass\u00e9 d&rsquo;avenir\u00a0\u00bb, sculptures, Chapelle Saint-Louis de la Salpetri\u00e8re<\/span><\/p>\n<p class=\"p1\" style=\"text-align: justify;\"><span class=\"s1\">1994 et 1995, La Fondation Artactuel fait l\u2019acquisition de cinq de ses oeuvres pour son fond.<\/span><\/p>\n<p class=\"p1\" style=\"text-align: justify;\"><span class=\"s1\">1994, Salon des artistes fran\u00e7ais, Grand Palais, Paris.<\/span><\/p>\n<p class=\"p1\" style=\"text-align: justify;\"><span class=\"s1\">1998, Espace Plan\u00e8te, rue de Chaillot, Paris.<\/span><\/p>\n<p class=\"p1\" style=\"text-align: justify;\"><span class=\"s1\">1999, 18\u00e8me salon International d&rsquo;Arts Plastiques de Marne la vall\u00e9e.<\/span><\/p>\n<p class=\"p1\" style=\"text-align: justify;\"><span class=\"s1\">2001, Workshop d\u00e9co 6\u00e8me \u00e9dition au Stade de France.<\/span><\/p>\n<p class=\"p1\" style=\"text-align: justify;\"><span class=\"s1\">2000 et 2001, Salon d&rsquo;automne, Paris.<\/span><\/p>\n<p class=\"p1\" style=\"text-align: justify;\"><span class=\"s1\">2001, Maison du citoyen et de la vie associative de Fontenay sous bois.<\/span><\/p>\n<p class=\"p1\" style=\"text-align: justify;\"><span class=\"s1\">2002, 4\u00e8me festival Montmartre en Europe.<\/span><\/p>\n<p class=\"p1\" style=\"text-align: justify;\"><span class=\"s1\">2004, Mac 2000, Espace Champerret, Paris 17\u00e8me.<\/span><\/p>\n<p class=\"p1\" style=\"text-align: justify;\"><span class=\"s1\">2005, Puls&rsquo;Art, Le Mans.<\/span><\/p>\n<p>[\/vc_column_text][\/vc_column][vc_column width=\u00a0\u00bb1\/2&Prime;][\/vc_column][\/vc_row]<\/p>\n<\/div>","protected":false},"excerpt":{"rendered":"<h4>IVAN TILEV<\/h4>\n<h4><em>Colline aux arbres<\/em><\/h4>\n<p>&nbsp;<\/p>\n<p class=\"p1\"><span class=\"s1\">Sculpture en bronze \u00e0 patine verte<\/span><\/p>\n<p class=\"p1\"><span class=\"s1\">Sign\u00e9e<\/span><\/p>\n<p class=\"p1\"><span class=\"s1\">\u00a0<\/span><\/p>\n<p class=\"p1\"><span class=\"s1\">Hauteur : 60 cm<\/span><\/p>\n<p class=\"p1\"><span class=\"s1\">Longueur : 30 cm<\/span><\/p>\n<p class=\"p1\"><span class=\"s1\">Profondeur : 25 cm<\/span><\/p>\n<p class=\"p1\"><span class=\"s1\">\u00a0<\/span><\/p>\n<p>&nbsp;<\/p>\n[dt_button size=\"small\" style=\"default\" animation=\"none\" color_mode=\"default\" icon=\"\" icon_align=\"left\" color=\"\" link=\"mailto:gabrielle-laroche@wanadoo.fr?subject=81_IVAN TILEV - Colline aux arbres\" target_blank=\"true\"]DEMANDE D&rsquo;INFORMATIONS[\/dt_button]\n<p>&nbsp;<\/p>\n<p><a href=\"\/fr\/contemporains\/\">Retour aux contemporains<\/a><\/p>\n","protected":false},"featured_media":8604,"template":"","meta":[],"product_brand":[],"product_cat":[39],"product_tag":[],"class_list":{"0":"post-2236","1":"product","2":"type-product","3":"status-publish","4":"has-post-thumbnail","6":"product_cat-contemporain","7":"description-off","9":"first","10":"instock","11":"shipping-taxable","12":"product-type-simple"},"aioseo_notices":[],"_links":{"self":[{"href":"https:\/\/www.gabrielle-laroche.com\/fr\/wp-json\/wp\/v2\/product\/2236","targetHints":{"allow":["GET"]}}],"collection":[{"href":"https:\/\/www.gabrielle-laroche.com\/fr\/wp-json\/wp\/v2\/product"}],"about":[{"href":"https:\/\/www.gabrielle-laroche.com\/fr\/wp-json\/wp\/v2\/types\/product"}],"wp:featuredmedia":[{"embeddable":true,"href":"https:\/\/www.gabrielle-laroche.com\/fr\/wp-json\/wp\/v2\/media\/8604"}],"wp:attachment":[{"href":"https:\/\/www.gabrielle-laroche.com\/fr\/wp-json\/wp\/v2\/media?parent=2236"}],"wp:term":[{"taxonomy":"product_brand","embeddable":true,"href":"https:\/\/www.gabrielle-laroche.com\/fr\/wp-json\/wp\/v2\/product_brand?post=2236"},{"taxonomy":"product_cat","embeddable":true,"href":"https:\/\/www.gabrielle-laroche.com\/fr\/wp-json\/wp\/v2\/product_cat?post=2236"},{"taxonomy":"product_tag","embeddable":true,"href":"https:\/\/www.gabrielle-laroche.com\/fr\/wp-json\/wp\/v2\/product_tag?post=2236"}],"curies":[{"name":"wp","href":"https:\/\/api.w.org\/{rel}","templated":true}]}}

<div class="wpb-content-wrapper"><p>[vc_row][vc_column width= »1/2&Prime;][vc_column_text]</p>
<p class="p1" style="text-align: justify;"><span class="s1">Ivan Tilev, né en 1969 à Stara Zagora, Bulgarie, vit et travaille à Paris depuis 1991, s’est installé à Provins en 2002.</span></p>
<p class="p1" style="text-align: justify;"><span class="s1"> </span></p>
<p class="p1" style="text-align: justify;"><span class="s1">1983-1988. Diplôme de l&rsquo;Ecole Nationale des Arts Décoratifs de Sofia, Bulgarie.</span></p>
<p class="p1" style="text-align: justify;"><span class="s1">1992-1998. Diplôme de l&rsquo;Ecole Nationale Supérieure des Beaux-Arts de Paris, sculpture.</span></p>
<p class="p1" style="text-align: justify;"><span class="s1"> </span></p>
<p class="p1" style="text-align: justify;"><span class="s1"><b>Enseignement de la sculpture :</b></span></p>
<p class="p1" style="text-align: justify;"><span class="s1">Depuis 2003 : atelier « Les Créacteurs » Paris 17ème.</span></p>
<p class="p1" style="text-align: justify;"><span class="s1">Depuis 2005 : atelier de « l&rsquo;Escale », 10 rue de la gare à Levallois-Perret.</span></p>
<p class="p1" style="text-align: justify;"><span class="s1"> </span></p>
<p class="p1" style="text-align: justify;"><span class="s1"><b>Expositions personnelles :</b></span></p>
<p class="p1" style="text-align: justify;"><span class="s1">1988, du 12 au 25 avril à Stara Zagora, dessins.</span></p>
<p class="p1" style="text-align: justify;"><span class="s1">1992, du 29 septembre au 18 octobre, sculptures, Galerie Arcima, Paris.</span></p>
<p class="p1" style="text-align: justify;"><span class="s1">1995, du 9 au 22 mars, sculptures, Galerie Arcima, Paris.</span></p>
<p class="p1" style="text-align: justify;"><span class="s1">Depuis 1996 plusieurs expositions à la Galerie Arte Viva à Levallois Perret.</span></p>
<p class="p1" style="text-align: justify;"><span class="s1">2000, Bibliothèque nationale de France.</span></p>
<p class="p1" style="text-align: justify;"><span class="s1">2000, Espace Lucrèce, 16 rue Salverne Paris 17ème.</span></p>
<p class="p1" style="text-align: justify;"><span class="s1"> </span></p>
<p class="p1" style="text-align: justify;"><span class="s1"><b>Expositions collectives :</b></span></p>
<p class="p1" style="text-align: justify;"><span class="s1">1992 et 1993, Salon des artistes français , Grand Palais, Paris.</span></p>
<p class="p1" style="text-align: justify;"><span class="s1">1993, « Europe un passé d&rsquo;avenir », sculptures, Chapelle Saint-Louis de la Salpetrière</span></p>
<p class="p1" style="text-align: justify;"><span class="s1">1994 et 1995, La Fondation Artactuel fait l’acquisition de cinq de ses oeuvres pour son fond.</span></p>
<p class="p1" style="text-align: justify;"><span class="s1">1994, Salon des artistes français, Grand Palais, Paris.</span></p>
<p class="p1" style="text-align: justify;"><span class="s1">1998, Espace Planète, rue de Chaillot, Paris.</span></p>
<p class="p1" style="text-align: justify;"><span class="s1">1999, 18ème salon International d&rsquo;Arts Plastiques de Marne la vallée.</span></p>
<p class="p1" style="text-align: justify;"><span class="s1">2001, Workshop déco 6ème édition au Stade de France.</span></p>
<p class="p1" style="text-align: justify;"><span class="s1">2000 et 2001, Salon d&rsquo;automne, Paris.</span></p>
<p class="p1" style="text-align: justify;"><span class="s1">2001, Maison du citoyen et de la vie associative de Fontenay sous bois.</span></p>
<p class="p1" style="text-align: justify;"><span class="s1">2002, 4ème festival Montmartre en Europe.</span></p>
<p class="p1" style="text-align: justify;"><span class="s1">2004, Mac 2000, Espace Champerret, Paris 17ème.</span></p>
<p class="p1" style="text-align: justify;"><span class="s1">2005, Puls&rsquo;Art, Le Mans.</span></p>
<p>[/vc_column_text][/vc_column][vc_column width= »1/2&Prime;][/vc_column][/vc_row]</p>
</div>

<h4>IVAN TILEV</h4>
<h4><em>Colline aux arbres</em></h4>
<p>&nbsp;</p>
<p class="p1"><span class="s1">Sculpture en bronze à patine verte</span></p>
<p class="p1"><span class="s1">Signée</span></p>
<p class="p1"><span class="s1"> </span></p>
<p class="p1"><span class="s1">Hauteur : 60 cm</span></p>
<p class="p1"><span class="s1">Longueur : 30 cm</span></p>
<p class="p1"><span class="s1">Profondeur : 25 cm</span></p>
<p class="p1"><span class="s1"> </span></p>
<p>&nbsp;</p>
[dt_button size="small" style="default" animation="none" color_mode="default" icon="" icon_align="left" color="" link="mailto:gabrielle-laroche@wanadoo.fr?subject=81_IVAN TILEV - Colline aux arbres" target_blank="true"]DEMANDE D&rsquo;INFORMATIONS[/dt_button]
<p>&nbsp;</p>
<p><a href="/fr/contemporains/">Retour aux contemporains</a></p>
