

{"id":2590,"date":"2021-01-05T09:00:56","date_gmt":"2021-01-05T08:00:56","guid":{"rendered":"http:\/\/mrplwpw.cluster030.hosting.ovh.net\/?post_type=product&#038;p=2590"},"modified":"2021-04-23T16:03:11","modified_gmt":"2021-04-23T14:03:11","slug":"rene-jean-clot-la-recreation","status":"publish","type":"product","link":"https:\/\/www.gabrielle-laroche.com\/fr\/product\/rene-jean-clot-la-recreation\/","title":{"rendered":"REN\u00c9 JEAN CLOT &#8211; La r\u00e9cr\u00e9ation"},"content":{"rendered":"<div class=\"wpb-content-wrapper\"><p>[vc_row][vc_column width=\u00a0\u00bb1\/2&Prime;][vc_column_text]<\/p>\n<p class=\"p1\" style=\"text-align: justify;\"><span class=\"s1\"><b>Biographie<\/b>\u00a0 \u00a0 \u00a0<\/span><\/p>\n<p class=\"p1\" style=\"text-align: justify;\"><span class=\"s1\">Ren\u00e9 Jean Clot est n\u00e9 en Alg\u00e9rie en 1913.\u00a0El\u00e8ve \u00e0 l\u2019\u00e9cole des Beaux Arts d\u2019Alger, il passa aussi trois ann\u00e9es \u00e0 la Facult\u00e9 de Droit d\u2019Alger.<\/span><\/p>\n<p class=\"p1\" style=\"text-align: justify;\"><span class=\"s1\">1935 El\u00e8ve de Gromaire \u00e0 l\u2019Acad\u00e9mie scandinave de\u00a0Paris.<\/span><\/p>\n<p class=\"p1\" style=\"text-align: justify;\"><span class=\"s1\">1938 Obtient \u00e0 la galerie Bernheim le prix de peinture\u00a0Paul Guillaume.<\/span><\/p>\n<p class=\"p1\" style=\"text-align: justify;\"><span class=\"s1\">1958-1960\u00a0Expositions Galeries Stiebel, Barreiro &amp;\u00a0Exposition chez Anne Colin.<\/span><\/p>\n<p class=\"p1\" style=\"text-align: justify;\"><span class=\"s1\">Professeur d\u2019esth\u00e9tique au\u00a0Centre du Professorat de\u00a0dessin de la Ville de Paris.<\/span><\/p>\n<p class=\"p1\" style=\"text-align: justify;\"><span class=\"s1\">De 1964 \u00e0 1988, il publie de nombreux romans dont\u00a0l\u2019Enfant Hallucin\u00e9 qui re\u00e7ut le prix Th\u00e9ophraste\u00a0Renaudot.<\/span><\/p>\n<p class=\"p1\" style=\"text-align: justify;\"><span class=\"s1\">\u00a0<\/span><\/p>\n<p class=\"p1\" style=\"text-align: justify;\"><span class=\"s1\"><b>Expositions<\/b>\u00a0 \u00a0\u00a0<\/span><\/p>\n<p class=\"p1\" style=\"text-align: justify;\"><span class=\"s1\">Galerie Massol, Galerie Jean Pierre Lhemans<\/span><\/p>\n<p class=\"p1\" style=\"text-align: justify;\"><span class=\"s1\">1989 &#8211; La Peinture aux abois (Ed. Fran\u00e7ois Bourin). Prix\u00a0de l\u2019Acad\u00e9mie Fran\u00e7aise &amp; R\u00e9trospective \u00e0 Toulouse<\/span><\/p>\n<p class=\"p1\" style=\"text-align: justify;\"><span class=\"s1\">1990 &#8211; Expose aux Salons de Mai et Comparaisons<\/span><\/p>\n<p class=\"p1\" style=\"text-align: justify;\"><span class=\"s1\">1991 &#8211; Expositions \/ R\u00e9trospective AMAC, Chamali\u00e8res<\/span><\/p>\n<p class=\"p1\" style=\"text-align: justify;\"><span class=\"s1\">1992 &#8211; Exposition Galerie Jean-Claude Riedel, Paris<\/span><\/p>\n<p class=\"p1\" style=\"text-align: justify;\"><span class=\"s1\">1996 &#8211; Salon Coup de C\u0153ur, Espace Cardin, Paris<\/span><\/p>\n<p>[\/vc_column_text][\/vc_column][vc_column width=\u00a0\u00bb1\/2&Prime;][\/vc_column][\/vc_row]<\/p>\n<\/div>","protected":false},"excerpt":{"rendered":"<h4>REN\u00c9 JEAN CLOT <span class=\"s1\"><b>(1913-1997)<\/b><\/span><\/h4>\n<h4><em>La r\u00e9cr\u00e9ation<\/em><\/h4>\n<p>&nbsp;<\/p>\n<p class=\"p1\"><span class=\"s1\">1963<\/span><\/p>\n<p class=\"p1\"><span class=\"s1\">Huile sur toile<\/span><span class=\"s1\">\u00a0<\/span><\/p>\n<p>&nbsp;<\/p>\n<p class=\"p1\"><span class=\"s1\">Dimensions\u00a0:\u00a0130.5 x 89.5 cm<\/span><\/p>\n<p class=\"p1\"><span class=\"s1\"><b>\u00a0<\/b><\/span><\/p>\n<p class=\"p1\"><span class=\"s1\"><b>\u00a0<\/b><\/span><span class=\"s1\">\u00a0<\/span><\/p>\n[dt_button size=\"small\" style=\"default\" animation=\"none\" color_mode=\"default\" icon=\"\" icon_align=\"left\" color=\"\" link=\"mailto:gabrielle-laroche@wanadoo.fr?subject=121_REN\u00c9 JEAN CLOT - La r\u00e9cr\u00e9ation\" target_blank=\"true\"]DEMANDE D&rsquo;INFORMATIONS[\/dt_button]\n<p>&nbsp;<\/p>\n<p><a href=\"\/fr\/contemporains\/\">Retour aux contemporains<\/a><\/p>\n","protected":false},"featured_media":2592,"template":"","meta":[],"product_brand":[],"product_cat":[39],"product_tag":[],"class_list":{"0":"post-2590","1":"product","2":"type-product","3":"status-publish","4":"has-post-thumbnail","6":"product_cat-contemporain","7":"description-off","9":"first","10":"instock","11":"shipping-taxable","12":"product-type-simple"},"aioseo_notices":[],"_links":{"self":[{"href":"https:\/\/www.gabrielle-laroche.com\/fr\/wp-json\/wp\/v2\/product\/2590","targetHints":{"allow":["GET"]}}],"collection":[{"href":"https:\/\/www.gabrielle-laroche.com\/fr\/wp-json\/wp\/v2\/product"}],"about":[{"href":"https:\/\/www.gabrielle-laroche.com\/fr\/wp-json\/wp\/v2\/types\/product"}],"wp:featuredmedia":[{"embeddable":true,"href":"https:\/\/www.gabrielle-laroche.com\/fr\/wp-json\/wp\/v2\/media\/2592"}],"wp:attachment":[{"href":"https:\/\/www.gabrielle-laroche.com\/fr\/wp-json\/wp\/v2\/media?parent=2590"}],"wp:term":[{"taxonomy":"product_brand","embeddable":true,"href":"https:\/\/www.gabrielle-laroche.com\/fr\/wp-json\/wp\/v2\/product_brand?post=2590"},{"taxonomy":"product_cat","embeddable":true,"href":"https:\/\/www.gabrielle-laroche.com\/fr\/wp-json\/wp\/v2\/product_cat?post=2590"},{"taxonomy":"product_tag","embeddable":true,"href":"https:\/\/www.gabrielle-laroche.com\/fr\/wp-json\/wp\/v2\/product_tag?post=2590"}],"curies":[{"name":"wp","href":"https:\/\/api.w.org\/{rel}","templated":true}]}}

RENÉ JEAN CLOT &#8211; La récréation

<div class="wpb-content-wrapper"><p>[vc_row][vc_column width= »1/2&Prime;][vc_column_text]</p>
<p class="p1" style="text-align: justify;"><span class="s1"><b>Biographie</b>     </span></p>
<p class="p1" style="text-align: justify;"><span class="s1">René Jean Clot est né en Algérie en 1913. Elève à l’école des Beaux Arts d’Alger, il passa aussi trois années à la Faculté de Droit d’Alger.</span></p>
<p class="p1" style="text-align: justify;"><span class="s1">1935 Elève de Gromaire à l’Académie scandinave de Paris.</span></p>
<p class="p1" style="text-align: justify;"><span class="s1">1938 Obtient à la galerie Bernheim le prix de peinture Paul Guillaume.</span></p>
<p class="p1" style="text-align: justify;"><span class="s1">1958-1960 Expositions Galeries Stiebel, Barreiro &amp; Exposition chez Anne Colin.</span></p>
<p class="p1" style="text-align: justify;"><span class="s1">Professeur d’esthétique au Centre du Professorat de dessin de la Ville de Paris.</span></p>
<p class="p1" style="text-align: justify;"><span class="s1">De 1964 à 1988, il publie de nombreux romans dont l’Enfant Halluciné qui reçut le prix Théophraste Renaudot.</span></p>
<p class="p1" style="text-align: justify;"><span class="s1"> </span></p>
<p class="p1" style="text-align: justify;"><span class="s1"><b>Expositions</b>    </span></p>
<p class="p1" style="text-align: justify;"><span class="s1">Galerie Massol, Galerie Jean Pierre Lhemans</span></p>
<p class="p1" style="text-align: justify;"><span class="s1">1989 &#8211; La Peinture aux abois (Ed. François Bourin). Prix de l’Académie Française &amp; Rétrospective à Toulouse</span></p>
<p class="p1" style="text-align: justify;"><span class="s1">1990 &#8211; Expose aux Salons de Mai et Comparaisons</span></p>
<p class="p1" style="text-align: justify;"><span class="s1">1991 &#8211; Expositions / Rétrospective AMAC, Chamalières</span></p>
<p class="p1" style="text-align: justify;"><span class="s1">1992 &#8211; Exposition Galerie Jean-Claude Riedel, Paris</span></p>
<p class="p1" style="text-align: justify;"><span class="s1">1996 &#8211; Salon Coup de Cœur, Espace Cardin, Paris</span></p>
<p>[/vc_column_text][/vc_column][vc_column width= »1/2&Prime;][/vc_column][/vc_row]</p>
</div>

<h4>RENÉ JEAN CLOT <span class="s1"><b>(1913-1997)</b></span></h4>
<h4><em>La récréation</em></h4>
<p>&nbsp;</p>
<p class="p1"><span class="s1">1963</span></p>
<p class="p1"><span class="s1">Huile sur toile</span><span class="s1"> </span></p>
<p>&nbsp;</p>
<p class="p1"><span class="s1">Dimensions : 130.5 x 89.5 cm</span></p>
<p class="p1"><span class="s1"><b> </b></span></p>
<p class="p1"><span class="s1"><b> </b></span><span class="s1"> </span></p>
[dt_button size="small" style="default" animation="none" color_mode="default" icon="" icon_align="left" color="" link="mailto:gabrielle-laroche@wanadoo.fr?subject=121_RENÉ JEAN CLOT - La récréation" target_blank="true"]DEMANDE D&rsquo;INFORMATIONS[/dt_button]
<p>&nbsp;</p>
<p><a href="/fr/contemporains/">Retour aux contemporains</a></p>
