

{"id":2643,"date":"2021-03-23T04:00:26","date_gmt":"2021-03-23T03:00:26","guid":{"rendered":"http:\/\/mrplwpw.cluster030.hosting.ovh.net\/?post_type=product&#038;p=2643"},"modified":"2024-08-07T10:27:21","modified_gmt":"2024-08-07T08:27:21","slug":"guido-hafner-mensch-mit-mensch","status":"publish","type":"product","link":"https:\/\/www.gabrielle-laroche.com\/fr\/product\/guido-hafner-mensch-mit-mensch\/","title":{"rendered":"GUIDO HAFNER &#8211; Mensch mit Mensch"},"content":{"rendered":"<div class=\"wpb-content-wrapper\"><p>[vc_row][vc_column width=\u00a0\u00bb1\/2&Prime;][vc_column_text]<\/p>\n<p style=\"text-align: justify;\">Guido H\u00e4fner, n\u00e9 en 1968, \u00a0est un sculpteur et graphiste qui a termin\u00e9 ses \u00e9tudes en m\u00e9canique fine \u00e0 la \u00ab\u00a0Technical University\u00a0\u00bb (TU) de Munich. Il a \u00e9galement compl\u00e9t\u00e9 une ma\u00eetrise dans ce domaine d&rsquo;\u00e9tudes. Depuis 1995, il travaille comme artiste ind\u00e9pendant. Avec son fr\u00e8re John (n\u00e9 en 1961), il a eu environ 250 expositions en Allemagne, \u00e0 Taiwan, en Suisse, en Autriche, en Pologne et \u00e0 Duba\u00ef. Les sculptures de H\u00e4fner se trouvent dans de nombreuses collections publiques (dont la Fondation du si\u00e8ge du champ culturel prussien, Berlin; Buddenbrooks House, L\u00fcbeck; de nombreux chefs de biblioth\u00e8ques d&rsquo;\u00c9tat et universitaires et l&rsquo;Institut Goethe); ainsi que dans les lieux publics de nombreuses villes (dont Nuremberg, Mayence, W\u00fcrzburg et Taipei).<\/p>\n<p style=\"text-align: justify;\">Les travaux de H\u00e4fner sont bas\u00e9s sur des connaissances scientifiques, o\u00f9 chaque explication discursive du monde atteint sa limite. Ses \u0153uvres partent de z\u00e9ro pour ainsi dire et formulent de nouveaux arch\u00e9types qui sont encore r\u00e9f\u00e9renc\u00e9s depuis les temps pr\u00e9historiques, mais en m\u00eame temps &#8211; en tant qu&rsquo;arch\u00e9type et non en tant que st\u00e9r\u00e9otype &#8211; elles agissent de mani\u00e8re tr\u00e8s moderne.<\/p>\n<p>&nbsp;<\/p>\n<p style=\"text-align: justify;\"><strong>Expositions (s\u00e9lection) :<\/strong><\/p>\n<p style=\"text-align: justify;\">2005 Deutsches Kulturzentrum, Taipei<\/p>\n<p style=\"text-align: justify;\">2006 Druckladen Gutenberg-Museum, Mayence<\/p>\n<p style=\"text-align: justify;\">2009 Rathaus Berlin Mitte, Berlin<\/p>\n<p style=\"text-align: justify;\">2009 Art Couture Gallery, Duba\u00ef<\/p>\n<p style=\"text-align: justify;\">2010 Pfalzmuseum, Forchheim\/Ofr.<\/p>\n<p style=\"text-align: justify;\">2011 Galerie Ederer, Nuremberg<\/p>\n<p style=\"text-align: justify;\">2011 Kunsthalle Schloss Seefeld, Munich<\/p>\n<p>[\/vc_column_text][\/vc_column][vc_column width=\u00a0\u00bb1\/2&Prime;][\/vc_column][\/vc_row]<\/p>\n<\/div>","protected":false},"excerpt":{"rendered":"<h4 class=\"p1\">GUIDO HAFNER (N\u00e9 en 1968)<\/h4>\n<h4 class=\"p1\"><em>Mensch mit Mensch<\/em><\/h4>\n<p>&nbsp;<\/p>\n<p class=\"p1\"><span class=\"s1\">Sculpture en bronze<\/span><\/p>\n<p>&nbsp;<\/p>\n<p class=\"p1\"><span class=\"s1\">Hauteur\u00a0: 71 cm<\/span><\/p>\n<p>Largeur : 40 cm<\/p>\n<p>Profondeur : 21 cm<\/p>\n<p class=\"p1\"><span class=\"s1\"><b>\u00a0<\/b><\/span><\/p>\n<p class=\"p1\"><span class=\"s1\"><b>\u00a0<\/b><\/span><\/p>\n[dt_button size=\"small\" style=\"default\" animation=\"none\" color_mode=\"default\" icon=\"\" icon_align=\"left\" color=\"\" link=\"mailto:gabrielle-laroche@wanadoo.fr?subject=139_GUIDO HAFNER - Mensch mit Mensch\" target_blank=\"true\"]DEMANDE D&rsquo;INFORMATIONS[\/dt_button]\n<p>&nbsp;<\/p>\n<p><a href=\"\/fr\/contemporains\/\">Retour aux contemporains<\/a><\/p>\n","protected":false},"featured_media":8392,"template":"","meta":[],"product_brand":[],"product_cat":[39],"product_tag":[],"class_list":{"0":"post-2643","1":"product","2":"type-product","3":"status-publish","4":"has-post-thumbnail","6":"product_cat-contemporain","7":"description-off","9":"first","10":"instock","11":"shipping-taxable","12":"product-type-simple"},"aioseo_notices":[],"_links":{"self":[{"href":"https:\/\/www.gabrielle-laroche.com\/fr\/wp-json\/wp\/v2\/product\/2643","targetHints":{"allow":["GET"]}}],"collection":[{"href":"https:\/\/www.gabrielle-laroche.com\/fr\/wp-json\/wp\/v2\/product"}],"about":[{"href":"https:\/\/www.gabrielle-laroche.com\/fr\/wp-json\/wp\/v2\/types\/product"}],"wp:featuredmedia":[{"embeddable":true,"href":"https:\/\/www.gabrielle-laroche.com\/fr\/wp-json\/wp\/v2\/media\/8392"}],"wp:attachment":[{"href":"https:\/\/www.gabrielle-laroche.com\/fr\/wp-json\/wp\/v2\/media?parent=2643"}],"wp:term":[{"taxonomy":"product_brand","embeddable":true,"href":"https:\/\/www.gabrielle-laroche.com\/fr\/wp-json\/wp\/v2\/product_brand?post=2643"},{"taxonomy":"product_cat","embeddable":true,"href":"https:\/\/www.gabrielle-laroche.com\/fr\/wp-json\/wp\/v2\/product_cat?post=2643"},{"taxonomy":"product_tag","embeddable":true,"href":"https:\/\/www.gabrielle-laroche.com\/fr\/wp-json\/wp\/v2\/product_tag?post=2643"}],"curies":[{"name":"wp","href":"https:\/\/api.w.org\/{rel}","templated":true}]}}

<div class="wpb-content-wrapper"><p>[vc_row][vc_column width= »1/2&Prime;][vc_column_text]</p>
<p style="text-align: justify;">Guido Häfner, né en 1968,  est un sculpteur et graphiste qui a terminé ses études en mécanique fine à la « Technical University » (TU) de Munich. Il a également complété une maîtrise dans ce domaine d&rsquo;études. Depuis 1995, il travaille comme artiste indépendant. Avec son frère John (né en 1961), il a eu environ 250 expositions en Allemagne, à Taiwan, en Suisse, en Autriche, en Pologne et à Dubaï. Les sculptures de Häfner se trouvent dans de nombreuses collections publiques (dont la Fondation du siège du champ culturel prussien, Berlin; Buddenbrooks House, Lübeck; de nombreux chefs de bibliothèques d&rsquo;État et universitaires et l&rsquo;Institut Goethe); ainsi que dans les lieux publics de nombreuses villes (dont Nuremberg, Mayence, Würzburg et Taipei).</p>
<p style="text-align: justify;">Les travaux de Häfner sont basés sur des connaissances scientifiques, où chaque explication discursive du monde atteint sa limite. Ses œuvres partent de zéro pour ainsi dire et formulent de nouveaux archétypes qui sont encore référencés depuis les temps préhistoriques, mais en même temps &#8211; en tant qu&rsquo;archétype et non en tant que stéréotype &#8211; elles agissent de manière très moderne.</p>
<p>&nbsp;</p>
<p style="text-align: justify;"><strong>Expositions (sélection) :</strong></p>
<p style="text-align: justify;">2005 Deutsches Kulturzentrum, Taipei</p>
<p style="text-align: justify;">2006 Druckladen Gutenberg-Museum, Mayence</p>
<p style="text-align: justify;">2009 Rathaus Berlin Mitte, Berlin</p>
<p style="text-align: justify;">2009 Art Couture Gallery, Dubaï</p>
<p style="text-align: justify;">2010 Pfalzmuseum, Forchheim/Ofr.</p>
<p style="text-align: justify;">2011 Galerie Ederer, Nuremberg</p>
<p style="text-align: justify;">2011 Kunsthalle Schloss Seefeld, Munich</p>
<p>[/vc_column_text][/vc_column][vc_column width= »1/2&Prime;][/vc_column][/vc_row]</p>
</div>

<h4 class="p1">GUIDO HAFNER (Né en 1968)</h4>
<h4 class="p1"><em>Mensch mit Mensch</em></h4>
<p>&nbsp;</p>
<p class="p1"><span class="s1">Sculpture en bronze</span></p>
<p>&nbsp;</p>
<p class="p1"><span class="s1">Hauteur : 71 cm</span></p>
<p>Largeur : 40 cm</p>
<p>Profondeur : 21 cm</p>
<p class="p1"><span class="s1"><b> </b></span></p>
<p class="p1"><span class="s1"><b> </b></span></p>
[dt_button size="small" style="default" animation="none" color_mode="default" icon="" icon_align="left" color="" link="mailto:gabrielle-laroche@wanadoo.fr?subject=139_GUIDO HAFNER - Mensch mit Mensch" target_blank="true"]DEMANDE D&rsquo;INFORMATIONS[/dt_button]
<p>&nbsp;</p>
<p><a href="/fr/contemporains/">Retour aux contemporains</a></p>
