

{"id":3115,"date":"2021-03-22T22:30:42","date_gmt":"2021-03-22T21:30:42","guid":{"rendered":"http:\/\/mrplwpw.cluster030.hosting.ovh.net\/?post_type=product&#038;p=3115"},"modified":"2023-02-15T16:31:58","modified_gmt":"2023-02-15T15:31:58","slug":"xavier-dambrine-la-guerre","status":"publish","type":"product","link":"https:\/\/www.gabrielle-laroche.com\/fr\/product\/xavier-dambrine-la-guerre\/","title":{"rendered":"XAVIER DAMBRINE &#8211; La guerre"},"content":{"rendered":"<div class=\"wpb-content-wrapper\"><p>[vc_row][vc_column width=\u00a0\u00bb1\/2&Prime;][vc_column_text]<strong>Biographie\u00a0:<span class=\"Apple-converted-space\">\u00a0<\/span><\/strong><\/p>\n<p>Xavier Dambrine est n\u00e9 en 1964, il vit et travaille \u00e0 Paris<\/p>\n<p>1982-1987 \u00c9cole Nationale Sup\u00e9rieure des Beaux-Arts<br \/>\n1989 Laur\u00e9at du Grand Prix de Sculpture de l&rsquo;Acad\u00e9mie des Beaux-Arts 1991<\/p>\n<p>Laur\u00e9at de la Fondation Princesse Grace de Monaco<\/p>\n<p>1994 Laur\u00e9at du Prix Arts de la fondation Charles Oulmont<\/p>\n<p>&nbsp;<\/p>\n<p><strong>Expositions personnelles<span class=\"Apple-converted-space\">\u00a0<\/span><\/strong><\/p>\n<p>1990 \u00a0Institut de France, Paris<span class=\"Apple-converted-space\">\u00a0<\/span><\/p>\n<p>1991 \u00a0Th\u00e9\u00e2tre Municipal, Brive<span class=\"Apple-converted-space\">\u00a0<\/span><\/p>\n<p>1992 \u00a0Conseil R\u00e9gional des Pays de Loire, Nantes<span class=\"Apple-converted-space\">\u00a0<\/span><\/p>\n<p>1995 Philippe Jaeger, Paris<br \/>\n1997 Independant Insurance, Paris 1999 Jean-Marc Peyrouset, Paris<span class=\"Apple-converted-space\">\u00a0<\/span><\/p>\n<p>2002 Galerie ICI, Paris<span class=\"Apple-converted-space\">\u00a0<\/span><\/p>\n<p>2004 \u00a0Galerie ICI, Paris<span class=\"Apple-converted-space\">\u00a0<\/span><\/p>\n<p>2005 \u00a0Orangerie du Jardin du Luxembourg, Paris<span class=\"Apple-converted-space\">\u00a0<\/span><\/p>\n<p>2006 \u00a0Zen Factory, Pairs<span class=\"Apple-converted-space\">\u00a0<\/span><\/p>\n<p>2006 \u00a0Galerie Espace Point Barre, Lille<span class=\"Apple-converted-space\">\u00a0<\/span><\/p>\n<p>2007 \u00a0Galerie Emeraude, Le Touquet<span class=\"Apple-converted-space\">\u00a0<\/span><\/p>\n<p>2007 \u00a0Livart, Paris<span class=\"Apple-converted-space\">\u00a0<\/span><\/p>\n<p>2008 \u00a0Galerie Nicolas Plescoff, Paris<span class=\"Apple-converted-space\">\u00a0<\/span><\/p>\n<p>2009 \u00a0Galerie Emeraude, Le Touquet<span class=\"Apple-converted-space\">\u00a0<\/span><\/p>\n<p>2011 \u00a0Galerie Emeraude, Le Touquet<span class=\"Apple-converted-space\">\u00a0<\/span><\/p>\n<p>2012 \u00a0Livart, Paris<span class=\"Apple-converted-space\">\u00a0<\/span><\/p>\n<p>2012 Artfiler Gallery, Bruxelles<span class=\"Apple-converted-space\">\u00a0<\/span><\/p>\n<p>2012 \u00a0Galerie Alex Kacem, Paris<span class=\"Apple-converted-space\">\u00a0<\/span><\/p>\n<p>2013 \u00a0Galerie Emeraude, Le Touquet<span class=\"Apple-converted-space\">\u00a0<\/span><\/p>\n<p>2014 \u00a0Bergsen &amp; Bergsen Gallery, Istambul<span class=\"Apple-converted-space\">\u00a0<\/span><\/p>\n<p>2014 \u00a0Livart, Paris<span class=\"Apple-converted-space\">\u00a0<\/span><\/p>\n<p>2015 \u00a0Centre Max Juclier, Villeneuve-la-Garenne<span class=\"Apple-converted-space\">\u00a0<\/span><\/p>\n<p>2015 H\u00f4tel de l&rsquo;Industrie, Paris<span class=\"Apple-converted-space\">\u00a0<\/span><\/p>\n<p>2015 \u00a0Livart, Paris<span class=\"Apple-converted-space\">\u00a0<\/span><\/p>\n<p>2016 \u00a0Mayfair Gallery, Londres<span class=\"Apple-converted-space\">\u00a0<\/span><\/p>\n<p>&nbsp;<\/p>\n<p><strong>Commandes publiques<span class=\"Apple-converted-space\">\u00a0<\/span><\/strong><\/p>\n<p>1991 Mus\u00e9e de Brive : sculpture (bois)<br \/>\n1996 Monnaie de Paris ; \u00e9dition de deux bas-reliefs en bronze<span class=\"Apple-converted-space\">\u00a0<\/span><\/p>\n<p>1996 \u00a0Minist\u00e8re des Affaires Etrang\u00e8res ; Monument aux Soldats Fran\u00e7ais Morts en Bosnie<br \/>\n(Sarajevo, Ambassade de France), fonte de fer<span class=\"Apple-converted-space\">\u00a0<\/span><\/p>\n<p>1997 \u00a0U.N.E.S.C.O. (Paris) : sculpture monumentale en bois<span class=\"Apple-converted-space\">\u00a0<\/span><\/p>\n<p>1998 \u00a0Eglise de Meythet (Haute Savoie) : Christ en Croix, bois<span class=\"Apple-converted-space\">\u00a0<\/span><\/p>\n<p>2000 Verdun-Haudainville (Meuse) : Monument aux Soldats Europ\u00e9ens Morts dans les Balkans, fonte de fer<br \/>\n2006 Eglise Saint-Denys-du-Saint-Sacrement (Paris) : Christ en bronze<br \/>\n2017 Centre Mondial pour la Paix (Verdun) : M\u00e9morial, acier inox <span class=\"Apple-converted-space\">\u00a0<\/span>[\/vc_column_text][\/vc_column][vc_column width=\u00a0\u00bb1\/2&Prime;][\/vc_column][\/vc_row][vc_row][vc_column][vc_column_text]<\/p>\n<p style=\"text-align: center;\"><div class=\"_3d-flip-book  fb3d-fullscreen-mode full-size\" data-id=\"3117\" data-mode=\"fullscreen\" data-title=\"false\" data-template=\"short-white-book-view\" data-lightbox=\"dark-shadow\" data-urlparam=\"fb3d-page\" data-page-n=\"0\" data-pdf=\"\" data-tax=\"null\" data-thumbnail=\"\" data-cols=\"3\" data-book-template=\"default\" data-trigger=\"\"><\/div><script type=\"text\/javascript\">window.FB3D_CLIENT_DATA = window.FB3D_CLIENT_DATA || [];FB3D_CLIENT_DATA.push('eyJwb3N0cyI6eyIzMTE3Ijp7IklEIjozMTE3LCJ0aXRsZSI6IlhBVklFUiBEQU1CUklORSAtIEludGVydmlldyIsInR5cGUiOiJwZGYiLCJyZWFkeV9mdW5jdGlvbiI6IiIsImJvb2tfc3R5bGUiOiJmbGF0IiwiYm9va190ZW1wbGF0ZSI6Im5vbmUiLCJvdXRsaW5lIjpbXSwiZGF0YSI6eyJwb3N0X0lEIjoiMzExOCIsImd1aWQiOiJodHRwczpcL1wvd3d3LmdhYnJpZWxsZS1sYXJvY2hlLmNvbVwvd3AtY29udGVudFwvdXBsb2Fkc1wvMjAyMVwvMDNcL0xhLWd1ZXJyZS1zY3VscHR1cmUtZW4tZmVyLW94eWRlXHUwMzAxLWV0LXBsb21iLV8tY29uZnJvbnRhdGlvbi5wZGYiLCJwZGZfcGFnZXMiOiIzIiwicGFnZXNfY3VzdG9taXphdGlvbiI6Im5vbmUifSwidGh1bWJuYWlsIjp7ImRhdGEiOnsicG9zdF9JRCI6IjAifSwidHlwZSI6ImF1dG8ifSwicHJvcHMiOnsiY2FjaGVkUGFnZXMiOiJhdXRvIiwicmVuZGVySW5hY3RpdmVQYWdlcyI6ImF1dG8iLCJyZW5kZXJJbmFjdGl2ZVBhZ2VzT25Nb2JpbGUiOiJhdXRvIiwicmVuZGVyV2hpbGVGbGlwcGluZyI6ImF1dG8iLCJwcmVsb2FkUGFnZXMiOiJhdXRvIiwicnRsIjoiYXV0byIsInNoZWV0Ijp7InN0YXJ0VmVsb2NpdHkiOiJhdXRvIiwid2F2ZSI6ImF1dG8iLCJ3aWR0aFRleGVscyI6ImF1dG8iLCJjb2xvciI6ImF1dG8iLCJzaWRlIjoiYXV0byIsImNvcm5lckRldmlhdGlvbiI6ImF1dG8iLCJmbGV4aWJpbGl0eSI6ImF1dG8iLCJmbGV4aWJsZUNvcm5lciI6ImF1dG8iLCJiZW5kaW5nIjoiYXV0byIsImhlaWdodFRleGVscyI6ImF1dG8ifSwiY292ZXIiOnsid2F2ZSI6ImF1dG8iLCJjb2xvciI6ImF1dG8iLCJiaW5kZXJUZXh0dXJlIjoiYXV0byIsImRlcHRoIjoiYXV0byIsInBhZGRpbmciOiJhdXRvIiwic3RhcnRWZWxvY2l0eSI6ImF1dG8iLCJmbGV4aWJpbGl0eSI6ImF1dG8iLCJmbGV4aWJsZUNvcm5lciI6ImF1dG8iLCJiZW5kaW5nIjoiYXV0byIsIndpZHRoVGV4ZWxzIjoiYXV0byIsImhlaWdodFRleGVscyI6ImF1dG8iLCJtYXNzIjoiYXV0byIsInNpZGUiOiJhdXRvIn0sInBhZ2UiOnsid2F2ZSI6ImF1dG8iLCJjb2xvciI6ImF1dG8iLCJkZXB0aCI6ImF1dG8iLCJzdGFydFZlbG9jaXR5IjoiYXV0byIsImZsZXhpYmlsaXR5IjoiYXV0byIsImZsZXhpYmxlQ29ybmVyIjoiYXV0byIsImJlbmRpbmciOiJhdXRvIiwid2lkdGhUZXhlbHMiOiJhdXRvIiwiaGVpZ2h0VGV4ZWxzIjoiYXV0byIsIm1hc3MiOiJhdXRvIiwic2lkZSI6ImF1dG8ifSwiaGVpZ2h0IjoiYXV0byIsIndpZHRoIjoiYXV0byIsImdyYXZpdHkiOiJhdXRvIiwicGFnZXNGb3JQcmVkaWN0aW5nIjoiYXV0byJ9LCJjb250cm9sUHJvcHMiOnsiYWN0aW9ucyI6eyJjbWRTYXZlIjp7ImVuYWJsZWQiOiJhdXRvIiwiZW5hYmxlZEluTmFycm93IjoiYXV0byJ9LCJjbWRQcmludCI6eyJlbmFibGVkIjoiYXV0byIsImVuYWJsZWRJbk5hcnJvdyI6ImF1dG8ifSwiY21kU2luZ2xlUGFnZSI6eyJlbmFibGVkIjoiYXV0byIsImVuYWJsZWRJbk5hcnJvdyI6ImF1dG8iLCJhY3RpdmUiOiJhdXRvIn19fSwiYXV0b1RodW1ibmFpbCI6Imh0dHBzOlwvXC93d3cuZ2FicmllbGxlLWxhcm9jaGUuY29tXC93cC1jb250ZW50XC91cGxvYWRzXC8zZC1mbGlwLWJvb2tcL2F1dG8tdGh1bWJuYWlsc1wvMzExNy5wbmciLCJwb3N0X25hbWUiOiJ4YXZpZXItZGFtYnJpbmUtaW50ZXJ2aWV3IiwicG9zdF90eXBlIjoiM2QtZmxpcC1ib29rIn19LCJwYWdlcyI6W10sImZpcnN0UGFnZXMiOltdfQ==');window.FB3D_CLIENT_LOCALE && FB3D_CLIENT_LOCALE.render && FB3D_CLIENT_LOCALE.render();<\/script><\/p>\n<p>[\/vc_column_text][\/vc_column][\/vc_row]<\/p>\n<\/div>","protected":false},"excerpt":{"rendered":"<h4>XAVIER DAMBRINE<\/h4>\n<h4><em>La guerre<\/em><\/h4>\n<p>&nbsp;<\/p>\n<p>Sculpture en bronze<\/p>\n<p>Sign\u00e9 au dos<\/p>\n<p>&nbsp;<\/p>\n<p>Hauteur\u00a0: 30 cm<\/p>\n<p>Longueur\u00a0: 96 cm<\/p>\n<p>&nbsp;<\/p>\n<p>&nbsp;<\/p>\n[dt_button size=\"small\" style=\"default\" animation=\"none\" color_mode=\"default\" icon=\"\" icon_align=\"left\" color=\"\" link=\"mailto:gabrielle-laroche@wanadoo.fr?subject=201_XAVIER DAMBRINE - La guerre\" target_blank=\"true\"]DEMANDE D&rsquo;INFORMATIONS[\/dt_button]\n<p>&nbsp;<\/p>\n<p><a href=\"\/fr\/contemporains\/\">Retour aux contemporains<\/a><\/p>\n","protected":false},"featured_media":3123,"template":"","meta":[],"product_brand":[],"product_cat":[39],"product_tag":[],"class_list":{"0":"post-3115","1":"product","2":"type-product","3":"status-publish","4":"has-post-thumbnail","6":"product_cat-contemporain","7":"description-off","9":"first","10":"instock","11":"shipping-taxable","12":"product-type-simple"},"aioseo_notices":[],"_links":{"self":[{"href":"https:\/\/www.gabrielle-laroche.com\/fr\/wp-json\/wp\/v2\/product\/3115","targetHints":{"allow":["GET"]}}],"collection":[{"href":"https:\/\/www.gabrielle-laroche.com\/fr\/wp-json\/wp\/v2\/product"}],"about":[{"href":"https:\/\/www.gabrielle-laroche.com\/fr\/wp-json\/wp\/v2\/types\/product"}],"wp:featuredmedia":[{"embeddable":true,"href":"https:\/\/www.gabrielle-laroche.com\/fr\/wp-json\/wp\/v2\/media\/3123"}],"wp:attachment":[{"href":"https:\/\/www.gabrielle-laroche.com\/fr\/wp-json\/wp\/v2\/media?parent=3115"}],"wp:term":[{"taxonomy":"product_brand","embeddable":true,"href":"https:\/\/www.gabrielle-laroche.com\/fr\/wp-json\/wp\/v2\/product_brand?post=3115"},{"taxonomy":"product_cat","embeddable":true,"href":"https:\/\/www.gabrielle-laroche.com\/fr\/wp-json\/wp\/v2\/product_cat?post=3115"},{"taxonomy":"product_tag","embeddable":true,"href":"https:\/\/www.gabrielle-laroche.com\/fr\/wp-json\/wp\/v2\/product_tag?post=3115"}],"curies":[{"name":"wp","href":"https:\/\/api.w.org\/{rel}","templated":true}]}}

<div class="wpb-content-wrapper"><p>[vc_row][vc_column width= »1/2&Prime;][vc_column_text]<strong>Biographie :<span class="Apple-converted-space"> </span></strong></p>
<p>Xavier Dambrine est né en 1964, il vit et travaille à Paris</p>
<p>1982-1987 École Nationale Supérieure des Beaux-Arts<br />
1989 Lauréat du Grand Prix de Sculpture de l&rsquo;Académie des Beaux-Arts 1991</p>
<p>Lauréat de la Fondation Princesse Grace de Monaco</p>
<p>1994 Lauréat du Prix Arts de la fondation Charles Oulmont</p>
<p>&nbsp;</p>
<p><strong>Expositions personnelles<span class="Apple-converted-space"> </span></strong></p>
<p>1990  Institut de France, Paris<span class="Apple-converted-space"> </span></p>
<p>1991  Théâtre Municipal, Brive<span class="Apple-converted-space"> </span></p>
<p>1992  Conseil Régional des Pays de Loire, Nantes<span class="Apple-converted-space"> </span></p>
<p>1995 Philippe Jaeger, Paris<br />
1997 Independant Insurance, Paris 1999 Jean-Marc Peyrouset, Paris<span class="Apple-converted-space"> </span></p>
<p>2002 Galerie ICI, Paris<span class="Apple-converted-space"> </span></p>
<p>2004  Galerie ICI, Paris<span class="Apple-converted-space"> </span></p>
<p>2005  Orangerie du Jardin du Luxembourg, Paris<span class="Apple-converted-space"> </span></p>
<p>2006  Zen Factory, Pairs<span class="Apple-converted-space"> </span></p>
<p>2006  Galerie Espace Point Barre, Lille<span class="Apple-converted-space"> </span></p>
<p>2007  Galerie Emeraude, Le Touquet<span class="Apple-converted-space"> </span></p>
<p>2007  Livart, Paris<span class="Apple-converted-space"> </span></p>
<p>2008  Galerie Nicolas Plescoff, Paris<span class="Apple-converted-space"> </span></p>
<p>2009  Galerie Emeraude, Le Touquet<span class="Apple-converted-space"> </span></p>
<p>2011  Galerie Emeraude, Le Touquet<span class="Apple-converted-space"> </span></p>
<p>2012  Livart, Paris<span class="Apple-converted-space"> </span></p>
<p>2012 Artfiler Gallery, Bruxelles<span class="Apple-converted-space"> </span></p>
<p>2012  Galerie Alex Kacem, Paris<span class="Apple-converted-space"> </span></p>
<p>2013  Galerie Emeraude, Le Touquet<span class="Apple-converted-space"> </span></p>
<p>2014  Bergsen &amp; Bergsen Gallery, Istambul<span class="Apple-converted-space"> </span></p>
<p>2014  Livart, Paris<span class="Apple-converted-space"> </span></p>
<p>2015  Centre Max Juclier, Villeneuve-la-Garenne<span class="Apple-converted-space"> </span></p>
<p>2015 Hôtel de l&rsquo;Industrie, Paris<span class="Apple-converted-space"> </span></p>
<p>2015  Livart, Paris<span class="Apple-converted-space"> </span></p>
<p>2016  Mayfair Gallery, Londres<span class="Apple-converted-space"> </span></p>
<p>&nbsp;</p>
<p><strong>Commandes publiques<span class="Apple-converted-space"> </span></strong></p>
<p>1991 Musée de Brive : sculpture (bois)<br />
1996 Monnaie de Paris ; édition de deux bas-reliefs en bronze<span class="Apple-converted-space"> </span></p>
<p>1996  Ministère des Affaires Etrangères ; Monument aux Soldats Français Morts en Bosnie<br />
(Sarajevo, Ambassade de France), fonte de fer<span class="Apple-converted-space"> </span></p>
<p>1997  U.N.E.S.C.O. (Paris) : sculpture monumentale en bois<span class="Apple-converted-space"> </span></p>
<p>1998  Eglise de Meythet (Haute Savoie) : Christ en Croix, bois<span class="Apple-converted-space"> </span></p>
<p>2000 Verdun-Haudainville (Meuse) : Monument aux Soldats Européens Morts dans les Balkans, fonte de fer<br />
2006 Eglise Saint-Denys-du-Saint-Sacrement (Paris) : Christ en bronze<br />
2017 Centre Mondial pour la Paix (Verdun) : Mémorial, acier inox <span class="Apple-converted-space"> </span>[/vc_column_text][/vc_column][vc_column width= »1/2&Prime;][/vc_column][/vc_row][vc_row][vc_column][vc_column_text]</p>
<p style="text-align: center;"><div class="_3d-flip-book  fb3d-fullscreen-mode full-size" data-id="3117" data-mode="fullscreen" data-title="false" data-template="short-white-book-view" data-lightbox="dark-shadow" data-urlparam="fb3d-page" data-page-n="0" data-pdf="" data-tax="null" data-thumbnail="" data-cols="3" data-book-template="default" data-trigger=""></div><script type="text/javascript">window.FB3D_CLIENT_DATA = window.FB3D_CLIENT_DATA || [];FB3D_CLIENT_DATA.push('eyJwb3N0cyI6eyIzMTE3Ijp7IklEIjozMTE3LCJ0aXRsZSI6IlhBVklFUiBEQU1CUklORSAtIEludGVydmlldyIsInR5cGUiOiJwZGYiLCJyZWFkeV9mdW5jdGlvbiI6IiIsImJvb2tfc3R5bGUiOiJmbGF0IiwiYm9va190ZW1wbGF0ZSI6Im5vbmUiLCJvdXRsaW5lIjpbXSwiZGF0YSI6eyJwb3N0X0lEIjoiMzExOCIsImd1aWQiOiJodHRwczpcL1wvd3d3LmdhYnJpZWxsZS1sYXJvY2hlLmNvbVwvd3AtY29udGVudFwvdXBsb2Fkc1wvMjAyMVwvMDNcL0xhLWd1ZXJyZS1zY3VscHR1cmUtZW4tZmVyLW94eWRlXHUwMzAxLWV0LXBsb21iLV8tY29uZnJvbnRhdGlvbi5wZGYiLCJwZGZfcGFnZXMiOiIzIiwicGFnZXNfY3VzdG9taXphdGlvbiI6Im5vbmUifSwidGh1bWJuYWlsIjp7ImRhdGEiOnsicG9zdF9JRCI6IjAifSwidHlwZSI6ImF1dG8ifSwicHJvcHMiOnsiY2FjaGVkUGFnZXMiOiJhdXRvIiwicmVuZGVySW5hY3RpdmVQYWdlcyI6ImF1dG8iLCJyZW5kZXJJbmFjdGl2ZVBhZ2VzT25Nb2JpbGUiOiJhdXRvIiwicmVuZGVyV2hpbGVGbGlwcGluZyI6ImF1dG8iLCJwcmVsb2FkUGFnZXMiOiJhdXRvIiwicnRsIjoiYXV0byIsInNoZWV0Ijp7InN0YXJ0VmVsb2NpdHkiOiJhdXRvIiwid2F2ZSI6ImF1dG8iLCJ3aWR0aFRleGVscyI6ImF1dG8iLCJjb2xvciI6ImF1dG8iLCJzaWRlIjoiYXV0byIsImNvcm5lckRldmlhdGlvbiI6ImF1dG8iLCJmbGV4aWJpbGl0eSI6ImF1dG8iLCJmbGV4aWJsZUNvcm5lciI6ImF1dG8iLCJiZW5kaW5nIjoiYXV0byIsImhlaWdodFRleGVscyI6ImF1dG8ifSwiY292ZXIiOnsid2F2ZSI6ImF1dG8iLCJjb2xvciI6ImF1dG8iLCJiaW5kZXJUZXh0dXJlIjoiYXV0byIsImRlcHRoIjoiYXV0byIsInBhZGRpbmciOiJhdXRvIiwic3RhcnRWZWxvY2l0eSI6ImF1dG8iLCJmbGV4aWJpbGl0eSI6ImF1dG8iLCJmbGV4aWJsZUNvcm5lciI6ImF1dG8iLCJiZW5kaW5nIjoiYXV0byIsIndpZHRoVGV4ZWxzIjoiYXV0byIsImhlaWdodFRleGVscyI6ImF1dG8iLCJtYXNzIjoiYXV0byIsInNpZGUiOiJhdXRvIn0sInBhZ2UiOnsid2F2ZSI6ImF1dG8iLCJjb2xvciI6ImF1dG8iLCJkZXB0aCI6ImF1dG8iLCJzdGFydFZlbG9jaXR5IjoiYXV0byIsImZsZXhpYmlsaXR5IjoiYXV0byIsImZsZXhpYmxlQ29ybmVyIjoiYXV0byIsImJlbmRpbmciOiJhdXRvIiwid2lkdGhUZXhlbHMiOiJhdXRvIiwiaGVpZ2h0VGV4ZWxzIjoiYXV0byIsIm1hc3MiOiJhdXRvIiwic2lkZSI6ImF1dG8ifSwiaGVpZ2h0IjoiYXV0byIsIndpZHRoIjoiYXV0byIsImdyYXZpdHkiOiJhdXRvIiwicGFnZXNGb3JQcmVkaWN0aW5nIjoiYXV0byJ9LCJjb250cm9sUHJvcHMiOnsiYWN0aW9ucyI6eyJjbWRTYXZlIjp7ImVuYWJsZWQiOiJhdXRvIiwiZW5hYmxlZEluTmFycm93IjoiYXV0byJ9LCJjbWRQcmludCI6eyJlbmFibGVkIjoiYXV0byIsImVuYWJsZWRJbk5hcnJvdyI6ImF1dG8ifSwiY21kU2luZ2xlUGFnZSI6eyJlbmFibGVkIjoiYXV0byIsImVuYWJsZWRJbk5hcnJvdyI6ImF1dG8iLCJhY3RpdmUiOiJhdXRvIn19fSwiYXV0b1RodW1ibmFpbCI6Imh0dHBzOlwvXC93d3cuZ2FicmllbGxlLWxhcm9jaGUuY29tXC93cC1jb250ZW50XC91cGxvYWRzXC8zZC1mbGlwLWJvb2tcL2F1dG8tdGh1bWJuYWlsc1wvMzExNy5wbmciLCJwb3N0X25hbWUiOiJ4YXZpZXItZGFtYnJpbmUtaW50ZXJ2aWV3IiwicG9zdF90eXBlIjoiM2QtZmxpcC1ib29rIn19LCJwYWdlcyI6W10sImZpcnN0UGFnZXMiOltdfQ==');window.FB3D_CLIENT_LOCALE && FB3D_CLIENT_LOCALE.render && FB3D_CLIENT_LOCALE.render();</script></p>
<p>[/vc_column_text][/vc_column][/vc_row]</p>
</div>

<h4>XAVIER DAMBRINE</h4>
<h4><em>La guerre</em></h4>
<p>&nbsp;</p>
<p>Sculpture en bronze</p>
<p>Signé au dos</p>
<p>&nbsp;</p>
<p>Hauteur : 30 cm</p>
<p>Longueur : 96 cm</p>
<p>&nbsp;</p>
<p>&nbsp;</p>
[dt_button size="small" style="default" animation="none" color_mode="default" icon="" icon_align="left" color="" link="mailto:gabrielle-laroche@wanadoo.fr?subject=201_XAVIER DAMBRINE - La guerre" target_blank="true"]DEMANDE D&rsquo;INFORMATIONS[/dt_button]
<p>&nbsp;</p>
<p><a href="/fr/contemporains/">Retour aux contemporains</a></p>
