

{"id":3311,"date":"2021-03-23T10:00:31","date_gmt":"2021-03-23T09:00:31","guid":{"rendered":"http:\/\/mrplwpw.cluster030.hosting.ovh.net\/?post_type=product&#038;p=3311"},"modified":"2025-06-19T18:25:04","modified_gmt":"2025-06-19T16:25:04","slug":"xavier-alvarez-la-poule","status":"publish","type":"product","link":"https:\/\/www.gabrielle-laroche.com\/fr\/product\/xavier-alvarez-la-poule\/","title":{"rendered":"XAVIER ALVAREZ &#8211; La Poule"},"content":{"rendered":"<div class=\"wpb-content-wrapper\"><p>[vc_row][vc_column width=\u00a0\u00bb1\/2&Prime;][vc_column_text]<\/p>\n<p class=\"p1\" style=\"text-align: justify;\"><span class=\"s1\">D\u00e8s l\u2019\u00e2ge de vingt ans, je commence \u00e0 Sculpter l\u2019acier pendant plusieurs ann\u00e9es. A la suite de cette discipline s\u00e9v\u00e8re qu\u2019est le travail du m\u00e9tal, je me passionne pour un autre mat\u00e9riau : Le Bronze L\u2019 installation d\u2019une fonderie d\u2019Art en Touraine me permet de suivre mon travail de cr\u00e9ation et m\u2019accomplir dans la ma\u00eetrise du Bronze : Fonte, ciselage, Patine. Apr\u00e8s une p\u00e9riode de sculptures abstraites aujourd\u2019hui, ma cr\u00e9ation s\u2019oriente vers des formes pleines et g\u00e9n\u00e9reuses, en courbes et rondeurs. Le corps de la femme ainsi que la dualit\u00e9 masculin-f\u00e9minin et le questionnement sur l\u2019identit\u00e9 sont les th\u00e8mes essentiels de mon travail. De mon \u00e9volution de Sculpteur, je n\u2019ai eu de cesse de fa\u00e7onner, d\u2019\u00e9purer afin de parvenir \u00e0 des courbes simplifi\u00e9es jusqu\u2019\u00e0 l\u2019essentiel.<\/span><\/p>\n<p>&nbsp;<\/p>\n<p class=\"p1\" style=\"text-align: justify;\"><span class=\"s1\"><b>Xavier ALVAREZ<\/b><\/span><\/p>\n<p class=\"p1\" style=\"text-align: justify;\"><span class=\"s1\">Les sculptures de Xavier ALVAREZ, aux formes pleines et g\u00e9n\u00e9reuses femmes matricielles, m\u00e8res d\u00e9esses dont les courbes semblent se tendre \u00e0 nous, appellent \u00e0 une union, un unisson. Elles nous ravissent au sens de nous mouvoir entre voyage immobile int\u00e9rieur et mouvement de cette tension vers autre chose que soi pour advenir enfin. Car il n\u2019est pas tant question de deux corps qui se rejoignent, s\u2019unissent ou s\u2019enlacent\u00a0; qu\u2019une compl\u00e9tude, une unit\u00e9 enfin retrouv\u00e9e. Quand le lisse se fait bronze sous la main experte du sculpteur et fondeur, les couples fusionnent et les femmes enflamment. Une sculpture brute, \u00e9pur\u00e9e, ancr\u00e9e dans la chair. Les corps sont solides, terriens, presque organiques du fait de la densit\u00e9 surprenante du bronze et s\u2019esquivent en postures sensuelles et a\u00e9riennes. Les volumes des sculptures sont travaill\u00e9s jusqu\u2019\u00e0 l\u2019\u00e9pure pour former des figures universelles. Il convoque des figures f\u00e9minines arch\u00e9typales et les sublime. Avec cette \u00e9vidente magie de la mati\u00e8re qu\u2019est le bronze. Mais sont-elles Femmes\u00a0? Hommes\u00a0? Mi-Hommes, mi-Femmes\u00a0? Nous\u00a0? Un retour aux origines. Un mouvement vers l\u2019essentiel de la vie exprim\u00e9 ici par l\u2019imm\u00e9diatet\u00e9 simple et \u00e9vidente des courbes et des lignes.<\/span><\/p>\n<p class=\"p1\" style=\"text-align: justify;\"><span class=\"s1\">Florence DENAT<\/span><\/p>\n<p>&nbsp;<\/p>\n<p class=\"p1\" style=\"text-align: justify;\"><span class=\"s1\"><b>Expositions collectives<\/b><\/span><\/p>\n<p class=\"p1\" style=\"text-align: justify;\"><span class=\"s1\">1972 \u2013 Maison de la culture \u2013 Cr\u00e9teil<br \/>\n1973 \u2013 H\u00f4tel des Bergues \u2013 Gen\u00e8ve<br \/>\n1977 \u2013 Galerie Cour de Nesles \u2013 Paris<br \/>\n1978 \u2013 Centre Am\u00e9ricain \u2013 Paris<br \/>\n1980 \u2013 Galerie Orly \u2013 A\u00e9roport de Paris<br \/>\n1984 \u2013 Palm Beach \u2013 Cannes<br \/>\n1988 \u2013 Galerie du Majestic \u2013 Cannes<br \/>\n1994 \u2013 Palais L\u00e9onard de Vinci \u2013 Tours<br \/>\n1996 \u2013 Europ Art \u2013 Geneve<br \/>\n1997 \u2013 Maig Davand \u2013 Paris<br \/>\n1999 \u2013 Artimus \u2013 Paris<br \/>\n2000 \u2013 Valenti \u2013 Barcelone<br \/>\n2005 \u2013 Cit\u00e9e Internationale des Arts \u2013 Paris<\/span><\/p>\n<p>&nbsp;<\/p>\n<p class=\"p1\" style=\"text-align: justify;\"><span class=\"s1\"><b>Expositions personnelles<\/b><\/span><\/p>\n<p class=\"p1\" style=\"text-align: justify;\"><span class=\"s1\">1975 \u2013 Galerie Zella \u2013 Paris<br \/>\n1976 \u2013 Galerie des Ateliers de la Mouff \u2013 Paris<br \/>\n1980 \u2013 Galerie de le Roue \u2013 Paris<br \/>\n1982 \u2013 Galerie Rene Borel \u2013 Deauville<br \/>\n1985 \u2013 Galerie V \u2013 Biarritz<br \/>\n1986 \u2013 Galerie de Pont Aven \u2013 Pont Aven<br \/>\n1987 \u2013 Galerie de Pont Aven \u2013 Pont Aven<br \/>\n1988 \u2013 Galerie Moyen Avenard \u2013 Nantes<br \/>\n1990 \u2013 Galerie Van Riel \u2013 Buenos Aires<br \/>\n1992 \u2013 Art Contemporain \u2013 Paris<br \/>\n1994 \u2013 Hotel Royal \u2013 La Baule<br \/>\n1995 \u2013 Centre Latino Americain \u2013 Paris<br \/>\n1996 \u2013 Hotel Concorde La Fayette \u2013 Paris<br \/>\n1998 \u2013 Galerie Fred Becker \u2013 Luxembourg<br \/>\n2000 \u2013 Galerie Georges Darvill \u2013 Paris<br \/>\n2002 \u2013 Galerie Mourier \u2013 Saint R\u00e9my de Provence<br \/>\n2004 \u2013 Galerie Charon \u2013 Paris<br \/>\n2006 \u2013 Galerie RUbens \u2013 Bruxelles<\/span><\/p>\n<p>&nbsp;<\/p>\n<p class=\"p1\" style=\"text-align: justify;\"><span class=\"s1\"><b>Participations \u00e0 diff\u00e9rents salons \u00e0 Paris\u00a0<\/b><\/span><\/p>\n<p class=\"p1\" style=\"text-align: justify;\"><span class=\"s1\">Salon comparaisons, salon de la jeune sculpture, grands et jeunes d\u2019aujourd\u2019hui.<\/span><\/p>\n<p>&nbsp;<\/p>\n<p class=\"p1\" style=\"text-align: justify;\"><span class=\"s1\"><b>Sculptures dans des collections priv\u00e9es<\/b><\/span><\/p>\n<p class=\"p1\" style=\"text-align: justify;\"><span class=\"s1\">En France, Angleterre, Allemagne, Suisse, Autriche, Espagne et Italie.<\/span><\/p>\n<p>[\/vc_column_text][\/vc_column][vc_column width=\u00a0\u00bb1\/2&Prime;][\/vc_column][\/vc_row]<\/p>\n<\/div>","protected":false},"excerpt":{"rendered":"<h4 class=\"p1\"><span class=\"s1\">XAVIER ALVAREZ\u00a0(1949)<\/span><\/h4>\n<h4 class=\"p1\"><em><span class=\"s1\">La Poule<\/span><\/em><\/h4>\n<p>&nbsp;<\/p>\n<p class=\"p1\"><span class=\"s1\">XXe si\u00e8cle<\/span><\/p>\n<p class=\"p1\"><span class=\"s1\">Bronze patine brune fonc\u00e9e<\/span><\/p>\n<p class=\"p1\"><span class=\"s1\">Sign\u00e9 \u00e0 la base\u00a0: X. Alvarez<\/span><\/p>\n<p class=\"p1\"><span class=\"s1\"><b>\u00a0<\/b><\/span><\/p>\n<p class=\"p1\"><span class=\"s1\">Hauteur : 60 cm<b>\u00a0<\/b><\/span><\/p>\n<p class=\"p1\"><span class=\"s1\"><b>\u00a0<\/b><\/span><\/p>\n<p>&nbsp;<\/p>\n[dt_button size=\"small\" style=\"default\" animation=\"none\" color_mode=\"default\" icon=\"\" icon_align=\"left\" color=\"\" link=\"mailto:gabrielle-laroche@wanadoo.fr?subject=233_XAVIER ALVAREZ - La Poule\" target_blank=\"true\"]DEMANDE D&rsquo;INFORMATIONS[\/dt_button]\n<p>&nbsp;<\/p>\n<p><a href=\"\/fr\/contemporains\/\">Retour aux contemporains<\/a><\/p>\n","protected":false},"featured_media":11571,"template":"","meta":[],"product_brand":[],"product_cat":[39],"product_tag":[],"class_list":{"0":"post-3311","1":"product","2":"type-product","3":"status-publish","4":"has-post-thumbnail","6":"product_cat-contemporain","7":"description-off","9":"first","10":"instock","11":"shipping-taxable","12":"product-type-simple"},"aioseo_notices":[],"_links":{"self":[{"href":"https:\/\/www.gabrielle-laroche.com\/fr\/wp-json\/wp\/v2\/product\/3311","targetHints":{"allow":["GET"]}}],"collection":[{"href":"https:\/\/www.gabrielle-laroche.com\/fr\/wp-json\/wp\/v2\/product"}],"about":[{"href":"https:\/\/www.gabrielle-laroche.com\/fr\/wp-json\/wp\/v2\/types\/product"}],"wp:featuredmedia":[{"embeddable":true,"href":"https:\/\/www.gabrielle-laroche.com\/fr\/wp-json\/wp\/v2\/media\/11571"}],"wp:attachment":[{"href":"https:\/\/www.gabrielle-laroche.com\/fr\/wp-json\/wp\/v2\/media?parent=3311"}],"wp:term":[{"taxonomy":"product_brand","embeddable":true,"href":"https:\/\/www.gabrielle-laroche.com\/fr\/wp-json\/wp\/v2\/product_brand?post=3311"},{"taxonomy":"product_cat","embeddable":true,"href":"https:\/\/www.gabrielle-laroche.com\/fr\/wp-json\/wp\/v2\/product_cat?post=3311"},{"taxonomy":"product_tag","embeddable":true,"href":"https:\/\/www.gabrielle-laroche.com\/fr\/wp-json\/wp\/v2\/product_tag?post=3311"}],"curies":[{"name":"wp","href":"https:\/\/api.w.org\/{rel}","templated":true}]}}

<div class="wpb-content-wrapper"><p>[vc_row][vc_column width= »1/2&Prime;][vc_column_text]</p>
<p class="p1" style="text-align: justify;"><span class="s1">Dès l’âge de vingt ans, je commence à Sculpter l’acier pendant plusieurs années. A la suite de cette discipline sévère qu’est le travail du métal, je me passionne pour un autre matériau : Le Bronze L’ installation d’une fonderie d’Art en Touraine me permet de suivre mon travail de création et m’accomplir dans la maîtrise du Bronze : Fonte, ciselage, Patine. Après une période de sculptures abstraites aujourd’hui, ma création s’oriente vers des formes pleines et généreuses, en courbes et rondeurs. Le corps de la femme ainsi que la dualité masculin-féminin et le questionnement sur l’identité sont les thèmes essentiels de mon travail. De mon évolution de Sculpteur, je n’ai eu de cesse de façonner, d’épurer afin de parvenir à des courbes simplifiées jusqu’à l’essentiel.</span></p>
<p>&nbsp;</p>
<p class="p1" style="text-align: justify;"><span class="s1"><b>Xavier ALVAREZ</b></span></p>
<p class="p1" style="text-align: justify;"><span class="s1">Les sculptures de Xavier ALVAREZ, aux formes pleines et généreuses femmes matricielles, mères déesses dont les courbes semblent se tendre à nous, appellent à une union, un unisson. Elles nous ravissent au sens de nous mouvoir entre voyage immobile intérieur et mouvement de cette tension vers autre chose que soi pour advenir enfin. Car il n’est pas tant question de deux corps qui se rejoignent, s’unissent ou s’enlacent ; qu’une complétude, une unité enfin retrouvée. Quand le lisse se fait bronze sous la main experte du sculpteur et fondeur, les couples fusionnent et les femmes enflamment. Une sculpture brute, épurée, ancrée dans la chair. Les corps sont solides, terriens, presque organiques du fait de la densité surprenante du bronze et s’esquivent en postures sensuelles et aériennes. Les volumes des sculptures sont travaillés jusqu’à l’épure pour former des figures universelles. Il convoque des figures féminines archétypales et les sublime. Avec cette évidente magie de la matière qu’est le bronze. Mais sont-elles Femmes ? Hommes ? Mi-Hommes, mi-Femmes ? Nous ? Un retour aux origines. Un mouvement vers l’essentiel de la vie exprimé ici par l’immédiateté simple et évidente des courbes et des lignes.</span></p>
<p class="p1" style="text-align: justify;"><span class="s1">Florence DENAT</span></p>
<p>&nbsp;</p>
<p class="p1" style="text-align: justify;"><span class="s1"><b>Expositions collectives</b></span></p>
<p class="p1" style="text-align: justify;"><span class="s1">1972 – Maison de la culture – Créteil<br />
1973 – Hôtel des Bergues – Genève<br />
1977 – Galerie Cour de Nesles – Paris<br />
1978 – Centre Américain – Paris<br />
1980 – Galerie Orly – Aéroport de Paris<br />
1984 – Palm Beach – Cannes<br />
1988 – Galerie du Majestic – Cannes<br />
1994 – Palais Léonard de Vinci – Tours<br />
1996 – Europ Art – Geneve<br />
1997 – Maig Davand – Paris<br />
1999 – Artimus – Paris<br />
2000 – Valenti – Barcelone<br />
2005 – Citée Internationale des Arts – Paris</span></p>
<p>&nbsp;</p>
<p class="p1" style="text-align: justify;"><span class="s1"><b>Expositions personnelles</b></span></p>
<p class="p1" style="text-align: justify;"><span class="s1">1975 – Galerie Zella – Paris<br />
1976 – Galerie des Ateliers de la Mouff – Paris<br />
1980 – Galerie de le Roue – Paris<br />
1982 – Galerie Rene Borel – Deauville<br />
1985 – Galerie V – Biarritz<br />
1986 – Galerie de Pont Aven – Pont Aven<br />
1987 – Galerie de Pont Aven – Pont Aven<br />
1988 – Galerie Moyen Avenard – Nantes<br />
1990 – Galerie Van Riel – Buenos Aires<br />
1992 – Art Contemporain – Paris<br />
1994 – Hotel Royal – La Baule<br />
1995 – Centre Latino Americain – Paris<br />
1996 – Hotel Concorde La Fayette – Paris<br />
1998 – Galerie Fred Becker – Luxembourg<br />
2000 – Galerie Georges Darvill – Paris<br />
2002 – Galerie Mourier – Saint Rémy de Provence<br />
2004 – Galerie Charon – Paris<br />
2006 – Galerie RUbens – Bruxelles</span></p>
<p>&nbsp;</p>
<p class="p1" style="text-align: justify;"><span class="s1"><b>Participations à différents salons à Paris </b></span></p>
<p class="p1" style="text-align: justify;"><span class="s1">Salon comparaisons, salon de la jeune sculpture, grands et jeunes d’aujourd’hui.</span></p>
<p>&nbsp;</p>
<p class="p1" style="text-align: justify;"><span class="s1"><b>Sculptures dans des collections privées</b></span></p>
<p class="p1" style="text-align: justify;"><span class="s1">En France, Angleterre, Allemagne, Suisse, Autriche, Espagne et Italie.</span></p>
<p>[/vc_column_text][/vc_column][vc_column width= »1/2&Prime;][/vc_column][/vc_row]</p>
</div>

<h4 class="p1"><span class="s1">XAVIER ALVAREZ (1949)</span></h4>
<h4 class="p1"><em><span class="s1">La Poule</span></em></h4>
<p>&nbsp;</p>
<p class="p1"><span class="s1">XXe siècle</span></p>
<p class="p1"><span class="s1">Bronze patine brune foncée</span></p>
<p class="p1"><span class="s1">Signé à la base : X. Alvarez</span></p>
<p class="p1"><span class="s1"><b> </b></span></p>
<p class="p1"><span class="s1">Hauteur : 60 cm<b> </b></span></p>
<p class="p1"><span class="s1"><b> </b></span></p>
<p>&nbsp;</p>
[dt_button size="small" style="default" animation="none" color_mode="default" icon="" icon_align="left" color="" link="mailto:gabrielle-laroche@wanadoo.fr?subject=233_XAVIER ALVAREZ - La Poule" target_blank="true"]DEMANDE D&rsquo;INFORMATIONS[/dt_button]
<p>&nbsp;</p>
<p><a href="/fr/contemporains/">Retour aux contemporains</a></p>
