

{"id":7912,"date":"2023-01-18T17:00:07","date_gmt":"2023-01-18T16:00:07","guid":{"rendered":"https:\/\/www.gabrielle-laroche.com\/?post_type=product&#038;p=7912"},"modified":"2023-01-18T17:58:37","modified_gmt":"2023-01-18T16:58:37","slug":"importante-vierge-a-lenfant-du-xve-siecle-en-bois-sculpte-polychrome","status":"publish","type":"product","link":"https:\/\/www.gabrielle-laroche.com\/fr\/product\/importante-vierge-a-lenfant-du-xve-siecle-en-bois-sculpte-polychrome\/","title":{"rendered":"IMPORTANTE VIERGE \u00c0 L\u2019ENFANT DU XVe SI\u00c8CLE EN BOIS SCULPT\u00c9 POLYCHROM\u00c9"},"content":{"rendered":"<div class=\"wpb-content-wrapper\"><p>[vc_row][vc_column width=\u00a0\u00bb1\/2&Prime;][vc_column_text]<\/p>\n<p style=\"text-align: justify;\">D\u00e8s 1430, la sculpture connait un renouvellement stylistique profond et qui se poursuivra jusqu\u2019en 1530, il s\u2019agit du gothique dit tardif. Cette production est notamment marqu\u00e9e par une recherche de r\u00e9alisme.<span class=\"Apple-converted-space\">\u00a0<\/span><\/p>\n<p style=\"text-align: justify;\">Cette importante Vierge \u00e0 l\u2019Enfant est rev\u00eatue d\u2019une longue robe rouge \u00e0 l\u2019encolure dor\u00e9e. Une fine ceinture dor\u00e9e marque sa taille.<span class=\"Apple-converted-space\">\u00a0<\/span><\/p>\n<p style=\"text-align: justify;\">De sa main droite, elle retient un pan de son lourd manteau bleu au revers vert. De profonds plis en V en creusent le drap\u00e9 tandis que s\u2019\u00e9talent g\u00e9n\u00e9reusement les plis de sa robe au niveau du sol, comme il \u00e9tait alors d\u2019usage.<span class=\"Apple-converted-space\">\u00a0<\/span><\/p>\n<p style=\"text-align: justify;\">Son beau visage \u00e0 l\u2019ovale plein, aux yeux en amande, au nez droit et long, aux l\u00e8vres fermes au model\u00e9 d\u00e9licat et au petit menton rond est emprunt d\u2019une grande douceur. Son regard lointain lui donne n\u00e9anmoins l\u2019air pensif. Son front haut et large est ceint d\u2019une couronne \u00e0 fleurons qui maintient un voile. Un pan de ce dernier passe devant le buste de la Vierge, en diagonal. Elle le maintient de sa main gauche, sous l\u2019Enfant J\u00e9sus. Son abondante chevelure blonde ondoyante se r\u00e9pand sur ses \u00e9paules et dans son dos.<span class=\"Apple-converted-space\">\u00a0<\/span><\/p>\n<p style=\"text-align: justify;\">Elle est repr\u00e9sent\u00e9e sans hanchement Dans une pose tr\u00e8s r\u00e9aliste, son buste l\u00e9g\u00e8rement renvers\u00e9 en raison du poids de l\u2019Enfant qu\u2019elle porte sur son bras gauche.<span class=\"Apple-converted-space\">\u00a0<\/span><\/p>\n<p style=\"text-align: justify;\">Son enfant, \u00e0 la chevelure aux m\u00e8ches bien dessin\u00e9es est nu. L\u2019air poupin, les joues rehauss\u00e9s de rouge, le regard vif, il tient dans sa main droite, un globe et de l\u2019autre, il joue avec son petit pied. Ce geste anecdotique conf\u00e8re \u00e0 cette sculpture une grande vitalit\u00e9.<\/p>\n<p style=\"text-align: justify;\">Cette oeuvre remarquable est un tr\u00e8s bel exemple de sculpture des ateliers souabes des derni\u00e8res d\u00e9cennies du XVe si\u00e8cle. Elle en pr\u00e9sente tous les \u00e9l\u00e9ments stylistiques caract\u00e9ristiques : une silhouette robuste au ventre fort et hautement ceintur\u00e9, un visage plein au menton marqu\u00e9, un drap\u00e9 abondant aux plis anguleux mais encore, une grande pr\u00e9sence physique accentu\u00e9e par la polychromie qui restitue les d\u00e9tails anatomiques.<\/p>\n<p style=\"text-align: justify;\">Bibliogrhapie<\/p>\n<p style=\"text-align: justify;\">Sophie Guillot de Suduiraut, <i>D\u00e9votion et s\u00e9duction, Sculptures souabes des mus\u00e9e de France, vers 1460-1530<\/i>, Paris, mus\u00e9e du Louvre-\u00c9ditions Somogy, 2015<span class=\"Apple-converted-space\">\u00a0<\/span><\/p>\n<p>[\/vc_column_text][vc_empty_space][\/vc_column][vc_column width=\u00a0\u00bb1\/2&Prime;][vc_empty_space][\/vc_column][\/vc_row]<\/p>\n<\/div>","protected":false},"excerpt":{"rendered":"<h4 class=\"p1\">IMPORTANTE VIERGE \u00c0 L\u2019ENFANT DU XVe SI\u00c8CLE EN BOIS SCULPT\u00c9 POLYCHROM\u00c9<\/h4>\n<p>&nbsp;<\/p>\n<p class=\"p1\"><b>ORIGINE : ALLEMAGNE DU SUD, SOUABE<\/b><\/p>\n<p class=\"p3\"><b>EPOQUE : FIN XVe SI\u00c8CLE, VERS 1480-1490<\/b><\/p>\n<p class=\"p1\">Hauteur\u00a0: 125 cm<\/p>\n<p class=\"p1\">\u00a0 \u00a0\u00a0<span class=\"Apple-converted-space\">\u00a0<\/span><\/p>\n<p class=\"p2\">Bois de tilleul polychrome, rehaut argent\u00e9<\/p>\n<p class=\"p2\">Bon \u00e9tat de conservation<\/p>\n<p>&nbsp;<\/p>\n<p>Provenance\u00a0: Collection particuli\u00e8re alsacienne<\/p>\n<p>&nbsp;<\/p>\n[dt_button size=\"small\" style=\"default\" animation=\"none\" color_mode=\"default\" icon=\"\" icon_align=\"left\" color=\"\" link=\"mailto:gabrielle-laroche@wanadoo.fr?subject=153_IMPORTANTE VIERGE \u00c0 L\u2019ENFANT DU XVe SI\u00c8CLE EN BOIS SCULPT\u00c9 POLYCHROM\u00c9\" target_blank=\"true\"]DEMANDE D&rsquo;INFORMATIONS[\/dt_button]\n<p>&nbsp;<\/p>\n<p><a href=\"\/fr\/antiquites\/mobilier\/meubles\/\">Retour aux meubles<\/a><\/p>\n","protected":false},"featured_media":7913,"template":"","meta":[],"product_brand":[],"product_cat":[32],"product_tag":[],"class_list":{"0":"post-7912","1":"product","2":"type-product","3":"status-publish","4":"has-post-thumbnail","6":"product_cat-sculptures","7":"description-off","9":"first","10":"instock","11":"shipping-taxable","12":"product-type-simple"},"aioseo_notices":[],"_links":{"self":[{"href":"https:\/\/www.gabrielle-laroche.com\/fr\/wp-json\/wp\/v2\/product\/7912","targetHints":{"allow":["GET"]}}],"collection":[{"href":"https:\/\/www.gabrielle-laroche.com\/fr\/wp-json\/wp\/v2\/product"}],"about":[{"href":"https:\/\/www.gabrielle-laroche.com\/fr\/wp-json\/wp\/v2\/types\/product"}],"wp:featuredmedia":[{"embeddable":true,"href":"https:\/\/www.gabrielle-laroche.com\/fr\/wp-json\/wp\/v2\/media\/7913"}],"wp:attachment":[{"href":"https:\/\/www.gabrielle-laroche.com\/fr\/wp-json\/wp\/v2\/media?parent=7912"}],"wp:term":[{"taxonomy":"product_brand","embeddable":true,"href":"https:\/\/www.gabrielle-laroche.com\/fr\/wp-json\/wp\/v2\/product_brand?post=7912"},{"taxonomy":"product_cat","embeddable":true,"href":"https:\/\/www.gabrielle-laroche.com\/fr\/wp-json\/wp\/v2\/product_cat?post=7912"},{"taxonomy":"product_tag","embeddable":true,"href":"https:\/\/www.gabrielle-laroche.com\/fr\/wp-json\/wp\/v2\/product_tag?post=7912"}],"curies":[{"name":"wp","href":"https:\/\/api.w.org\/{rel}","templated":true}]}}

IMPORTANTE VIERGE À L’ENFANT DU XVe SIÈCLE EN BOIS SCULPTÉ POLYCHROMÉ

<div class="wpb-content-wrapper"><p>[vc_row][vc_column width= »1/2&Prime;][vc_column_text]</p>
<p style="text-align: justify;">Dès 1430, la sculpture connait un renouvellement stylistique profond et qui se poursuivra jusqu’en 1530, il s’agit du gothique dit tardif. Cette production est notamment marquée par une recherche de réalisme.<span class="Apple-converted-space"> </span></p>
<p style="text-align: justify;">Cette importante Vierge à l’Enfant est revêtue d’une longue robe rouge à l’encolure dorée. Une fine ceinture dorée marque sa taille.<span class="Apple-converted-space"> </span></p>
<p style="text-align: justify;">De sa main droite, elle retient un pan de son lourd manteau bleu au revers vert. De profonds plis en V en creusent le drapé tandis que s’étalent généreusement les plis de sa robe au niveau du sol, comme il était alors d’usage.<span class="Apple-converted-space"> </span></p>
<p style="text-align: justify;">Son beau visage à l’ovale plein, aux yeux en amande, au nez droit et long, aux lèvres fermes au modelé délicat et au petit menton rond est emprunt d’une grande douceur. Son regard lointain lui donne néanmoins l’air pensif. Son front haut et large est ceint d’une couronne à fleurons qui maintient un voile. Un pan de ce dernier passe devant le buste de la Vierge, en diagonal. Elle le maintient de sa main gauche, sous l’Enfant Jésus. Son abondante chevelure blonde ondoyante se répand sur ses épaules et dans son dos.<span class="Apple-converted-space"> </span></p>
<p style="text-align: justify;">Elle est représentée sans hanchement Dans une pose très réaliste, son buste légèrement renversé en raison du poids de l’Enfant qu’elle porte sur son bras gauche.<span class="Apple-converted-space"> </span></p>
<p style="text-align: justify;">Son enfant, à la chevelure aux mèches bien dessinées est nu. L’air poupin, les joues rehaussés de rouge, le regard vif, il tient dans sa main droite, un globe et de l’autre, il joue avec son petit pied. Ce geste anecdotique confère à cette sculpture une grande vitalité.</p>
<p style="text-align: justify;">Cette oeuvre remarquable est un très bel exemple de sculpture des ateliers souabes des dernières décennies du XVe siècle. Elle en présente tous les éléments stylistiques caractéristiques : une silhouette robuste au ventre fort et hautement ceinturé, un visage plein au menton marqué, un drapé abondant aux plis anguleux mais encore, une grande présence physique accentuée par la polychromie qui restitue les détails anatomiques.</p>
<p style="text-align: justify;">Bibliogrhapie</p>
<p style="text-align: justify;">Sophie Guillot de Suduiraut, <i>Dévotion et séduction, Sculptures souabes des musée de France, vers 1460-1530</i>, Paris, musée du Louvre-Éditions Somogy, 2015<span class="Apple-converted-space"> </span></p>
<p>[/vc_column_text][vc_empty_space][/vc_column][vc_column width= »1/2&Prime;][vc_empty_space][/vc_column][/vc_row]</p>
</div>

<h4 class="p1">IMPORTANTE VIERGE À L’ENFANT DU XVe SIÈCLE EN BOIS SCULPTÉ POLYCHROMÉ</h4>
<p>&nbsp;</p>
<p class="p1"><b>ORIGINE : ALLEMAGNE DU SUD, SOUABE</b></p>
<p class="p3"><b>EPOQUE : FIN XVe SIÈCLE, VERS 1480-1490</b></p>
<p class="p1">Hauteur : 125 cm</p>
<p class="p1">    <span class="Apple-converted-space"> </span></p>
<p class="p2">Bois de tilleul polychrome, rehaut argenté</p>
<p class="p2">Bon état de conservation</p>
<p>&nbsp;</p>
<p>Provenance : Collection particulière alsacienne</p>
<p>&nbsp;</p>
[dt_button size="small" style="default" animation="none" color_mode="default" icon="" icon_align="left" color="" link="mailto:gabrielle-laroche@wanadoo.fr?subject=153_IMPORTANTE VIERGE À L’ENFANT DU XVe SIÈCLE EN BOIS SCULPTÉ POLYCHROMÉ" target_blank="true"]DEMANDE D&rsquo;INFORMATIONS[/dt_button]
<p>&nbsp;</p>
<p><a href="/fr/antiquites/mobilier/meubles/">Retour aux meubles</a></p>
