

{"id":8847,"date":"2000-01-20T11:00:21","date_gmt":"2000-01-20T10:00:21","guid":{"rendered":"https:\/\/www.gabrielle-laroche.com\/?post_type=product&#038;p=8847"},"modified":"2023-02-28T12:59:11","modified_gmt":"2023-02-28T11:59:11","slug":"ervin-patkai-puzzle","status":"publish","type":"product","link":"https:\/\/www.gabrielle-laroche.com\/fr\/product\/ervin-patkai-puzzle\/","title":{"rendered":"ERVIN PATKAI &#8211; Puzzle"},"content":{"rendered":"<div class=\"wpb-content-wrapper\"><p>[vc_row][vc_column width=\u00a0\u00bb1\/2&Prime;][vc_column_text]<\/p>\n<p style=\"text-align: justify;\"><strong>Biographie :<\/strong><\/p>\n<p style=\"text-align: justify;\">Les D\u00e9buts<\/p>\n<p style=\"text-align: justify;\">En 1956, apr\u00e8s quelques semaines \u00e0 l\u2019Ecole des arts d\u00e9coratifs o\u00f9 il a \u00e9t\u00e9 admis, Ervin Patkai participe aux \u00e9v\u00e9nements de Budapest, puis, choisit de s\u2019exiler en France. R\u00e9fugi\u00e9 \u00e0 Paris, il entame ses ann\u00e9es de formation \u00e0 l\u2019Ecole nationale des Beaux arts, en atelier de sculpture, mais il prend peu \u00e0 peu ses distances avec les tendances post cubistes profess\u00e9es,\u00a0 pour s\u2019engager dans des recherches personnelles sur la forme et les mat\u00e9riaux.<\/p>\n<p style=\"text-align: justify;\">Les Oeuvres monumentales<span class=\"Apple-converted-space\">\u00a0<\/span><\/p>\n<p style=\"text-align: justify;\">La qualit\u00e9 des \u0153uvres qu\u2019il expose dans les Salons ou les expositions de groupe, et sa participation au symposium de Grenoble en 1967, le font remarquer des instances officielles, et l\u2019Etat lui confie sa premi\u00e8re commandes au titre du 1% en 1969. Au fil des ann\u00e9es, il r\u00e9alisera ainsi un nombre important d\u2019\u0153uvres monumentales dans diff\u00e9rents \u00e9tablissements scolaires et universitaires de plusieurs r\u00e9gions de France.<\/p>\n<p style=\"text-align: justify;\">Les Oeuvres d\u2019atelier<\/p>\n<p style=\"text-align: justify;\">Anim\u00e9\u00a0 par une r\u00e9flexion sur l\u2019art et sur la spiritualit\u00e9, Patkai rejette l\u2019art pour l\u2019art et s\u2019attache \u00e0 traduire ses visions personnelles dans des mat\u00e9riaux divers et par des formes complexes. En r\u00e9action au cubisme, il travaille sur la sym\u00e9trie et s\u2019achemine vers une sculpture qui, m\u00eame dans des formats de dimensions r\u00e9duites, d\u00e9gage un effet monumental. A partir de la fin des ann\u00e9es 70, son travail sur l\u2019urbanisme ne manqua pas d\u2019influer sur sa production d\u2019\u0153uvres d\u2019atelier.<\/p>\n<p style=\"text-align: justify;\">Patka\u00ef et l\u2019Urbanisme<\/p>\n<p style=\"text-align: justify;\">Ses prises de position sur le r\u00f4le de l\u2019art et de l\u2019artiste dans la ville, mais aussi ses r\u00e9alisations monumentales, o\u00f9 il a \u00e9t\u00e9 amen\u00e9 \u00e0 travailler \u00e9troitement avec des architectes, le d\u00e9signent au conseiller artistique pour les villes nouvelles quand \u00a0l\u2019Epamarne (Etablissement public d\u2019am\u00e9nagement de Marne-la-Vall\u00e9e) propose de mener une exp\u00e9rience dans un quartier de la ville nouvelle, consistant \u00e0 int\u00e9grer un sculpteur \u00e0 son \u00e9quipe d\u2019urbanistes et d\u2019architectes. Patkai y r\u00e9pondra avec une d\u00e9marche originale et g\u00e9n\u00e9reuse qui, malheureusement, n\u2019a pu \u00eatre men\u00e9e avec les moyens et le temps n\u00e9cessaire.<\/p>\n<p style=\"text-align: justify;\">Les Ecrits<\/p>\n<p style=\"text-align: justify;\">Persuad\u00e9 qu\u2019il avait une mission \u00e0 remplir en tant qu\u2019artiste, pour \u00e9veiller ses contemporains \u00e0 une certaine spiritualit\u00e9, Patkai s\u2019est, \u00e0 plusieurs reprises, exprim\u00e9<br \/>\nsur ses id\u00e9es, sur son inspiration et son art, dans les catalogues de ses expositions, dans des conf\u00e9rences, dans des interviews.<br \/>\nCes textes aident \u00e0 mieux comprendre son \u0153uvre et r\u00e9v\u00e8lent un homme \u00e0 la personnalit\u00e9 tourment\u00e9e et mystique<\/p>\n<p style=\"text-align: justify;\">L\u2019Atelier Hongrois<\/p>\n<p style=\"text-align: justify;\">Patkai a \u00e9t\u00e9 associ\u00e9 \u00e0 cette revue artistique des Hongrois en exil, d\u00e8s sa cr\u00e9ation. Il en fut l&rsquo;un des membres fondateurs. Il \u00e9tait plus sp\u00e9cialement responsable de ce qui touchait aux arts plastiques<\/p>\n<p>&nbsp;<\/p>\n<p style=\"text-align: justify;\"><strong>Expositions collectives :<\/strong><\/p>\n<p style=\"text-align: justify;\">Biennale de Paris: 1961<\/p>\n<p style=\"text-align: justify;\">Salon de la Jeune sculpture: 1964, 1965, 1966.<\/p>\n<p style=\"text-align: justify;\">Salon des R\u00e9alit\u00e9s Nouvelles, Paris: 1967<\/p>\n<p style=\"text-align: justify;\">Galerie Maywald, Paris: 1967<\/p>\n<p style=\"text-align: justify;\">Symposium de sculpture, Grenoble: 1967<\/p>\n<p style=\"text-align: justify;\">Festival d&rsquo;Avignon, Exposition L&rsquo;\u0152il \u00e9coute: 1969<\/p>\n<p style=\"text-align: justify;\">Exposition Sculptures \u00e0 ciel ouvert, M\u00e2con: 1970<\/p>\n<p style=\"text-align: justify;\">Festival Arts Plastiques, Montargis: 1970<\/p>\n<p style=\"text-align: justify;\">Exposition du Minist\u00e8re des Affaires culturelles, Art et Architecture, bilan et probl\u00e8me du 1%, Halles de Baltard, Paris: 1970<\/p>\n<p style=\"text-align: justify;\">Exposition du Centre National d&rsquo;Art Contemporain, Parc Floral, Vincennes: 1971<\/p>\n<p style=\"text-align: justify;\">Symposium de la Faisanderie de S\u00e9nart: 1971<\/p>\n<p style=\"text-align: justify;\">IVe Biennale internationale Morgan&rsquo;s Paint, Ravenne: 1972<\/p>\n<p style=\"text-align: justify;\">Exposition itin\u00e9rante organis\u00e9e par le Minist\u00e8re des Affaires \u00e9trang\u00e8res, Sculpture Fran\u00e7aise contemporaine, Nouvelle-Z\u00e9lande, Australie, Mexique: 1973<\/p>\n<p style=\"text-align: justify;\">Exposition Sculptures en montagne, plateau d&rsquo;Assy: 1973<\/p>\n<p>&nbsp;<\/p>\n<p style=\"text-align: justify;\"><strong>Expositions personnelles :<\/strong><\/p>\n<p style=\"text-align: justify;\">Galerie Soleil, Paris: 1973<\/p>\n<p style=\"text-align: justify;\">Exposition itin\u00e9rante, Vesvres, Saint-\u00c9tienne, Orl\u00e9ans: 1974<\/p>\n<p>&nbsp;<\/p>\n<p style=\"text-align: justify;\"><strong>Bibliographie :<\/strong><\/p>\n<p style=\"text-align: justify;\">Denys Chevalier,<em> Patkai,<\/em> Galerie Soleil, 1973<\/p>\n<p style=\"text-align: justify;\"><em>Patkai\u00a0: Centre culturel de la Villedieu,<\/em> Saint-Quentin en Yvelines, 8 f\u00e9vrier &#8211; 29 f\u00e9vrier 1980, Aries, 1979 (catalogue)<\/p>\n<p style=\"text-align: justify;\">Marie-Paule Ritz, <em>L&rsquo;Art dans la ville\u00a0: la collaboration d&rsquo;artistes \u00e0 la planification urbanistiqu<\/em>e\u00a0; \u00e0 l&rsquo;exemple de la participation du sculpteur Ervin Patkai au quartier du Pav\u00e9 Neuf \u00e0 la Ville Nouvelle de Marne la Vall\u00e9e\u00a0; une tentative de g\u00e9n\u00e9ralisation de la loi du \u00ab\u00a010, 1980<\/p>\n<p>[\/vc_column_text][\/vc_column][vc_column width=\u00a0\u00bb1\/2&Prime;][\/vc_column][\/vc_row]<\/p>\n<\/div>","protected":false},"excerpt":{"rendered":"<h4><strong>Ervin PATKA\u00cf<span class=\"Apple-converted-space\">\u00a0<\/span><\/strong><\/h4>\n<p>( 1937 B\u00e9k\u00e9scsaba en Hongrie &#8211; 1985 Paris )<\/p>\n<p>&nbsp;<\/p>\n<h4><em><strong>Puzzle<\/strong><\/em><\/h4>\n<p>&nbsp;<\/p>\n<p>Epreuve en bronze patin\u00e9 et dor\u00e9<\/p>\n<p><span class=\"Apple-converted-space\">Bronze <\/span>Sign\u00e9<\/p>\n<p>Marqu\u00e9 EPR, Blanchet Fondeur<\/p>\n<p>&nbsp;<\/p>\n<p>Hauteur : 8 cm<\/p>\n<p>Largeur : 8.5 cm<\/p>\n<p>&nbsp;<\/p>\n<p style=\"font-weight: 400;\"><strong>\u00a0<\/strong><strong>\u00a0<\/strong><\/p>\n[dt_button size=\"small\" style=\"default\" animation=\"none\" color_mode=\"default\" icon=\"\" icon_align=\"left\" color=\"\" link=\"mailto:gabrielle-laroche@wanadoo.fr?subject=27_ERVIN_PATKAI- Puzzle\" target_blank=\"true\"]DEMANDE D&rsquo;INFORMATIONS[\/dt_button]\n<p>&nbsp;<\/p>\n<p><a href=\"\/fr\/contemporains\/\">Retour aux contemporains<\/a><\/p>\n","protected":false},"featured_media":8849,"template":"","meta":[],"product_brand":[],"product_cat":[39],"product_tag":[],"class_list":{"0":"post-8847","1":"product","2":"type-product","3":"status-publish","4":"has-post-thumbnail","6":"product_cat-contemporain","7":"description-off","9":"first","10":"instock","11":"shipping-taxable","12":"product-type-simple"},"aioseo_notices":[],"_links":{"self":[{"href":"https:\/\/www.gabrielle-laroche.com\/fr\/wp-json\/wp\/v2\/product\/8847","targetHints":{"allow":["GET"]}}],"collection":[{"href":"https:\/\/www.gabrielle-laroche.com\/fr\/wp-json\/wp\/v2\/product"}],"about":[{"href":"https:\/\/www.gabrielle-laroche.com\/fr\/wp-json\/wp\/v2\/types\/product"}],"wp:featuredmedia":[{"embeddable":true,"href":"https:\/\/www.gabrielle-laroche.com\/fr\/wp-json\/wp\/v2\/media\/8849"}],"wp:attachment":[{"href":"https:\/\/www.gabrielle-laroche.com\/fr\/wp-json\/wp\/v2\/media?parent=8847"}],"wp:term":[{"taxonomy":"product_brand","embeddable":true,"href":"https:\/\/www.gabrielle-laroche.com\/fr\/wp-json\/wp\/v2\/product_brand?post=8847"},{"taxonomy":"product_cat","embeddable":true,"href":"https:\/\/www.gabrielle-laroche.com\/fr\/wp-json\/wp\/v2\/product_cat?post=8847"},{"taxonomy":"product_tag","embeddable":true,"href":"https:\/\/www.gabrielle-laroche.com\/fr\/wp-json\/wp\/v2\/product_tag?post=8847"}],"curies":[{"name":"wp","href":"https:\/\/api.w.org\/{rel}","templated":true}]}}

<div class="wpb-content-wrapper"><p>[vc_row][vc_column width= »1/2&Prime;][vc_column_text]</p>
<p style="text-align: justify;"><strong>Biographie :</strong></p>
<p style="text-align: justify;">Les Débuts</p>
<p style="text-align: justify;">En 1956, après quelques semaines à l’Ecole des arts décoratifs où il a été admis, Ervin Patkai participe aux événements de Budapest, puis, choisit de s’exiler en France. Réfugié à Paris, il entame ses années de formation à l’Ecole nationale des Beaux arts, en atelier de sculpture, mais il prend peu à peu ses distances avec les tendances post cubistes professées,  pour s’engager dans des recherches personnelles sur la forme et les matériaux.</p>
<p style="text-align: justify;">Les Oeuvres monumentales<span class="Apple-converted-space"> </span></p>
<p style="text-align: justify;">La qualité des œuvres qu’il expose dans les Salons ou les expositions de groupe, et sa participation au symposium de Grenoble en 1967, le font remarquer des instances officielles, et l’Etat lui confie sa première commandes au titre du 1% en 1969. Au fil des années, il réalisera ainsi un nombre important d’œuvres monumentales dans différents établissements scolaires et universitaires de plusieurs régions de France.</p>
<p style="text-align: justify;">Les Oeuvres d’atelier</p>
<p style="text-align: justify;">Animé  par une réflexion sur l’art et sur la spiritualité, Patkai rejette l’art pour l’art et s’attache à traduire ses visions personnelles dans des matériaux divers et par des formes complexes. En réaction au cubisme, il travaille sur la symétrie et s’achemine vers une sculpture qui, même dans des formats de dimensions réduites, dégage un effet monumental. A partir de la fin des années 70, son travail sur l’urbanisme ne manqua pas d’influer sur sa production d’œuvres d’atelier.</p>
<p style="text-align: justify;">Patkaï et l’Urbanisme</p>
<p style="text-align: justify;">Ses prises de position sur le rôle de l’art et de l’artiste dans la ville, mais aussi ses réalisations monumentales, où il a été amené à travailler étroitement avec des architectes, le désignent au conseiller artistique pour les villes nouvelles quand  l’Epamarne (Etablissement public d’aménagement de Marne-la-Vallée) propose de mener une expérience dans un quartier de la ville nouvelle, consistant à intégrer un sculpteur à son équipe d’urbanistes et d’architectes. Patkai y répondra avec une démarche originale et généreuse qui, malheureusement, n’a pu être menée avec les moyens et le temps nécessaire.</p>
<p style="text-align: justify;">Les Ecrits</p>
<p style="text-align: justify;">Persuadé qu’il avait une mission à remplir en tant qu’artiste, pour éveiller ses contemporains à une certaine spiritualité, Patkai s’est, à plusieurs reprises, exprimé<br />
sur ses idées, sur son inspiration et son art, dans les catalogues de ses expositions, dans des conférences, dans des interviews.<br />
Ces textes aident à mieux comprendre son œuvre et révèlent un homme à la personnalité tourmentée et mystique</p>
<p style="text-align: justify;">L’Atelier Hongrois</p>
<p style="text-align: justify;">Patkai a été associé à cette revue artistique des Hongrois en exil, dès sa création. Il en fut l&rsquo;un des membres fondateurs. Il était plus spécialement responsable de ce qui touchait aux arts plastiques</p>
<p>&nbsp;</p>
<p style="text-align: justify;"><strong>Expositions collectives :</strong></p>
<p style="text-align: justify;">Biennale de Paris: 1961</p>
<p style="text-align: justify;">Salon de la Jeune sculpture: 1964, 1965, 1966.</p>
<p style="text-align: justify;">Salon des Réalités Nouvelles, Paris: 1967</p>
<p style="text-align: justify;">Galerie Maywald, Paris: 1967</p>
<p style="text-align: justify;">Symposium de sculpture, Grenoble: 1967</p>
<p style="text-align: justify;">Festival d&rsquo;Avignon, Exposition L&rsquo;Œil écoute: 1969</p>
<p style="text-align: justify;">Exposition Sculptures à ciel ouvert, Mâcon: 1970</p>
<p style="text-align: justify;">Festival Arts Plastiques, Montargis: 1970</p>
<p style="text-align: justify;">Exposition du Ministère des Affaires culturelles, Art et Architecture, bilan et problème du 1%, Halles de Baltard, Paris: 1970</p>
<p style="text-align: justify;">Exposition du Centre National d&rsquo;Art Contemporain, Parc Floral, Vincennes: 1971</p>
<p style="text-align: justify;">Symposium de la Faisanderie de Sénart: 1971</p>
<p style="text-align: justify;">IVe Biennale internationale Morgan&rsquo;s Paint, Ravenne: 1972</p>
<p style="text-align: justify;">Exposition itinérante organisée par le Ministère des Affaires étrangères, Sculpture Française contemporaine, Nouvelle-Zélande, Australie, Mexique: 1973</p>
<p style="text-align: justify;">Exposition Sculptures en montagne, plateau d&rsquo;Assy: 1973</p>
<p>&nbsp;</p>
<p style="text-align: justify;"><strong>Expositions personnelles :</strong></p>
<p style="text-align: justify;">Galerie Soleil, Paris: 1973</p>
<p style="text-align: justify;">Exposition itinérante, Vesvres, Saint-Étienne, Orléans: 1974</p>
<p>&nbsp;</p>
<p style="text-align: justify;"><strong>Bibliographie :</strong></p>
<p style="text-align: justify;">Denys Chevalier,<em> Patkai,</em> Galerie Soleil, 1973</p>
<p style="text-align: justify;"><em>Patkai : Centre culturel de la Villedieu,</em> Saint-Quentin en Yvelines, 8 février &#8211; 29 février 1980, Aries, 1979 (catalogue)</p>
<p style="text-align: justify;">Marie-Paule Ritz, <em>L&rsquo;Art dans la ville : la collaboration d&rsquo;artistes à la planification urbanistiqu</em>e ; à l&rsquo;exemple de la participation du sculpteur Ervin Patkai au quartier du Pavé Neuf à la Ville Nouvelle de Marne la Vallée ; une tentative de généralisation de la loi du « 10, 1980</p>
<p>[/vc_column_text][/vc_column][vc_column width= »1/2&Prime;][/vc_column][/vc_row]</p>
</div>

<h4><strong>Ervin PATKAÏ<span class="Apple-converted-space"> </span></strong></h4>
<p>( 1937 Békéscsaba en Hongrie &#8211; 1985 Paris )</p>
<p>&nbsp;</p>
<h4><em><strong>Puzzle</strong></em></h4>
<p>&nbsp;</p>
<p>Epreuve en bronze patiné et doré</p>
<p><span class="Apple-converted-space">Bronze </span>Signé</p>
<p>Marqué EPR, Blanchet Fondeur</p>
<p>&nbsp;</p>
<p>Hauteur : 8 cm</p>
<p>Largeur : 8.5 cm</p>
<p>&nbsp;</p>
<p style="font-weight: 400;"><strong> </strong><strong> </strong></p>
[dt_button size="small" style="default" animation="none" color_mode="default" icon="" icon_align="left" color="" link="mailto:gabrielle-laroche@wanadoo.fr?subject=27_ERVIN_PATKAI- Puzzle" target_blank="true"]DEMANDE D&rsquo;INFORMATIONS[/dt_button]
<p>&nbsp;</p>
<p><a href="/fr/contemporains/">Retour aux contemporains</a></p>
