

{"id":8984,"date":"2000-01-01T08:59:15","date_gmt":"2000-01-01T07:59:15","guid":{"rendered":"https:\/\/www.gabrielle-laroche.com\/?post_type=product&#038;p=8984"},"modified":"2023-02-28T14:18:34","modified_gmt":"2023-02-28T13:18:34","slug":"noel-van-cauwenberghe-jean-paul-sartre-lenfer-cest-les-autres-2","status":"publish","type":"product","link":"https:\/\/www.gabrielle-laroche.com\/fr\/product\/noel-van-cauwenberghe-jean-paul-sartre-lenfer-cest-les-autres-2\/","title":{"rendered":"NOEL VAN CAUWENBERGHE- Jean -Paul Sartre, L&rsquo;Enfer c&rsquo;est les autres"},"content":{"rendered":"<div class=\"wpb-content-wrapper\"><p>[vc_row][vc_column width=\u00a0\u00bb1\/2&Prime;][vc_column_text][\/vc_column_text][\/vc_column][vc_column width=\u00a0\u00bb1\/2&Prime;][\/vc_column][\/vc_row]<\/p>\n<\/div>","protected":false},"excerpt":{"rendered":"<h4><b>No\u00ebl Van CAUWENBERGHE<span class=\"Apple-converted-space\">\u00a0<\/span><\/b><\/h4>\n<p>(N\u00e9 en 1935)<\/p>\n<p>&nbsp;<\/p>\n<h4><em><b>Jean-Paul Sartre, L&rsquo;enfer c&rsquo;est les autres<\/b><\/em><\/h4>\n<p>&nbsp;<\/p>\n<p>&nbsp;<\/p>\n<p>\u00c9preuve en bronze patin\u00e9 sign\u00e9e, titr\u00e9e, cire perdue.<\/p>\n<p>Porte un cachet de fondeur.<\/p>\n<p>&nbsp;<\/p>\n<p>Hauteur\u00a0: 65 cm<\/p>\n<p><b>\u00a0<\/b><\/p>\n<p><b>\u00a0<\/b><\/p>\n<p>Provenance :<\/p>\n<p>Galerie La Freceliere, chancelade, acquis le 24 mars 2011<\/p>\n<p>&nbsp;<\/p>\n<p>&nbsp;<\/p>\n<p>&nbsp;<\/p>\n[dt_button size=\"small\" style=\"default\" animation=\"none\" color_mode=\"default\" icon=\"\" icon_align=\"left\" color=\"\" link=\"mailto:gabrielle-laroche@wanadoo.fr?subject=137_NOEL_VAN_CAUWENBERGHE_Jean_Paul_Sartre_lenfer_cest_les_autres\" target_blank=\"true\"]DEMANDE D&rsquo;INFORMATIONS[\/dt_button]\n<p>&nbsp;<\/p>\n<p><a href=\"\/fr\/contemporains\/\">Retour aux contemporains<\/a><\/p>\n","protected":false},"featured_media":8985,"template":"","meta":[],"product_brand":[],"product_cat":[39],"product_tag":[],"class_list":{"0":"post-8984","1":"product","2":"type-product","3":"status-publish","4":"has-post-thumbnail","6":"product_cat-contemporain","7":"description-off","9":"first","10":"instock","11":"shipping-taxable","12":"product-type-simple"},"aioseo_notices":[],"_links":{"self":[{"href":"https:\/\/www.gabrielle-laroche.com\/fr\/wp-json\/wp\/v2\/product\/8984","targetHints":{"allow":["GET"]}}],"collection":[{"href":"https:\/\/www.gabrielle-laroche.com\/fr\/wp-json\/wp\/v2\/product"}],"about":[{"href":"https:\/\/www.gabrielle-laroche.com\/fr\/wp-json\/wp\/v2\/types\/product"}],"wp:featuredmedia":[{"embeddable":true,"href":"https:\/\/www.gabrielle-laroche.com\/fr\/wp-json\/wp\/v2\/media\/8985"}],"wp:attachment":[{"href":"https:\/\/www.gabrielle-laroche.com\/fr\/wp-json\/wp\/v2\/media?parent=8984"}],"wp:term":[{"taxonomy":"product_brand","embeddable":true,"href":"https:\/\/www.gabrielle-laroche.com\/fr\/wp-json\/wp\/v2\/product_brand?post=8984"},{"taxonomy":"product_cat","embeddable":true,"href":"https:\/\/www.gabrielle-laroche.com\/fr\/wp-json\/wp\/v2\/product_cat?post=8984"},{"taxonomy":"product_tag","embeddable":true,"href":"https:\/\/www.gabrielle-laroche.com\/fr\/wp-json\/wp\/v2\/product_tag?post=8984"}],"curies":[{"name":"wp","href":"https:\/\/api.w.org\/{rel}","templated":true}]}}

<h4><b>Noël Van CAUWENBERGHE<span class="Apple-converted-space"> </span></b></h4>
<p>(Né en 1935)</p>
<p>&nbsp;</p>
<h4><em><b>Jean-Paul Sartre, L&rsquo;enfer c&rsquo;est les autres</b></em></h4>
<p>&nbsp;</p>
<p>&nbsp;</p>
<p>Épreuve en bronze patiné signée, titrée, cire perdue.</p>
<p>Porte un cachet de fondeur.</p>
<p>&nbsp;</p>
<p>Hauteur : 65 cm</p>
<p><b> </b></p>
<p><b> </b></p>
<p>Provenance :</p>
<p>Galerie La Freceliere, chancelade, acquis le 24 mars 2011</p>
<p>&nbsp;</p>
<p>&nbsp;</p>
<p>&nbsp;</p>
[dt_button size="small" style="default" animation="none" color_mode="default" icon="" icon_align="left" color="" link="mailto:gabrielle-laroche@wanadoo.fr?subject=137_NOEL_VAN_CAUWENBERGHE_Jean_Paul_Sartre_lenfer_cest_les_autres" target_blank="true"]DEMANDE D&rsquo;INFORMATIONS[/dt_button]
<p>&nbsp;</p>
<p><a href="/fr/contemporains/">Retour aux contemporains</a></p>
