

{"id":9030,"date":"2000-01-01T08:00:15","date_gmt":"2000-01-01T07:00:15","guid":{"rendered":"https:\/\/www.gabrielle-laroche.com\/?post_type=product&#038;p=9030"},"modified":"2023-03-17T17:18:07","modified_gmt":"2023-03-17T16:18:07","slug":"pierre-brun-le-couple","status":"publish","type":"product","link":"https:\/\/www.gabrielle-laroche.com\/fr\/product\/pierre-brun-le-couple\/","title":{"rendered":"PIERRE BRUN &#8211; Le Couple"},"content":{"rendered":"<div class=\"wpb-content-wrapper\"><p>[vc_row][vc_column width=\u00a0\u00bb1\/2&Prime;][vc_column_text]<\/p>\n<p style=\"text-align: justify;\">\u00a0Biographie :<\/p>\n<p style=\"text-align: justify;\">Pierre Brun (n\u00e9 le 10 ao\u00fbt 1915 \u00e0 Saint-\u00c9tienne, mort le 20 juin 2011 \u00e0 Boissy-le-Ch\u00e2tel) est un sculpteur fran\u00e7ais.<span class=\"Apple-converted-space\">\u00a0<\/span><\/p>\n<p style=\"text-align: justify;\">Pierre Brun pratique le dessin et se penche t\u00f4t vers la peinture puis vers la sculpture.<\/p>\n<p style=\"text-align: justify;\">Pendant sa captivit\u00e9 lors de Seconde guerre mondiale, il r\u00e9alise ses premi\u00e8res sculptures faites avec la glaise du camp. La Croix de guerre lui est attribu\u00e9e \u00e0 la lib\u00e9ration.<\/p>\n<p style=\"text-align: justify;\">\u00c9l\u00e8ve aux Beaux-Arts de Paris, il est pr\u00e9sent au Salon des Tuileries Paris. en 1948, il expose au Salon Jeune Sculpture Mus\u00e9e Rodin. Il obtient le Prix National des Arts en 1949.<\/p>\n<p style=\"text-align: justify;\">Au d\u00e9but des ann\u00e9es 1950, il devient professeur de sculpture sur concours \u00e0 l\u2019\u00e9cole des Beaux-Arts de Saint-Etienne et est nomm\u00e9 professeur \u00e0 l\u2019\u00e9cole des arts appliqu\u00e9s de Paris.<\/p>\n<p style=\"text-align: justify;\">En 1960, il est membre du jury \u00e0 l\u2019\u00e9cole des Beaux-Arts avec Giacometti.<\/p>\n<p style=\"text-align: justify;\">Son \u0153uvre est riche de plus d&rsquo;un millier d&rsquo;\u0153uvres originales. Son travail est fait de sculptures et de peintures, et fr\u00f4le parfois les limites de l&rsquo;abstraction.<\/p>\n<p style=\"text-align: justify;\">Artiste solaire il retranscrit souvent le bonheur \u00e0 travers le corps f\u00e9minin ; artiste observateur, il traduit parfois le tragique et la condition humaine ; artiste r\u00eaveur, il aime d\u00e9gager l\u2019humanit\u00e9 de ses pesanteurs.<\/p>\n<p>&nbsp;<\/p>\n<p>&nbsp;<\/p>\n<p>Salons et Expositions :<\/p>\n<p>\u00b7\u00a0\u00a0\u00a0\u00a0\u00a0 1962 : participe \u00e0 la manifestation d\u2019art contemporain de Sarlat (Dordogne) avec Bissi\u00e8re.<\/p>\n<p>\u00b7\u00a0\u00a0\u00a0\u00a0\u00a0 1978 \u2013 1980 \u2013 1983 : pr\u00e9sent au Salon Comparaisons du Grand Palais \u00e0 Paris.<\/p>\n<p>\u00b7\u00a0\u00a0\u00a0\u00a0\u00a0 1979 : pr\u00e9sentation \u00e0 la t\u00e9l\u00e9vision par Michelle Sandrel.<\/p>\n<p>\u00b7\u00a0\u00a0\u00a0\u00a0\u00a0 1984 : exposition au salon d\u2019automne, soci\u00e9taire.<\/p>\n<p>\u00b7\u00a0\u00a0\u00a0\u00a0\u00a0 1985 : exposition chez R\u00e9gine Lussan, rue de l\u2019Od\u00e9on \u00e0 Paris.<\/p>\n<p>\u00b7\u00a0\u00a0\u00a0\u00a0\u00a0 1987 : inauguration du buste de Charles de Gaulle par Alain Pierrefitte \u00e0 Coulommiers.<\/p>\n<p>\u00b7\u00a0\u00a0\u00a0\u00a0\u00a0 1988 : exposition au Grand Palais (figure path\u00e9tique du marbre) ; M\u00e9daille d\u2019or au Salon des Artistes Fran\u00e7ais ; Charg\u00e9 de cours aux ateliers municipaux de Coulommiers ; \u00c9dition du livre de Pierre Brun Sculpteur (\u00c9ditions Porte du Sud de Jean Schelstraete).<\/p>\n<p>\u00b7\u00a0\u00a0\u00a0\u00a0\u00a0 2008 : est nomin\u00e9 pour la m\u00e9daille vermeille de la Ville de Paris ; pr\u00e9sent au salon The New Violet Prix Fondation Taylor ; expose au salon Art Capital au Grand Palais ; M\u00e9daille d\u2019argent Soci\u00e9t\u00e9 Nationale des Beaux-Arts ; expose au Carrousel du Louvre.<\/p>\n<p>\u00b7\u00a0\u00a0\u00a0\u00a0\u00a0 2010 : Invit\u00e9 d&rsquo;honneur \u00e0 l&rsquo;Automnale de Noiseau.<\/p>\n<p>[\/vc_column_text][\/vc_column][vc_column width=\u00a0\u00bb1\/2&Prime;][\/vc_column][\/vc_row]<\/p>\n<\/div>","protected":false},"excerpt":{"rendered":"<h4 class=\"p1\"><span class=\"s1\">PIERRE BRUN ( Attribu\u00e9 \u00e0 )<\/span><\/h4>\n<p><strong>(1915-2011)<\/strong><\/p>\n<h4><\/h4>\n<p style=\"font-weight: 400;\"><em><strong>Le Couple<\/strong><\/em><\/p>\n<p style=\"font-weight: 400;\">\u0152uvre unique<\/p>\n<p>\u00c9preuve en dinanderie de cuivre enti\u00e8rement patin\u00e9e au feu<\/p>\n<p>Socle en ch\u00eane<\/p>\n<p style=\"font-weight: 400;\"><strong>\u00a0<\/strong><\/p>\n<p>&nbsp;<\/p>\n<p>Hauteur sculpture seule\u00a0: 92 cm<\/p>\n<p>Hauteur avec socle\u00a0: 112 cm<\/p>\n<p>&nbsp;<\/p>\n<p>&nbsp;<\/p>\n<p>&nbsp;<\/p>\n[dt_button size=\"small\" style=\"default\" animation=\"none\" color_mode=\"default\" icon=\"\" icon_align=\"left\" color=\"\" link=\"mailto:gabrielle-laroche@wanadoo.fr?subject=288_PIERRE_BRUN_Le_Couple\" target_blank=\"true\"]DEMANDE D&rsquo;INFORMATIONS[\/dt_button]\n<p>&nbsp;<\/p>\n<p><a href=\"\/fr\/contemporains\/\">Retour aux contemporains<\/a><\/p>\n","protected":false},"featured_media":9031,"template":"","meta":[],"product_brand":[],"product_cat":[39],"product_tag":[],"class_list":{"0":"post-9030","1":"product","2":"type-product","3":"status-publish","4":"has-post-thumbnail","6":"product_cat-contemporain","7":"description-off","9":"first","10":"instock","11":"shipping-taxable","12":"product-type-simple"},"aioseo_notices":[],"_links":{"self":[{"href":"https:\/\/www.gabrielle-laroche.com\/fr\/wp-json\/wp\/v2\/product\/9030","targetHints":{"allow":["GET"]}}],"collection":[{"href":"https:\/\/www.gabrielle-laroche.com\/fr\/wp-json\/wp\/v2\/product"}],"about":[{"href":"https:\/\/www.gabrielle-laroche.com\/fr\/wp-json\/wp\/v2\/types\/product"}],"wp:featuredmedia":[{"embeddable":true,"href":"https:\/\/www.gabrielle-laroche.com\/fr\/wp-json\/wp\/v2\/media\/9031"}],"wp:attachment":[{"href":"https:\/\/www.gabrielle-laroche.com\/fr\/wp-json\/wp\/v2\/media?parent=9030"}],"wp:term":[{"taxonomy":"product_brand","embeddable":true,"href":"https:\/\/www.gabrielle-laroche.com\/fr\/wp-json\/wp\/v2\/product_brand?post=9030"},{"taxonomy":"product_cat","embeddable":true,"href":"https:\/\/www.gabrielle-laroche.com\/fr\/wp-json\/wp\/v2\/product_cat?post=9030"},{"taxonomy":"product_tag","embeddable":true,"href":"https:\/\/www.gabrielle-laroche.com\/fr\/wp-json\/wp\/v2\/product_tag?post=9030"}],"curies":[{"name":"wp","href":"https:\/\/api.w.org\/{rel}","templated":true}]}}

<div class="wpb-content-wrapper"><p>[vc_row][vc_column width= »1/2&Prime;][vc_column_text]</p>
<p style="text-align: justify;"> Biographie :</p>
<p style="text-align: justify;">Pierre Brun (né le 10 août 1915 à Saint-Étienne, mort le 20 juin 2011 à Boissy-le-Châtel) est un sculpteur français.<span class="Apple-converted-space"> </span></p>
<p style="text-align: justify;">Pierre Brun pratique le dessin et se penche tôt vers la peinture puis vers la sculpture.</p>
<p style="text-align: justify;">Pendant sa captivité lors de Seconde guerre mondiale, il réalise ses premières sculptures faites avec la glaise du camp. La Croix de guerre lui est attribuée à la libération.</p>
<p style="text-align: justify;">Élève aux Beaux-Arts de Paris, il est présent au Salon des Tuileries Paris. en 1948, il expose au Salon Jeune Sculpture Musée Rodin. Il obtient le Prix National des Arts en 1949.</p>
<p style="text-align: justify;">Au début des années 1950, il devient professeur de sculpture sur concours à l’école des Beaux-Arts de Saint-Etienne et est nommé professeur à l’école des arts appliqués de Paris.</p>
<p style="text-align: justify;">En 1960, il est membre du jury à l’école des Beaux-Arts avec Giacometti.</p>
<p style="text-align: justify;">Son œuvre est riche de plus d&rsquo;un millier d&rsquo;œuvres originales. Son travail est fait de sculptures et de peintures, et frôle parfois les limites de l&rsquo;abstraction.</p>
<p style="text-align: justify;">Artiste solaire il retranscrit souvent le bonheur à travers le corps féminin ; artiste observateur, il traduit parfois le tragique et la condition humaine ; artiste rêveur, il aime dégager l’humanité de ses pesanteurs.</p>
<p>&nbsp;</p>
<p>&nbsp;</p>
<p>Salons et Expositions :</p>
<p>·      1962 : participe à la manifestation d’art contemporain de Sarlat (Dordogne) avec Bissière.</p>
<p>·      1978 – 1980 – 1983 : présent au Salon Comparaisons du Grand Palais à Paris.</p>
<p>·      1979 : présentation à la télévision par Michelle Sandrel.</p>
<p>·      1984 : exposition au salon d’automne, sociétaire.</p>
<p>·      1985 : exposition chez Régine Lussan, rue de l’Odéon à Paris.</p>
<p>·      1987 : inauguration du buste de Charles de Gaulle par Alain Pierrefitte à Coulommiers.</p>
<p>·      1988 : exposition au Grand Palais (figure pathétique du marbre) ; Médaille d’or au Salon des Artistes Français ; Chargé de cours aux ateliers municipaux de Coulommiers ; Édition du livre de Pierre Brun Sculpteur (Éditions Porte du Sud de Jean Schelstraete).</p>
<p>·      2008 : est nominé pour la médaille vermeille de la Ville de Paris ; présent au salon The New Violet Prix Fondation Taylor ; expose au salon Art Capital au Grand Palais ; Médaille d’argent Société Nationale des Beaux-Arts ; expose au Carrousel du Louvre.</p>
<p>·      2010 : Invité d&rsquo;honneur à l&rsquo;Automnale de Noiseau.</p>
<p>[/vc_column_text][/vc_column][vc_column width= »1/2&Prime;][/vc_column][/vc_row]</p>
</div>

<h4 class="p1"><span class="s1">PIERRE BRUN ( Attribué à )</span></h4>
<p><strong>(1915-2011)</strong></p>
<h4></h4>
<p style="font-weight: 400;"><em><strong>Le Couple</strong></em></p>
<p style="font-weight: 400;">Œuvre unique</p>
<p>Épreuve en dinanderie de cuivre entièrement patinée au feu</p>
<p>Socle en chêne</p>
<p style="font-weight: 400;"><strong> </strong></p>
<p>&nbsp;</p>
<p>Hauteur sculpture seule : 92 cm</p>
<p>Hauteur avec socle : 112 cm</p>
<p>&nbsp;</p>
<p>&nbsp;</p>
<p>&nbsp;</p>
[dt_button size="small" style="default" animation="none" color_mode="default" icon="" icon_align="left" color="" link="mailto:gabrielle-laroche@wanadoo.fr?subject=288_PIERRE_BRUN_Le_Couple" target_blank="true"]DEMANDE D&rsquo;INFORMATIONS[/dt_button]
<p>&nbsp;</p>
<p><a href="/fr/contemporains/">Retour aux contemporains</a></p>
