

{"id":9277,"date":"2021-12-09T15:15:52","date_gmt":"2021-12-09T14:15:52","guid":{"rendered":"https:\/\/www.gabrielle-laroche.com\/?post_type=product&#038;p=9277"},"modified":"2026-04-22T18:06:48","modified_gmt":"2026-04-22T16:06:48","slug":"jean-zorko-figure","status":"publish","type":"product","link":"https:\/\/www.gabrielle-laroche.com\/fr\/product\/jean-zorko-figure\/","title":{"rendered":"JEAN ZORKO- Figure"},"content":{"rendered":"<div class=\"wpb-content-wrapper\"><p>[vc_row][vc_column width=\u00a0\u00bb1\/2&Prime;][vc_column_text]<\/p>\n<p style=\"text-align: justify;\">Jean Zorko est n\u00e9 en Slov\u00e9nie en 1937. M\u00e9canicien de profession, Il aime l\u2019acier qui est pour lui une \u00ab mati\u00e8re noble \u00bb.<\/p>\n<p style=\"text-align: justify;\">Il suit des cours de dessin \u00e0 l\u2019\u00e9cole des Arts \u00ab Klas \u00bb de Ljubljana. Il commence \u00e0 peindre des paysages. Il fait de l\u2019alpinisme, aime se confronter \u00e0 la nature, \u00e0 ses propres limites. Les arbres qui r\u00e9sistent aux tourmentes naturelles le passionnent.<\/p>\n<p style=\"text-align: justify;\">En Slov\u00e9nie, il expose ses peintures lors d&rsquo;une exposition collective en 1958. Il expose seul en 1962.<\/p>\n<p style=\"text-align: justify;\">Il arrive en France en 1964. Il travaille chez Renault comme m\u00e9canicien le jour et sculpte la nuit. En 1968, il installe son atelier de sculpture \u00e0 Paris dans le quartier Montparnasse.<\/p>\n<p style=\"text-align: justify;\">Il donne des cours d\u2019Arts-Plastiques et d&rsquo;histoire de l\u2019Art \u00e0 la Sorbonne de 1974 \u00e0 1986.<\/p>\n<p style=\"text-align: justify;\">En 1979, il re\u00e7oit le prix de la sculpture contemporaine de Fontenay-sous-Bois.<\/p>\n<p style=\"text-align: justify;\">Son oeuvre \u00ab\u00a0Couple\u00a0\u00bb, en loupe d&rsquo;orme et acier, r\u00e9alis\u00e9e en 1974 est install\u00e9e depuis 1982 Place de l&rsquo;Amiti\u00e9 entre les peuples. Elle a \u00e9t\u00e9 restaur\u00e9e en 2002.<\/p>\n<p style=\"text-align: justify;\">Jean Zorko participe \u00e0 plus de 150 expositions internationales.<\/p>\n<p style=\"text-align: justify;\">Il sculpte des \u0153uvres monumentales comme de taille plus modeste, en bois, en acier, en marbre \u2026<\/p>\n<p style=\"text-align: justify;\">En 1998, il installe la totalit\u00e9 de son atelier \u00e0 Faux-Fresnay, dans la Marne mais garde tout de m\u00eame un pied-\u00e0-terre \u00e0 Montparnasse.<\/p>\n<p style=\"text-align: justify;\">En juin 2012, Jean Zorko re\u00e7oit le prix Europ\u00e9en Francophone des Arts L\u00e9opold S\u00e9dar Senghor.<\/p>\n<p>[\/vc_column_text][\/vc_column][vc_column width=\u00a0\u00bb1\/2&Prime;][\/vc_column][\/vc_row]<\/p>\n<\/div>","protected":false},"excerpt":{"rendered":"<p style=\"font-weight: 400;\"><strong>ZORKO Jean<\/strong><\/p>\n<p><strong>Dit Yuri Valentynovich<\/strong><\/p>\n<p><strong>(1937-2019)<\/strong><\/p>\n<p style=\"font-weight: 400;\"><strong><em>\u00a0<\/em><\/strong><\/p>\n<p><b><i>Figure<\/i><\/b><\/p>\n<p>&nbsp;<\/p>\n<p><strong>Date de cr\u00e9ation : 1975<\/strong><\/p>\n<p>&nbsp;<\/p>\n<p>&nbsp;<\/p>\n<p>Sculpture en bois,<span class=\"Apple-converted-space\">\u00a0<\/span><\/p>\n<p>\u0152uvre sign\u00e9e et dat\u00e9e 1975 sur un cartel au dos de la terrasse<\/p>\n<p><span class=\"Apple-converted-space\">\u00a0<\/span><\/p>\n<p style=\"font-weight: 400;\"><strong>\u00a0<\/strong><\/p>\n<p>Hauteur\u00a0: 190 cm<\/p>\n<p>Largeur : 68 cm<\/p>\n<p style=\"font-weight: 400;\"><strong>\u00a0<\/strong><\/p>\n<p style=\"font-weight: 400;\"><strong>\u00a0<\/strong><\/p>\n[dt_button size=\"small\" style=\"default\" animation=\"none\" color_mode=\"default\" icon=\"\" icon_align=\"left\" color=\"\" link=\"mailto:gabrielle-laroche@wanadoo.fr?subject4_JEAN_ZORKO- Figure\" target_blank=\"true\"]DEMANDE D&rsquo;INFORMATIONS[\/dt_button]\n<p>&nbsp;<\/p>\n<p><a href=\"\/fr\/contemporains\/\">Retour aux contemporains<\/a><\/p>\n","protected":false},"featured_media":9278,"template":"","meta":[],"product_brand":[],"product_cat":[17],"product_tag":[],"class_list":{"0":"post-9277","1":"product","2":"type-product","3":"status-publish","4":"has-post-thumbnail","6":"product_cat-uncategorized","7":"description-off","9":"first","10":"instock","11":"shipping-taxable","12":"product-type-simple"},"aioseo_notices":[],"_links":{"self":[{"href":"https:\/\/www.gabrielle-laroche.com\/fr\/wp-json\/wp\/v2\/product\/9277","targetHints":{"allow":["GET"]}}],"collection":[{"href":"https:\/\/www.gabrielle-laroche.com\/fr\/wp-json\/wp\/v2\/product"}],"about":[{"href":"https:\/\/www.gabrielle-laroche.com\/fr\/wp-json\/wp\/v2\/types\/product"}],"wp:featuredmedia":[{"embeddable":true,"href":"https:\/\/www.gabrielle-laroche.com\/fr\/wp-json\/wp\/v2\/media\/9278"}],"wp:attachment":[{"href":"https:\/\/www.gabrielle-laroche.com\/fr\/wp-json\/wp\/v2\/media?parent=9277"}],"wp:term":[{"taxonomy":"product_brand","embeddable":true,"href":"https:\/\/www.gabrielle-laroche.com\/fr\/wp-json\/wp\/v2\/product_brand?post=9277"},{"taxonomy":"product_cat","embeddable":true,"href":"https:\/\/www.gabrielle-laroche.com\/fr\/wp-json\/wp\/v2\/product_cat?post=9277"},{"taxonomy":"product_tag","embeddable":true,"href":"https:\/\/www.gabrielle-laroche.com\/fr\/wp-json\/wp\/v2\/product_tag?post=9277"}],"curies":[{"name":"wp","href":"https:\/\/api.w.org\/{rel}","templated":true}]}}

<div class="wpb-content-wrapper"><p>[vc_row][vc_column width= »1/2&Prime;][vc_column_text]</p>
<p style="text-align: justify;">Jean Zorko est né en Slovénie en 1937. Mécanicien de profession, Il aime l’acier qui est pour lui une « matière noble ».</p>
<p style="text-align: justify;">Il suit des cours de dessin à l’école des Arts « Klas » de Ljubljana. Il commence à peindre des paysages. Il fait de l’alpinisme, aime se confronter à la nature, à ses propres limites. Les arbres qui résistent aux tourmentes naturelles le passionnent.</p>
<p style="text-align: justify;">En Slovénie, il expose ses peintures lors d&rsquo;une exposition collective en 1958. Il expose seul en 1962.</p>
<p style="text-align: justify;">Il arrive en France en 1964. Il travaille chez Renault comme mécanicien le jour et sculpte la nuit. En 1968, il installe son atelier de sculpture à Paris dans le quartier Montparnasse.</p>
<p style="text-align: justify;">Il donne des cours d’Arts-Plastiques et d&rsquo;histoire de l’Art à la Sorbonne de 1974 à 1986.</p>
<p style="text-align: justify;">En 1979, il reçoit le prix de la sculpture contemporaine de Fontenay-sous-Bois.</p>
<p style="text-align: justify;">Son oeuvre « Couple », en loupe d&rsquo;orme et acier, réalisée en 1974 est installée depuis 1982 Place de l&rsquo;Amitié entre les peuples. Elle a été restaurée en 2002.</p>
<p style="text-align: justify;">Jean Zorko participe à plus de 150 expositions internationales.</p>
<p style="text-align: justify;">Il sculpte des œuvres monumentales comme de taille plus modeste, en bois, en acier, en marbre …</p>
<p style="text-align: justify;">En 1998, il installe la totalité de son atelier à Faux-Fresnay, dans la Marne mais garde tout de même un pied-à-terre à Montparnasse.</p>
<p style="text-align: justify;">En juin 2012, Jean Zorko reçoit le prix Européen Francophone des Arts Léopold Sédar Senghor.</p>
<p>[/vc_column_text][/vc_column][vc_column width= »1/2&Prime;][/vc_column][/vc_row]</p>
</div>

<p style="font-weight: 400;"><strong>ZORKO Jean</strong></p>
<p><strong>Dit Yuri Valentynovich</strong></p>
<p><strong>(1937-2019)</strong></p>
<p style="font-weight: 400;"><strong><em> </em></strong></p>
<p><b><i>Figure</i></b></p>
<p>&nbsp;</p>
<p><strong>Date de création : 1975</strong></p>
<p>&nbsp;</p>
<p>&nbsp;</p>
<p>Sculpture en bois,<span class="Apple-converted-space"> </span></p>
<p>Œuvre signée et datée 1975 sur un cartel au dos de la terrasse</p>
<p><span class="Apple-converted-space"> </span></p>
<p style="font-weight: 400;"><strong> </strong></p>
<p>Hauteur : 190 cm</p>
<p>Largeur : 68 cm</p>
<p style="font-weight: 400;"><strong> </strong></p>
<p style="font-weight: 400;"><strong> </strong></p>
[dt_button size="small" style="default" animation="none" color_mode="default" icon="" icon_align="left" color="" link="mailto:gabrielle-laroche@wanadoo.fr?subject4_JEAN_ZORKO- Figure" target_blank="true"]DEMANDE D&rsquo;INFORMATIONS[/dt_button]
<p>&nbsp;</p>
<p><a href="/fr/contemporains/">Retour aux contemporains</a></p>
