

{"id":947,"date":"2021-04-02T08:30:53","date_gmt":"2021-04-02T06:30:53","guid":{"rendered":"http:\/\/mrplwpw.cluster030.hosting.ovh.net\/?post_type=product&#038;p=947"},"modified":"2025-04-09T13:05:09","modified_gmt":"2025-04-09T11:05:09","slug":"chaise-a-dos-depoque-renaissance","status":"publish","type":"product","link":"https:\/\/www.gabrielle-laroche.com\/fr\/product\/chaise-a-dos-depoque-renaissance\/","title":{"rendered":"CHAISE \u00c0 DOS D\u2019\u00c9POQUE RENAISSANCE"},"content":{"rendered":"<div class=\"wpb-content-wrapper\"><p>[vc_row][vc_column width=\u00a0\u00bb1\/2&Prime;][vc_column_text]<\/p>\n<p style=\"text-align: justify;\">Chaise \u00e0 dos en noyer \u00e0 pi\u00e9tement dorique bagu\u00e9 Henri II. Les deux pieds ant\u00e9rieurs sont r\u00e9unis par un bandeau ajour\u00e9 d\u2019ovales s\u00e9par\u00e9s par deux disques sculpt\u00e9s de rosaces.<\/p>\n<p>&nbsp;<\/p>\n<p>&nbsp;<\/p>\n<p style=\"text-align: justify;\"><strong>Bibliographie<\/strong><br \/>\nBOCCADOR Jacqueline, <em>Le Mobilier Fran\u00e7ais du Moyen-\u00c2ge \u00e0 la Renaissance<\/em>, 1996, \u00c9ditions d\u2019art Monelle Hayot, Saint-R\u00e9my-en-l\u2019Eau.<\/p>\n<p>[\/vc_column_text][\/vc_column][vc_column width=\u00a0\u00bb1\/2&Prime;][\/vc_column][\/vc_row]<\/p>\n<\/div>","protected":false},"excerpt":{"rendered":"<h4>CHAISE \u00c0 DOS D\u2019\u00c9POQUE RENAISSANCE<\/h4>\n<p>&nbsp;<\/p>\n<p>ORIGINE : FRANCE<br \/>\n\u00c9POQUE : XVIe SI\u00c8CLE<\/p>\n<p>&nbsp;<\/p>\n<p>Hauteur : 103 cm<br \/>\nLargeur : 51 cm<br \/>\nProfondeur : 39 cm<\/p>\n<p>&nbsp;<\/p>\n<p>Bois de noyer<br \/>\nGarniture de cuir, appliqu\u00e9e de lignes de clous \u00e0 t\u00eate ronde<\/p>\n<p>&nbsp;<\/p>\n<p>Ancienne collection Jacqueline Boccador<\/p>\n<p>&nbsp;<\/p>\n<p>&nbsp;<\/p>\n[dt_button size=\"small\" style=\"default\" animation=\"none\" color_mode=\"default\" icon=\"\" icon_align=\"left\" color=\"\" link=\"mailto:gabrielle-laroche@wanadoo.fr?subject=64_CHAISE \u00c0 DOS D\u2019\u00c9POQUE RENAISSANCE\" target_blank=\"true\"]DEMANDE D&rsquo;INFORMATIONS[\/dt_button]\n<p>&nbsp;<\/p>\n<p><a href=\"\/fr\/antiquites\/mobilier\/sieges\/\">Retour aux si\u00e8ges<\/a><\/p>\n","protected":false},"featured_media":10926,"template":"","meta":[],"product_brand":[],"product_cat":[17],"product_tag":[],"class_list":{"0":"post-947","1":"product","2":"type-product","3":"status-publish","4":"has-post-thumbnail","6":"product_cat-uncategorized","7":"description-off","9":"first","10":"instock","11":"shipping-taxable","12":"product-type-simple"},"aioseo_notices":[],"_links":{"self":[{"href":"https:\/\/www.gabrielle-laroche.com\/fr\/wp-json\/wp\/v2\/product\/947","targetHints":{"allow":["GET"]}}],"collection":[{"href":"https:\/\/www.gabrielle-laroche.com\/fr\/wp-json\/wp\/v2\/product"}],"about":[{"href":"https:\/\/www.gabrielle-laroche.com\/fr\/wp-json\/wp\/v2\/types\/product"}],"wp:featuredmedia":[{"embeddable":true,"href":"https:\/\/www.gabrielle-laroche.com\/fr\/wp-json\/wp\/v2\/media\/10926"}],"wp:attachment":[{"href":"https:\/\/www.gabrielle-laroche.com\/fr\/wp-json\/wp\/v2\/media?parent=947"}],"wp:term":[{"taxonomy":"product_brand","embeddable":true,"href":"https:\/\/www.gabrielle-laroche.com\/fr\/wp-json\/wp\/v2\/product_brand?post=947"},{"taxonomy":"product_cat","embeddable":true,"href":"https:\/\/www.gabrielle-laroche.com\/fr\/wp-json\/wp\/v2\/product_cat?post=947"},{"taxonomy":"product_tag","embeddable":true,"href":"https:\/\/www.gabrielle-laroche.com\/fr\/wp-json\/wp\/v2\/product_tag?post=947"}],"curies":[{"name":"wp","href":"https:\/\/api.w.org\/{rel}","templated":true}]}}

CHAISE À DOS D’ÉPOQUE RENAISSANCE

<div class="wpb-content-wrapper"><p>[vc_row][vc_column width= »1/2&Prime;][vc_column_text]</p>
<p style="text-align: justify;">Chaise à dos en noyer à piétement dorique bagué Henri II. Les deux pieds antérieurs sont réunis par un bandeau ajouré d’ovales séparés par deux disques sculptés de rosaces.</p>
<p>&nbsp;</p>
<p>&nbsp;</p>
<p style="text-align: justify;"><strong>Bibliographie</strong><br />
BOCCADOR Jacqueline, <em>Le Mobilier Français du Moyen-Âge à la Renaissance</em>, 1996, Éditions d’art Monelle Hayot, Saint-Rémy-en-l’Eau.</p>
<p>[/vc_column_text][/vc_column][vc_column width= »1/2&Prime;][/vc_column][/vc_row]</p>
</div>

<h4>CHAISE À DOS D’ÉPOQUE RENAISSANCE</h4>
<p>&nbsp;</p>
<p>ORIGINE : FRANCE<br />
ÉPOQUE : XVIe SIÈCLE</p>
<p>&nbsp;</p>
<p>Hauteur : 103 cm<br />
Largeur : 51 cm<br />
Profondeur : 39 cm</p>
<p>&nbsp;</p>
<p>Bois de noyer<br />
Garniture de cuir, appliquée de lignes de clous à tête ronde</p>
<p>&nbsp;</p>
<p>Ancienne collection Jacqueline Boccador</p>
<p>&nbsp;</p>
<p>&nbsp;</p>
[dt_button size="small" style="default" animation="none" color_mode="default" icon="" icon_align="left" color="" link="mailto:gabrielle-laroche@wanadoo.fr?subject=64_CHAISE À DOS D’ÉPOQUE RENAISSANCE" target_blank="true"]DEMANDE D&rsquo;INFORMATIONS[/dt_button]
<p>&nbsp;</p>
<p><a href="/fr/antiquites/mobilier/sieges/">Retour aux sièges</a></p>
