

{"id":9626,"date":"2023-08-29T11:13:40","date_gmt":"2023-08-29T09:13:40","guid":{"rendered":"https:\/\/www.gabrielle-laroche.com\/?post_type=product&#038;p=9626"},"modified":"2025-12-22T19:33:19","modified_gmt":"2025-12-22T18:33:19","slug":"suite-de-six-chaises-depoque-louis-xiv-en-bois-de-noyer-garnie-de-tapisserie-des-flandres","status":"publish","type":"product","link":"https:\/\/www.gabrielle-laroche.com\/fr\/product\/suite-de-six-chaises-depoque-louis-xiv-en-bois-de-noyer-garnie-de-tapisserie-des-flandres\/","title":{"rendered":"SUITE DE SIX CHAISES D\u2019\u00c9POQUE LOUIS XIII EN BOIS DE NOYER GARNIE DE TAPISSERIE DES FLANDRES"},"content":{"rendered":"<div class=\"wpb-content-wrapper\"><p>[vc_row][vc_column width=\u00a0\u00bb1\/2&Prime;][vc_column_text]<\/p>\n<p style=\"text-align: justify;\">Ces chaises garnies d\u2019une tapisserie du XVIIe si\u00e8cle pr\u00e9sentent un pi\u00e8tement de grande qualit\u00e9.<span class=\"Apple-converted-space\">\u00a0<\/span><\/p>\n<p style=\"text-align: justify;\">Les pieds ant\u00e9rieurs sont tourn\u00e9s en balustre. Ils sont r\u00e9unis par une traverse compos\u00e9e de disques et de balustres dispos\u00e9s sym\u00e9triquement. Une entretoise en H en reprend le motif. Ils reposent sur des pieds aplatis.<\/p>\n<p>[\/vc_column_text][\/vc_column][vc_column width=\u00a0\u00bb1\/2&Prime;][\/vc_column][\/vc_row]<\/p>\n<\/div>","protected":false},"excerpt":{"rendered":"<h4>SUITE DE SIX CHAISES D\u2019\u00c9POQUE LOUIS XIII EN BOIS DE NOYER GARNIE DE TAPISSERIE DES FLANDRES<\/h4>\n<p>&nbsp;<\/p>\n<p>ORIGINE : FRANCE<\/p>\n<p>\u00c9POQUE : XVIIe SI\u00c8CLE<\/p>\n<p>&nbsp;<\/p>\n<p>Hauteur : 110 cm<\/p>\n<p>Largeur : 45 cm<\/p>\n<p>Profondeur : 45 cm<\/p>\n<p>&nbsp;<\/p>\n<p>&nbsp;<\/p>\n[dt_button size=\"small\" style=\"default\" animation=\"none\" color_mode=\"default\" icon=\"\" icon_align=\"left\" color=\"\" link=\"mailto:gabrielle-laroche@wanadoo.fr?subject=185_SUITE_DE_SIX_CHAISES_D\u2019\u00c9POQUE_LOUIS_XIII\" target_blank=\"true\"]DEMANDE D&rsquo;INFORMATIONS[\/dt_button]\n<p>&nbsp;<\/p>\n<p><a href=\"\/fr\/antiquites\/mobilier\/sieges\/\">Retour aux si\u00e8ges<\/a><\/p>\n","protected":false},"featured_media":9627,"template":"","meta":[],"product_brand":[],"product_cat":[17],"product_tag":[],"class_list":{"0":"post-9626","1":"product","2":"type-product","3":"status-publish","4":"has-post-thumbnail","6":"product_cat-uncategorized","7":"description-off","9":"first","10":"instock","11":"shipping-taxable","12":"product-type-simple"},"aioseo_notices":[],"_links":{"self":[{"href":"https:\/\/www.gabrielle-laroche.com\/fr\/wp-json\/wp\/v2\/product\/9626","targetHints":{"allow":["GET"]}}],"collection":[{"href":"https:\/\/www.gabrielle-laroche.com\/fr\/wp-json\/wp\/v2\/product"}],"about":[{"href":"https:\/\/www.gabrielle-laroche.com\/fr\/wp-json\/wp\/v2\/types\/product"}],"wp:featuredmedia":[{"embeddable":true,"href":"https:\/\/www.gabrielle-laroche.com\/fr\/wp-json\/wp\/v2\/media\/9627"}],"wp:attachment":[{"href":"https:\/\/www.gabrielle-laroche.com\/fr\/wp-json\/wp\/v2\/media?parent=9626"}],"wp:term":[{"taxonomy":"product_brand","embeddable":true,"href":"https:\/\/www.gabrielle-laroche.com\/fr\/wp-json\/wp\/v2\/product_brand?post=9626"},{"taxonomy":"product_cat","embeddable":true,"href":"https:\/\/www.gabrielle-laroche.com\/fr\/wp-json\/wp\/v2\/product_cat?post=9626"},{"taxonomy":"product_tag","embeddable":true,"href":"https:\/\/www.gabrielle-laroche.com\/fr\/wp-json\/wp\/v2\/product_tag?post=9626"}],"curies":[{"name":"wp","href":"https:\/\/api.w.org\/{rel}","templated":true}]}}

SUITE DE SIX CHAISES D’ÉPOQUE LOUIS XIII EN BOIS DE NOYER GARNIE DE TAPISSERIE DES FLANDRES

<div class="wpb-content-wrapper"><p>[vc_row][vc_column width= »1/2&Prime;][vc_column_text]</p>
<p style="text-align: justify;">Ces chaises garnies d’une tapisserie du XVIIe siècle présentent un piètement de grande qualité.<span class="Apple-converted-space"> </span></p>
<p style="text-align: justify;">Les pieds antérieurs sont tournés en balustre. Ils sont réunis par une traverse composée de disques et de balustres disposés symétriquement. Une entretoise en H en reprend le motif. Ils reposent sur des pieds aplatis.</p>
<p>[/vc_column_text][/vc_column][vc_column width= »1/2&Prime;][/vc_column][/vc_row]</p>
</div>

<h4>SUITE DE SIX CHAISES D’ÉPOQUE LOUIS XIII EN BOIS DE NOYER GARNIE DE TAPISSERIE DES FLANDRES</h4>
<p>&nbsp;</p>
<p>ORIGINE : FRANCE</p>
<p>ÉPOQUE : XVIIe SIÈCLE</p>
<p>&nbsp;</p>
<p>Hauteur : 110 cm</p>
<p>Largeur : 45 cm</p>
<p>Profondeur : 45 cm</p>
<p>&nbsp;</p>
<p>&nbsp;</p>
[dt_button size="small" style="default" animation="none" color_mode="default" icon="" icon_align="left" color="" link="mailto:gabrielle-laroche@wanadoo.fr?subject=185_SUITE_DE_SIX_CHAISES_D’ÉPOQUE_LOUIS_XIII" target_blank="true"]DEMANDE D&rsquo;INFORMATIONS[/dt_button]
<p>&nbsp;</p>
<p><a href="/fr/antiquites/mobilier/sieges/">Retour aux sièges</a></p>
