

{"id":9659,"date":"2021-04-01T09:00:12","date_gmt":"2021-04-01T07:00:12","guid":{"rendered":"https:\/\/www.gabrielle-laroche.com\/?post_type=product&#038;p=9659"},"modified":"2023-08-29T16:26:44","modified_gmt":"2023-08-29T14:26:44","slug":"beau-fauteuil-dapparat-espagnol-de-la-renaissance","status":"publish","type":"product","link":"https:\/\/www.gabrielle-laroche.com\/fr\/product\/beau-fauteuil-dapparat-espagnol-de-la-renaissance\/","title":{"rendered":"BEAU FAUTEUIL D\u2019APPARAT ESPAGNOL DE LA RENAISSANCE"},"content":{"rendered":"<div class=\"wpb-content-wrapper\"><p>[vc_row][vc_column width=\u00a0\u00bb1\/2&Prime;][vc_column_text]<\/p>\n<p style=\"text-align: justify;\">La structure de ce si\u00e8ge est typiquement inspir\u00e9e du XVIe si\u00e8cle ib\u00e9rique.<\/p>\n<p style=\"text-align: justify;\">Les accotoirs \u00e0 crosse reposent sur les quatre solides montants de section carr\u00e9e. Les deux pieds ant\u00e9rieurs sont reli\u00e9s par une traverse haute, d\u00e9coup\u00e9e, moulur\u00e9e et ajour\u00e9e.<\/p>\n<p style=\"text-align: justify;\">Il est \u00e0 noter que ce fauteuil poss\u00e8de une exceptionnelle garniture datant du XVI\u00e8me si\u00e8cle. La garniture de velours vert et de broderies serties de fil d\u2019argent sur un velours de soie rouge s\u2019offrant au centre du dossier, est un merveilleux exemple de l\u2019excellence ib\u00e9rique dans cet art pr\u00e9cieux. Elle est appliqu\u00e9e sur l\u2019ossature du fauteuil par un cloutage traditionnel tr\u00e8s d\u00e9coratif.<\/p>\n<p>[\/vc_column_text][\/vc_column][vc_column width=\u00a0\u00bb1\/2&Prime;][\/vc_column][\/vc_row]<\/p>\n<\/div>","protected":false},"excerpt":{"rendered":"<h4>BEAU FAUTEUIL D\u2019APPARAT ESPAGNOL DE LA RENAISSANCE<\/h4>\n<p>&nbsp;<\/p>\n<p>ORIGINE : ESPAGNE<\/p>\n<p>\u00c9POQUE\u00a0: XVIe SI\u00c8CLE<\/p>\n<p>&nbsp;<\/p>\n<p>Hauteur\u00a0: 101, 5\u00a0 cm<\/p>\n<p>Largeur\u00a0:\u00a0 61,5 cm<\/p>\n<p>Profondeur\u00a0:\u00a0 54 cm<\/p>\n<p>&nbsp;<\/p>\n<p>&nbsp;<\/p>\n<p>Bois de noyer<\/p>\n<p>Velours vert, pompons et garniture de fil d\u2019argent sur velours de soie rouge.<\/p>\n<p>&nbsp;<\/p>\n<p>&nbsp;<\/p>\n[dt_button size=\"small\" style=\"default\" animation=\"none\" color_mode=\"default\" icon=\"\" icon_align=\"left\" color=\"\" link=\"mailto:gabrielle-laroche@wanadoo.fr?subject=281_BEAU_FAUTEUIL_D\u2019APPARAT_ESPAGNOL_DE_LA_RENAISSANCE\" target_blank=\"true\"]DEMANDE D&rsquo;INFORMATIONS[\/dt_button]\n<p>&nbsp;<\/p>\n<p><a href=\"\/fr\/antiquites\/mobilier\/sieges\/\">Retour aux si\u00e8ges<\/a><\/p>\n","protected":false},"featured_media":9660,"template":"","meta":[],"product_brand":[],"product_cat":[19],"product_tag":[],"class_list":{"0":"post-9659","1":"product","2":"type-product","3":"status-publish","4":"has-post-thumbnail","6":"product_cat-sieges","7":"description-off","9":"first","10":"instock","11":"shipping-taxable","12":"product-type-simple"},"aioseo_notices":[],"_links":{"self":[{"href":"https:\/\/www.gabrielle-laroche.com\/fr\/wp-json\/wp\/v2\/product\/9659","targetHints":{"allow":["GET"]}}],"collection":[{"href":"https:\/\/www.gabrielle-laroche.com\/fr\/wp-json\/wp\/v2\/product"}],"about":[{"href":"https:\/\/www.gabrielle-laroche.com\/fr\/wp-json\/wp\/v2\/types\/product"}],"wp:featuredmedia":[{"embeddable":true,"href":"https:\/\/www.gabrielle-laroche.com\/fr\/wp-json\/wp\/v2\/media\/9660"}],"wp:attachment":[{"href":"https:\/\/www.gabrielle-laroche.com\/fr\/wp-json\/wp\/v2\/media?parent=9659"}],"wp:term":[{"taxonomy":"product_brand","embeddable":true,"href":"https:\/\/www.gabrielle-laroche.com\/fr\/wp-json\/wp\/v2\/product_brand?post=9659"},{"taxonomy":"product_cat","embeddable":true,"href":"https:\/\/www.gabrielle-laroche.com\/fr\/wp-json\/wp\/v2\/product_cat?post=9659"},{"taxonomy":"product_tag","embeddable":true,"href":"https:\/\/www.gabrielle-laroche.com\/fr\/wp-json\/wp\/v2\/product_tag?post=9659"}],"curies":[{"name":"wp","href":"https:\/\/api.w.org\/{rel}","templated":true}]}}

<div class="wpb-content-wrapper"><p>[vc_row][vc_column width= »1/2&Prime;][vc_column_text]</p>
<p style="text-align: justify;">La structure de ce siège est typiquement inspirée du XVIe siècle ibérique.</p>
<p style="text-align: justify;">Les accotoirs à crosse reposent sur les quatre solides montants de section carrée. Les deux pieds antérieurs sont reliés par une traverse haute, découpée, moulurée et ajourée.</p>
<p style="text-align: justify;">Il est à noter que ce fauteuil possède une exceptionnelle garniture datant du XVIème siècle. La garniture de velours vert et de broderies serties de fil d’argent sur un velours de soie rouge s’offrant au centre du dossier, est un merveilleux exemple de l’excellence ibérique dans cet art précieux. Elle est appliquée sur l’ossature du fauteuil par un cloutage traditionnel très décoratif.</p>
<p>[/vc_column_text][/vc_column][vc_column width= »1/2&Prime;][/vc_column][/vc_row]</p>
</div>

<h4>BEAU FAUTEUIL D’APPARAT ESPAGNOL DE LA RENAISSANCE</h4>
<p>&nbsp;</p>
<p>ORIGINE : ESPAGNE</p>
<p>ÉPOQUE : XVIe SIÈCLE</p>
<p>&nbsp;</p>
<p>Hauteur : 101, 5  cm</p>
<p>Largeur :  61,5 cm</p>
<p>Profondeur :  54 cm</p>
<p>&nbsp;</p>
<p>&nbsp;</p>
<p>Bois de noyer</p>
<p>Velours vert, pompons et garniture de fil d’argent sur velours de soie rouge.</p>
<p>&nbsp;</p>
<p>&nbsp;</p>
[dt_button size="small" style="default" animation="none" color_mode="default" icon="" icon_align="left" color="" link="mailto:gabrielle-laroche@wanadoo.fr?subject=281_BEAU_FAUTEUIL_D’APPARAT_ESPAGNOL_DE_LA_RENAISSANCE" target_blank="true"]DEMANDE D&rsquo;INFORMATIONS[/dt_button]
<p>&nbsp;</p>
<p><a href="/fr/antiquites/mobilier/sieges/">Retour aux sièges</a></p>
