

{"id":968,"date":"2021-12-08T16:30:02","date_gmt":"2021-12-08T15:30:02","guid":{"rendered":"http:\/\/mrplwpw.cluster030.hosting.ovh.net\/?post_type=product&#038;p=968"},"modified":"2024-07-29T16:15:29","modified_gmt":"2024-07-29T14:15:29","slug":"table-dapparat-depoque-renaissance-de-lecole-dhugues-sambin","status":"publish","type":"product","link":"https:\/\/www.gabrielle-laroche.com\/fr\/product\/table-dapparat-depoque-renaissance-de-lecole-dhugues-sambin\/","title":{"rendered":"IMPORTANTE TABLE D\u2019APPARAT D\u2019\u00c9POQUE RENAISSANCE DE L\u2019\u00c9COLE D\u2019HUGUES SAMBIN"},"content":{"rendered":"<div class=\"wpb-content-wrapper\"><p>[vc_row][vc_column width=\u00a0\u00bb1\/2&Prime;][vc_column_text]<\/p>\n<p style=\"text-align: justify;\">La table fran\u00e7aise se m\u00e9tamorphose pendant la Renaissance. Inspir\u00e9e de l\u2019Italie dans sa forme et ses d\u00e9cors, elle na\u00eet dans le creuset de l\u2019Ecole de Fontainebleau, o\u00f9 se form\u00e8rent des architectes et ornemanistes, tels que Jacques Androuet du Cerceau et Hugues Sambin. <em>A la fois table d\u2019apparat et morceau de sculpture, elle marque un des sommets de l\u2019art du meuble en France<\/em> (J. Thirion).<\/p>\n<p class=\"p1\" style=\"text-align: justify;\"><span class=\"s1\">Cette table conserve le plateau volant et les supports mobiles des mod\u00e8les d\u00e9montables du Moyen-\u00c2ge et acquiert la fonction d\u00e9corative du mobilier de la Renaissance, dont le type le plus inventif et le plus riche est la table \u00ab\u2009en \u00e9ventail\u2009\u00bb probablement originaire d\u2019Italie.<\/span><\/p>\n<p class=\"p1\" style=\"text-align: justify;\"><span class=\"s1\">Ses tr\u00e9teaux sont mont\u00e9s sur des supports croisant deux patins, tous en forme de volutes sculpt\u00e9es ou incis\u00e9es de motifs de penne.<\/span><\/p>\n<p class=\"p1\" style=\"text-align: justify;\"><span class=\"s1\">Les branches de la croix ainsi dessin\u00e9es ne sont pas \u00e9gales. La volute tourn\u00e9e vers le centre de la table, plus longue, annonce les traverses \u00e0 arcatures des tables fixes.<\/span><\/p>\n<p class=\"p1\" style=\"text-align: justify;\"><span class=\"s1\">L\u2019\u00e9ventail a la forme d\u2019une puissante volute de feuillage adoss\u00e9e \u00e0 la crini\u00e8re en boucles \u00e9tag\u00e9es d\u2019une t\u00eate de lion, tr\u00e8s expressive, et se terminant en bas par une patte de lion.<\/span><\/p>\n<p class=\"p1\" style=\"text-align: justify;\"><span class=\"s1\">Le pilastre central accueille un terme \u00e0 gaine orn\u00e9e d\u2019un motif feuillag\u00e9, \u00e0 visage f\u00e9minin laur\u00e9 sur un pied, masculin sur l\u2019autre. En haut-relief, sculpt\u00e9 avec infiniment de minutie, il apporte une note d\u2019extr\u00eame raffinement.<\/span><\/p>\n<p class=\"p1\" style=\"text-align: justify;\"><span class=\"s1\">Fait extr\u00eamement rare, les motifs se r\u00e9p\u00e8tent, en plus faible relief, mais avec la m\u00eame qualit\u00e9, sur la face interne de l\u2019\u00e9ventail.\u00a0<\/span><\/p>\n<p class=\"p1\" style=\"text-align: justify;\"><span class=\"s1\">Cette table d\u2019apparat peut se d\u00e9placer et s\u2019installer au gr\u00e9 des besoins, elle permet d\u2019exposer sur des tapis ou des \u00e9toffes pr\u00e9cieuses les pi\u00e8ces d\u2019orf\u00e8vrerie qui symbolisent la richesse et le prestige de leur propri\u00e9taire.<\/span><\/p>\n<p class=\"p1\" style=\"text-align: justify;\"><span class=\"s1\">Ant\u00e9rieur \u00e0 la table fixe en \u00e9ventail, ce mod\u00e8le parfaitement conserv\u00e9 n\u2019a pas d\u2019ant\u00e9c\u00e9dent connu.<\/span><\/p>\n<p class=\"p1\" style=\"text-align: justify;\"><span class=\"s1\">\u00a0<\/span><\/p>\n<p class=\"p1\" style=\"text-align: justify;\"><span class=\"s1\"><b>La richesse de l\u2019ornementation et la qualit\u00e9 de la sculpture sugg\u00e8rent une origine dans les ateliers d\u2019Hugues Sambin \u00e0 Dijon dans la deuxi\u00e8me moiti\u00e9 du XVI\u00e8me si\u00e8cle.<\/b><\/span><\/p>\n<p class=\"p1\" style=\"text-align: justify;\"><span class=\"s1\"><b>Hugues Sambin<\/b> n\u00e9 \u00e0 Gray d\u2019un p\u00e8re menuisier, apr\u00e8s avoir pass\u00e9 cinq mois sur le chantier de Fontainebleau o\u00f9 il est r\u00e9pertori\u00e9 en 1515, revint dans cette ville pour y \u00e9pouser la fille de Jean Baudrillet, menuisier, qui le prit bien vite dans son atelier.<\/span><\/p>\n<p class=\"p1\" style=\"text-align: justify;\"><span class=\"s1\">Il fut recrut\u00e9 pour travailler aux structures \u00e9ph\u00e9m\u00e8res pour l\u2019entr\u00e9e du duc d\u2019Aumale dans cette ville en 1551 puis pour celle de Charles IX en 1564. Il sera aussi graveur et on lui doit de nombreuses repr\u00e9sentations.<\/span><\/p>\n<p class=\"p1\" style=\"text-align: justify;\"><span class=\"s1\">Apr\u00e8s la mort de son beau-p\u00e8re en 1565, il se tourne plut\u00f4t vers la conception de meuble ou de d\u00e9corations \u00e9ph\u00e9m\u00e8res. On poss\u00e8de de lui de nombreux dessins. Il publie alors \u00e0 Lyon, en 1572, chez Jean Durant son livre <b>\u00ab<em>\u2009L\u2019\u0152uvre de la Diversit\u00e9 des termes dont on use\u2026<\/em><\/b><em>\u2009<\/em>\u00bb puis r\u00e9alise pour le palais du Parlement de Dijon, aujourd\u2019hui palais de Justice, les deux seules \u0153uvres bien document\u00e9es, permettant de lui \u00eatre attribu\u00e9es avec certitude\u00a0: \u00ab\u2009<em>La porte du Scrin\u2009\u00bb<\/em> et \u00ab<em>\u2009La Cl\u00f4ture de la chapelle du Saint-Esprit\u2009<\/em>\u00bb dat\u00e9es de 1583.<\/span><\/p>\n<p class=\"p1\" style=\"text-align: justify;\"><span class=\"s1\">Tout en g\u00e9rant son atelier de menuiserie tr\u00e8s actif, il voyage, mais dispara\u00eet deux ans plus tard atteint de la peste.<\/span><\/p>\n<p>[\/vc_column_text][\/vc_column][vc_column width=\u00a0\u00bb1\/2&Prime;][\/vc_column][\/vc_row]<\/p>\n<\/div>","protected":false},"excerpt":{"rendered":"<h4>IMPORTANTE TABLE D\u2019APPARAT D\u2019\u00c9POQUE RENAISSANCE DE L\u2019\u00c9COLE D\u2019HUGUES SAMBIN \u00c0 PI\u00c9TEMENT EN EVENTAIL<\/h4>\n<p>&nbsp;<\/p>\n<p>ORIGINE : FRANCE, DIJON<br \/>\n\u00c9POQUE : SECONDE RENAISSANCE, VERS 1560-1580<\/p>\n<p>&nbsp;<\/p>\n<p>Hauteur : 94 cm<br \/>\nLongueur: 202 cm<br \/>\nLargeur : 99 cm<\/p>\n<p>&nbsp;<\/p>\n<p>Bois de noyer couleur miel<br \/>\nExcellent \u00e9tat de conservation<\/p>\n<p>&nbsp;<\/p>\n<p>&nbsp;<\/p>\n[dt_button size=\"small\" style=\"default\" animation=\"none\" color_mode=\"default\" icon=\"\" icon_align=\"left\" color=\"\" link=\"mailto:gabrielle-laroche@wanadoo.fr?subject=1bis_IMPORTANTE TABLE D\u2019APPARAT D\u2019\u00c9POQUE RENAISSANCE DE L\u2019\u00c9COLE D\u2019HUGUES SAMBIN\" target_blank=\"true\"]DEMANDE D&rsquo;INFORMATIONS[\/dt_button]\n<p>&nbsp;<\/p>\n<p><a href=\"\/fr\/antiquites\/mobilier\/tables\/\">Retour aux tables<\/a><\/p>\n","protected":false},"featured_media":970,"template":"","meta":[],"product_brand":[],"product_cat":[17],"product_tag":[],"class_list":{"0":"post-968","1":"product","2":"type-product","3":"status-publish","4":"has-post-thumbnail","6":"product_cat-uncategorized","7":"description-off","9":"first","10":"instock","11":"shipping-taxable","12":"product-type-simple"},"aioseo_notices":[],"_links":{"self":[{"href":"https:\/\/www.gabrielle-laroche.com\/fr\/wp-json\/wp\/v2\/product\/968","targetHints":{"allow":["GET"]}}],"collection":[{"href":"https:\/\/www.gabrielle-laroche.com\/fr\/wp-json\/wp\/v2\/product"}],"about":[{"href":"https:\/\/www.gabrielle-laroche.com\/fr\/wp-json\/wp\/v2\/types\/product"}],"wp:featuredmedia":[{"embeddable":true,"href":"https:\/\/www.gabrielle-laroche.com\/fr\/wp-json\/wp\/v2\/media\/970"}],"wp:attachment":[{"href":"https:\/\/www.gabrielle-laroche.com\/fr\/wp-json\/wp\/v2\/media?parent=968"}],"wp:term":[{"taxonomy":"product_brand","embeddable":true,"href":"https:\/\/www.gabrielle-laroche.com\/fr\/wp-json\/wp\/v2\/product_brand?post=968"},{"taxonomy":"product_cat","embeddable":true,"href":"https:\/\/www.gabrielle-laroche.com\/fr\/wp-json\/wp\/v2\/product_cat?post=968"},{"taxonomy":"product_tag","embeddable":true,"href":"https:\/\/www.gabrielle-laroche.com\/fr\/wp-json\/wp\/v2\/product_tag?post=968"}],"curies":[{"name":"wp","href":"https:\/\/api.w.org\/{rel}","templated":true}]}}

IMPORTANTE TABLE D’APPARAT D’ÉPOQUE RENAISSANCE DE L’ÉCOLE D’HUGUES SAMBIN

<div class="wpb-content-wrapper"><p>[vc_row][vc_column width= »1/2&Prime;][vc_column_text]</p>
<p style="text-align: justify;">La table française se métamorphose pendant la Renaissance. Inspirée de l’Italie dans sa forme et ses décors, elle naît dans le creuset de l’Ecole de Fontainebleau, où se formèrent des architectes et ornemanistes, tels que Jacques Androuet du Cerceau et Hugues Sambin. <em>A la fois table d’apparat et morceau de sculpture, elle marque un des sommets de l’art du meuble en France</em> (J. Thirion).</p>
<p class="p1" style="text-align: justify;"><span class="s1">Cette table conserve le plateau volant et les supports mobiles des modèles démontables du Moyen-Âge et acquiert la fonction décorative du mobilier de la Renaissance, dont le type le plus inventif et le plus riche est la table « en éventail » probablement originaire d’Italie.</span></p>
<p class="p1" style="text-align: justify;"><span class="s1">Ses tréteaux sont montés sur des supports croisant deux patins, tous en forme de volutes sculptées ou incisées de motifs de penne.</span></p>
<p class="p1" style="text-align: justify;"><span class="s1">Les branches de la croix ainsi dessinées ne sont pas égales. La volute tournée vers le centre de la table, plus longue, annonce les traverses à arcatures des tables fixes.</span></p>
<p class="p1" style="text-align: justify;"><span class="s1">L’éventail a la forme d’une puissante volute de feuillage adossée à la crinière en boucles étagées d’une tête de lion, très expressive, et se terminant en bas par une patte de lion.</span></p>
<p class="p1" style="text-align: justify;"><span class="s1">Le pilastre central accueille un terme à gaine ornée d’un motif feuillagé, à visage féminin lauré sur un pied, masculin sur l’autre. En haut-relief, sculpté avec infiniment de minutie, il apporte une note d’extrême raffinement.</span></p>
<p class="p1" style="text-align: justify;"><span class="s1">Fait extrêmement rare, les motifs se répètent, en plus faible relief, mais avec la même qualité, sur la face interne de l’éventail. </span></p>
<p class="p1" style="text-align: justify;"><span class="s1">Cette table d’apparat peut se déplacer et s’installer au gré des besoins, elle permet d’exposer sur des tapis ou des étoffes précieuses les pièces d’orfèvrerie qui symbolisent la richesse et le prestige de leur propriétaire.</span></p>
<p class="p1" style="text-align: justify;"><span class="s1">Antérieur à la table fixe en éventail, ce modèle parfaitement conservé n’a pas d’antécédent connu.</span></p>
<p class="p1" style="text-align: justify;"><span class="s1"> </span></p>
<p class="p1" style="text-align: justify;"><span class="s1"><b>La richesse de l’ornementation et la qualité de la sculpture suggèrent une origine dans les ateliers d’Hugues Sambin à Dijon dans la deuxième moitié du XVIème siècle.</b></span></p>
<p class="p1" style="text-align: justify;"><span class="s1"><b>Hugues Sambin</b> né à Gray d’un père menuisier, après avoir passé cinq mois sur le chantier de Fontainebleau où il est répertorié en 1515, revint dans cette ville pour y épouser la fille de Jean Baudrillet, menuisier, qui le prit bien vite dans son atelier.</span></p>
<p class="p1" style="text-align: justify;"><span class="s1">Il fut recruté pour travailler aux structures éphémères pour l’entrée du duc d’Aumale dans cette ville en 1551 puis pour celle de Charles IX en 1564. Il sera aussi graveur et on lui doit de nombreuses représentations.</span></p>
<p class="p1" style="text-align: justify;"><span class="s1">Après la mort de son beau-père en 1565, il se tourne plutôt vers la conception de meuble ou de décorations éphémères. On possède de lui de nombreux dessins. Il publie alors à Lyon, en 1572, chez Jean Durant son livre <b>«<em> L’Œuvre de la Diversité des termes dont on use…</em></b><em> </em>» puis réalise pour le palais du Parlement de Dijon, aujourd’hui palais de Justice, les deux seules œuvres bien documentées, permettant de lui être attribuées avec certitude : « <em>La porte du Scrin »</em> et «<em> La Clôture de la chapelle du Saint-Esprit </em>» datées de 1583.</span></p>
<p class="p1" style="text-align: justify;"><span class="s1">Tout en gérant son atelier de menuiserie très actif, il voyage, mais disparaît deux ans plus tard atteint de la peste.</span></p>
<p>[/vc_column_text][/vc_column][vc_column width= »1/2&Prime;][/vc_column][/vc_row]</p>
</div>

<h4>IMPORTANTE TABLE D’APPARAT D’ÉPOQUE RENAISSANCE DE L’ÉCOLE D’HUGUES SAMBIN À PIÉTEMENT EN EVENTAIL</h4>
<p>&nbsp;</p>
<p>ORIGINE : FRANCE, DIJON<br />
ÉPOQUE : SECONDE RENAISSANCE, VERS 1560-1580</p>
<p>&nbsp;</p>
<p>Hauteur : 94 cm<br />
Longueur: 202 cm<br />
Largeur : 99 cm</p>
<p>&nbsp;</p>
<p>Bois de noyer couleur miel<br />
Excellent état de conservation</p>
<p>&nbsp;</p>
<p>&nbsp;</p>
[dt_button size="small" style="default" animation="none" color_mode="default" icon="" icon_align="left" color="" link="mailto:gabrielle-laroche@wanadoo.fr?subject=1bis_IMPORTANTE TABLE D’APPARAT D’ÉPOQUE RENAISSANCE DE L’ÉCOLE D’HUGUES SAMBIN" target_blank="true"]DEMANDE D&rsquo;INFORMATIONS[/dt_button]
<p>&nbsp;</p>
<p><a href="/fr/antiquites/mobilier/tables/">Retour aux tables</a></p>
