

{"id":9911,"date":"2024-01-04T11:15:54","date_gmt":"2024-01-04T10:15:54","guid":{"rendered":"https:\/\/www.gabrielle-laroche.com\/?post_type=product&#038;p=9911"},"modified":"2024-02-08T13:54:46","modified_gmt":"2024-02-08T12:54:46","slug":"rare-cabinet-representant-les-quatre-elements","status":"publish","type":"product","link":"https:\/\/www.gabrielle-laroche.com\/fr\/product\/rare-cabinet-representant-les-quatre-elements\/","title":{"rendered":"RARE CABINET REPR\u00c9SENTANT LES QUATRE \u00c9L\u00c9MENTS"},"content":{"rendered":"<div class=\"wpb-content-wrapper\"><p>[vc_row][vc_column width=\u00a0\u00bb1\/2&Prime;][vc_column_text]<\/p>\n<p style=\"text-align: justify;\">Ce meuble de belle proportion est form\u00e9 de deux corps en retrait, de quatre tiroirs en partie m\u00e9diane, et d\u2019un vaste tiroir en base. Les moulures en partie en quart de rond et l\u2019applique en guillochure \u00e0 la base de la frise, annoncent d\u00e9j\u00e0 la p\u00e9riode de transition des alentours de 1600.<span class=\"Apple-converted-space\">\u00a0<\/span><\/p>\n<p style=\"text-align: justify;\">La structure toujours rigoureuse demeure tr\u00e8s harmonieuse et l\u2019int\u00e9r\u00eat iconographique est ici important. En effet, chacun des vantaux est sculpt\u00e9 en bas-relief et r\u00e9alis\u00e9 par un ciseau tr\u00e8s habile, des Quatre El\u00e9ments directement inspir\u00e9s des estampes du N\u00e9erlandais Hendrik Goltzius, dat\u00e9es de 1586 et grav\u00e9es par un de ses \u00e9l\u00e8ves. En effet, seuls les d\u00e9tails des arri\u00e8res-plans sont modifi\u00e9s.<\/p>\n<p style=\"text-align: justify;\">En partie sup\u00e9rieure \u2013 la Terre tenant sa corne d\u2019abondant fait face \u00e0 l\u2019Air reposant sur des nuages et dont le dextre et senestre pr\u00e9sentent des volatiles.<span class=\"Apple-converted-space\">\u00a0<\/span><\/p>\n<p style=\"text-align: justify;\">En partie basse, la Source s\u2019accoudant sur l\u2019urne, d\u00e9versant son eau, respecte l\u2019attitude de l\u2019all\u00e9gorie de Goltzius. Le petit arbre en arri\u00e8re-plan \u00e0 gauche, surplombant un rocher, est ici conserv\u00e9. En vis-\u00e0vis, le Feu pr\u00e9sente, dans un geste identique \u00e0 la gravure les symboliques \u00e9clairs et grenades en flammes.<\/p>\n<p style=\"text-align: justify;\">Les vantaux de ce meuble superposent de gauche \u00e0 droite la Terre et l\u2019Eau, l\u2019Air et le Feu. \u00a0La morphologie puissante des personnages et le mani\u00e9risme des attitudes demeurent d\u2019une fid\u00e9lit\u00e9 parfaite aux estampes du N\u00e9erlandias.<\/p>\n<p style=\"text-align: justify;\">Il est \u00e0 signaler cependant que le symbolisme chr\u00e9tien figurant sur les \u00c9l\u00e9ments de Goltzius \u2013 Bapt\u00eame du Christ pour l\u2019Eau, Descente du Saint-Esprit pour l\u2019Air, Cr\u00e9ation d\u2019Adam pour la Terre, et sacrifice d\u2019\u00c9lie pour le Feu \u2013 n\u2019a pas \u00e9t\u00e9 reproduit par le sculpteur qui s\u2019est content\u00e9 des personnages de premier plan et de quelques d\u00e9tails de paysages.<\/p>\n<p>&nbsp;<\/p>\n<p>Litt\u00e9rature :<\/p>\n<p style=\"text-align: justify;\">Texte de Jacqueline Boccador, <em>Le Mobilier Fran\u00e7ais du Moyen Age \u00e0 la Renaissance<\/em>, Editions d\u2019Art Monelle Hayot, 1988, p. 262-263<\/p>\n<p style=\"text-align: justify;\">Le meuble est reproduit p. 262, ill. 198.<\/p>\n<p>&nbsp;<\/p>\n<p>&nbsp;<\/p>\n<p>&nbsp;<\/p>\n<p style=\"font-weight: 400;\"><em>The British Museum, d\u2019apr\u00e8s Hendrik Goltzius, 1586<\/em><\/p>\n<p>[\/vc_column_text][\/vc_column][vc_column width=\u00a0\u00bb1\/2&Prime;][\/vc_column][\/vc_row][vc_row][vc_column width=\u00a0\u00bb1\/2&Prime;][vc_column_text]<\/p>\n<p>&nbsp;<\/p>\n<p>[\/vc_column_text][\/vc_column][vc_column width=\u00a0\u00bb1\/2&Prime;][vc_column_text]<\/p>\n<p>&nbsp;<\/p>\n<p>[\/vc_column_text][\/vc_column][\/vc_row][vc_row][vc_column width=\u00a0\u00bb1\/2&Prime;][vc_single_image image=\u00a0\u00bb9920&Prime; img_size=\u00a0\u00bbmedium\u00a0\u00bb][\/vc_column][vc_column width=\u00a0\u00bb1\/2&Prime;][vc_single_image image=\u00a0\u00bb9914&Prime; img_size=\u00a0\u00bbmedium\u00a0\u00bb][\/vc_column][\/vc_row][vc_row][vc_column][vc_column_text]<\/p>\n<p>&nbsp;<\/p>\n<p>[\/vc_column_text][\/vc_column][\/vc_row][vc_row][vc_column width=\u00a0\u00bb1\/2&Prime;][vc_single_image image=\u00a0\u00bb9918&Prime; img_size=\u00a0\u00bbmedium\u00a0\u00bb][\/vc_column][vc_column width=\u00a0\u00bb1\/2&Prime;][vc_single_image image=\u00a0\u00bb9916&Prime; img_size=\u00a0\u00bbmedium\u00a0\u00bb][\/vc_column][\/vc_row]<\/p>\n<\/div>","protected":false},"excerpt":{"rendered":"<h4>RARE CABINET REPR\u00c9SENTANT LES QUATRE \u00c9L\u00c9MENTS<\/h4>\n<p>&nbsp;<\/p>\n<p>ORIGINE : FRANCE<\/p>\n<p>\u00c9POQUE : VERS 1600<\/p>\n<p>&nbsp;<\/p>\n<p>Hauteur : 178 cm<\/p>\n<p>Largeur : 112 cm<\/p>\n<p>Profondeur : 50 cm<\/p>\n<p>&nbsp;<\/p>\n<p>Ancienne Collection Perpitch<\/p>\n<p>Ancienne Jacqueline Boccador<\/p>\n<p>&nbsp;<\/p>\n<p>Ce Cabinet apparait dans son ouvrage :<\/p>\n<p>J.Boccador,<em> Le Mobilier Fran\u00e7ais du Moyen Age \u00e0 la Renaissance<\/em>,<\/p>\n<p>Editions d\u2019Art Monelle Hayot, 1988, p. 262-263<\/p>\n<p>&nbsp;<\/p>\n<p>&nbsp;<\/p>\n<p>&nbsp;<\/p>\n[dt_button size=\"small\" style=\"default\" animation=\"none\" color_mode=\"default\" icon=\"\" icon_align=\"left\" color=\"\" link=\"mailto:gabrielle-laroche@wanadoo.fr?subject=181_IMPORTANT_CABINET_AUX_4_ELEMENTS\" target_blank=\"true\"]DEMANDE D&rsquo;INFORMATIONS[\/dt_button]\n<p>&nbsp;<\/p>\n<p><a href=\"\/fr\/antiquites\/mobilier\/meubles\/\">Retour aux meubles<\/a><\/p>\n","protected":false},"featured_media":9912,"template":"","meta":[],"product_brand":[],"product_cat":[18],"product_tag":[],"class_list":{"0":"post-9911","1":"product","2":"type-product","3":"status-publish","4":"has-post-thumbnail","6":"product_cat-meubles","7":"description-off","9":"first","10":"instock","11":"shipping-taxable","12":"product-type-simple"},"aioseo_notices":[],"_links":{"self":[{"href":"https:\/\/www.gabrielle-laroche.com\/fr\/wp-json\/wp\/v2\/product\/9911","targetHints":{"allow":["GET"]}}],"collection":[{"href":"https:\/\/www.gabrielle-laroche.com\/fr\/wp-json\/wp\/v2\/product"}],"about":[{"href":"https:\/\/www.gabrielle-laroche.com\/fr\/wp-json\/wp\/v2\/types\/product"}],"wp:featuredmedia":[{"embeddable":true,"href":"https:\/\/www.gabrielle-laroche.com\/fr\/wp-json\/wp\/v2\/media\/9912"}],"wp:attachment":[{"href":"https:\/\/www.gabrielle-laroche.com\/fr\/wp-json\/wp\/v2\/media?parent=9911"}],"wp:term":[{"taxonomy":"product_brand","embeddable":true,"href":"https:\/\/www.gabrielle-laroche.com\/fr\/wp-json\/wp\/v2\/product_brand?post=9911"},{"taxonomy":"product_cat","embeddable":true,"href":"https:\/\/www.gabrielle-laroche.com\/fr\/wp-json\/wp\/v2\/product_cat?post=9911"},{"taxonomy":"product_tag","embeddable":true,"href":"https:\/\/www.gabrielle-laroche.com\/fr\/wp-json\/wp\/v2\/product_tag?post=9911"}],"curies":[{"name":"wp","href":"https:\/\/api.w.org\/{rel}","templated":true}]}}

RARE CABINET REPRÉSENTANT LES QUATRE ÉLÉMENTS

<div class="wpb-content-wrapper"><p>[vc_row][vc_column width= »1/2&Prime;][vc_column_text]</p>
<p style="text-align: justify;">Ce meuble de belle proportion est formé de deux corps en retrait, de quatre tiroirs en partie médiane, et d’un vaste tiroir en base. Les moulures en partie en quart de rond et l’applique en guillochure à la base de la frise, annoncent déjà la période de transition des alentours de 1600.<span class="Apple-converted-space"> </span></p>
<p style="text-align: justify;">La structure toujours rigoureuse demeure très harmonieuse et l’intérêt iconographique est ici important. En effet, chacun des vantaux est sculpté en bas-relief et réalisé par un ciseau très habile, des Quatre Eléments directement inspirés des estampes du Néerlandais Hendrik Goltzius, datées de 1586 et gravées par un de ses élèves. En effet, seuls les détails des arrières-plans sont modifiés.</p>
<p style="text-align: justify;">En partie supérieure – la Terre tenant sa corne d’abondant fait face à l’Air reposant sur des nuages et dont le dextre et senestre présentent des volatiles.<span class="Apple-converted-space"> </span></p>
<p style="text-align: justify;">En partie basse, la Source s’accoudant sur l’urne, déversant son eau, respecte l’attitude de l’allégorie de Goltzius. Le petit arbre en arrière-plan à gauche, surplombant un rocher, est ici conservé. En vis-àvis, le Feu présente, dans un geste identique à la gravure les symboliques éclairs et grenades en flammes.</p>
<p style="text-align: justify;">Les vantaux de ce meuble superposent de gauche à droite la Terre et l’Eau, l’Air et le Feu.  La morphologie puissante des personnages et le maniérisme des attitudes demeurent d’une fidélité parfaite aux estampes du Néerlandias.</p>
<p style="text-align: justify;">Il est à signaler cependant que le symbolisme chrétien figurant sur les Éléments de Goltzius – Baptême du Christ pour l’Eau, Descente du Saint-Esprit pour l’Air, Création d’Adam pour la Terre, et sacrifice d’Élie pour le Feu – n’a pas été reproduit par le sculpteur qui s’est contenté des personnages de premier plan et de quelques détails de paysages.</p>
<p>&nbsp;</p>
<p>Littérature :</p>
<p style="text-align: justify;">Texte de Jacqueline Boccador, <em>Le Mobilier Français du Moyen Age à la Renaissance</em>, Editions d’Art Monelle Hayot, 1988, p. 262-263</p>
<p style="text-align: justify;">Le meuble est reproduit p. 262, ill. 198.</p>
<p>&nbsp;</p>
<p>&nbsp;</p>
<p>&nbsp;</p>
<p style="font-weight: 400;"><em>The British Museum, d’après Hendrik Goltzius, 1586</em></p>
<p>[/vc_column_text][/vc_column][vc_column width= »1/2&Prime;][/vc_column][/vc_row][vc_row][vc_column width= »1/2&Prime;][vc_column_text]</p>
<p>&nbsp;</p>
<p>[/vc_column_text][/vc_column][vc_column width= »1/2&Prime;][vc_column_text]</p>
<p>&nbsp;</p>
<p>[/vc_column_text][/vc_column][/vc_row][vc_row][vc_column width= »1/2&Prime;][vc_single_image image= »9920&Prime; img_size= »medium »][/vc_column][vc_column width= »1/2&Prime;][vc_single_image image= »9914&Prime; img_size= »medium »][/vc_column][/vc_row][vc_row][vc_column][vc_column_text]</p>
<p>&nbsp;</p>
<p>[/vc_column_text][/vc_column][/vc_row][vc_row][vc_column width= »1/2&Prime;][vc_single_image image= »9918&Prime; img_size= »medium »][/vc_column][vc_column width= »1/2&Prime;][vc_single_image image= »9916&Prime; img_size= »medium »][/vc_column][/vc_row]</p>
</div>

<h4>RARE CABINET REPRÉSENTANT LES QUATRE ÉLÉMENTS</h4>
<p>&nbsp;</p>
<p>ORIGINE : FRANCE</p>
<p>ÉPOQUE : VERS 1600</p>
<p>&nbsp;</p>
<p>Hauteur : 178 cm</p>
<p>Largeur : 112 cm</p>
<p>Profondeur : 50 cm</p>
<p>&nbsp;</p>
<p>Ancienne Collection Perpitch</p>
<p>Ancienne Jacqueline Boccador</p>
<p>&nbsp;</p>
<p>Ce Cabinet apparait dans son ouvrage :</p>
<p>J.Boccador,<em> Le Mobilier Français du Moyen Age à la Renaissance</em>,</p>
<p>Editions d’Art Monelle Hayot, 1988, p. 262-263</p>
<p>&nbsp;</p>
<p>&nbsp;</p>
<p>&nbsp;</p>
[dt_button size="small" style="default" animation="none" color_mode="default" icon="" icon_align="left" color="" link="mailto:gabrielle-laroche@wanadoo.fr?subject=181_IMPORTANT_CABINET_AUX_4_ELEMENTS" target_blank="true"]DEMANDE D&rsquo;INFORMATIONS[/dt_button]
<p>&nbsp;</p>
<p><a href="/fr/antiquites/mobilier/meubles/">Retour aux meubles</a></p>
